{"id":4605,"date":"2020-01-22T12:40:14","date_gmt":"2020-01-22T12:40:14","guid":{"rendered":"https:\/\/csl.org\/global\/listar-un-evento-internacional\/"},"modified":"2021-04-15T16:39:46","modified_gmt":"2021-04-15T16:39:46","slug":"listar-un-evento-internacional","status":"publish","type":"page","link":"https:\/\/csl.org\/global\/comunidad\/eventos-globales\/listar-un-evento-internacional\/","title":{"rendered":"Listar un evento internacional"},"content":{"rendered":"<p><div class=\"fusion-fullwidth fullwidth-box fusion-builder-row-1 gradient-container-1 nonhundred-percent-fullwidth non-hundred-percent-height-scrolling\" style=\"--awb-border-radius-top-left:0px;--awb-border-radius-top-right:0px;--awb-border-radius-bottom-right:0px;--awb-border-radius-bottom-left:0px;--awb-background-color:#ffffff;--awb-flex-wrap:wrap;\" ><div class=\"fusion-builder-row fusion-row\"><div class=\"fusion-layout-column fusion_builder_column fusion-builder-column-0 fusion_builder_column_4_5 4_5 fusion-four-fifth fusion-column-first fusion-animated\" style=\"--awb-padding-top:50px;--awb-padding-right:3%;--awb-padding-bottom:50px;--awb-padding-left:3%;--awb-bg-color:#ffffff;--awb-bg-color-hover:#ffffff;--awb-bg-size:cover;width:80%;width:calc(80% - ( ( 4% ) * 0.8 ) );margin-right: 4%;\" data-animationType=\"zoomIn\" data-animationDuration=\"0.3\" data-animationOffset=\"top-into-view\"><div class=\"fusion-column-wrapper fusion-column-has-shadow fusion-flex-column-wrapper-legacy\"><div class=\"fusion-text fusion-text-1\"><div class=\"frm_forms  with_frm_style frm_style_formidable-style\" id=\"frm_form_8_container\" >\n<form enctype=\"multipart\/form-data\" method=\"post\" class=\"frm-show-form \" id=\"form_listinganinternationaleventconferencerequestform2\"  >\n<div class=\"frm_form_fields \">\n<fieldset>\n<legend class=\"frm_screen_reader\">Spanish - Listing an International Event \/ Conference Request Form<\/legend>\r\n\r\n<div class=\"frm_fields_container\">\n<input type=\"hidden\" name=\"frm_action\" value=\"create\" \/>\n<input type=\"hidden\" name=\"form_id\" value=\"8\" \/>\n<input type=\"hidden\" name=\"frm_hide_fields_8\" id=\"frm_hide_fields_8\" value=\"\" \/>\n<input type=\"hidden\" name=\"form_key\" value=\"listinganinternationaleventconferencerequestform2\" \/>\n<input type=\"hidden\" name=\"item_meta[0]\" value=\"\" \/>\n<input type=\"hidden\" id=\"frm_submit_entry_8\" name=\"frm_submit_entry_8\" value=\"b5694cedf0\" \/><input type=\"hidden\" name=\"_wp_http_referer\" value=\"\/global\/wp-json\/wp\/v2\/pages\/4605\" \/><div id=\"frm_field_71_container\" class=\"frm_form_field  frm_html_container form-field\">\n<h1 class=\"entry-title\" data-fontsize=\"48\" data-lineheight=\"64\">Listar un evento internacional \/ Formulario de solicitude<\/h1>\n<\/div>\n<div id=\"frm_field_72_container\" class=\"frm_form_field form-field  frm_required_field frm_top_container\">\r\n    <label for=\"field_k4f143\" id=\"field_k4f143_label\" class=\"frm_primary_label\">Nombre de la organizaci\u00f3n:\r\n        <span class=\"frm_required\">*<\/span>\r\n    <\/label>\r\n    <input type=\"text\" id=\"field_k4f143\" name=\"item_meta[72]\" value=\"\"  data-reqmsg=\"Este campo no puede estar en blanco.\" aria-required=\"true\" data-invmsg=\"Text is invalid\" aria-invalid=\"false\"  \/>\r\n    \r\n    \r\n<\/div>\n<div id=\"frm_field_73_container\" class=\"frm_form_field form-field  frm_required_field frm_top_container\">\r\n    <label for=\"field_otnti3\" id=\"field_otnti3_label\" class=\"frm_primary_label\">Persona de contacto:\r\n        <span class=\"frm_required\">*<\/span>\r\n    <\/label>\r\n    <input type=\"text\" id=\"field_otnti3\" name=\"item_meta[73]\" value=\"\"  data-reqmsg=\"Este campo no puede estar en blanco.\" aria-required=\"true\" data-invmsg=\"Text is invalid\" aria-invalid=\"false\"  \/>\r\n    \r\n    \r\n<\/div>\n<div id=\"frm_field_74_container\" class=\"frm_form_field form-field  frm_required_field frm_top_container\">\r\n    <label for=\"field_dk47e3\" id=\"field_dk47e3_label\" class=\"frm_primary_label\">Direcci\u00f3n de correo electr\u00f3nico:\r\n        <span class=\"frm_required\">*<\/span>\r\n    <\/label>\r\n    <input type=\"text\" id=\"field_dk47e3\" name=\"item_meta[74]\" value=\"\"  data-reqmsg=\"Este campo no puede estar en blanco.\" aria-required=\"true\" data-invmsg=\"Text is invalid\" aria-invalid=\"false\"  \/>\r\n    \r\n    \r\n<\/div>\n<div id=\"frm_field_75_container\" class=\"frm_form_field form-field  frm_required_field frm_top_container\">\r\n    <label for=\"field_2g5gp3\" id=\"field_2g5gp3_label\" class=\"frm_primary_label\">N\u00famero de tel\u00e9fono de contacto:\r\n        <span class=\"frm_required\">*<\/span>\r\n    <\/label>\r\n    <input type=\"text\" id=\"field_2g5gp3\" name=\"item_meta[75]\" value=\"\"  data-reqmsg=\"Este campo no puede estar en blanco.\" aria-required=\"true\" data-invmsg=\"Text is invalid\" aria-invalid=\"false\"   aria-describedby=\"frm_desc_field_2g5gp3\"\/>\r\n    <div class=\"frm_description\" id=\"frm_desc_field_2g5gp3\">( por favor, incluya el c\u00f3digo y el n\u00famero del pa\u00eds)<\/div>\r\n    \r\n<\/div>\n<div id=\"frm_field_76_container\" class=\"frm_form_field form-field  frm_required_field frm_top_container\">\r\n    <label for=\"field_h1pb3\" id=\"field_h1pb3_label\" class=\"frm_primary_label\">Nombre de la Conferencia:\r\n        <span class=\"frm_required\">*<\/span>\r\n    <\/label>\r\n    <input type=\"text\" id=\"field_h1pb3\" name=\"item_meta[76]\" value=\"\"  data-reqmsg=\"Este campo no puede estar en blanco.\" aria-required=\"true\" data-invmsg=\"Text is invalid\" aria-invalid=\"false\"  \/>\r\n    \r\n    \r\n<\/div>\n<div id=\"frm_field_77_container\" class=\"frm_form_field form-field  frm_required_field frm_top_container\">\r\n    <label for=\"field_4k3hs3\" id=\"field_4k3hs3_label\" class=\"frm_primary_label\">Ubicaci\u00f3n del evento:\r\n        <span class=\"frm_required\">*<\/span>\r\n    <\/label>\r\n    <input type=\"text\" id=\"field_4k3hs3\" name=\"item_meta[77]\" value=\"\"  data-reqmsg=\"Este campo no puede estar en blanco.\" aria-required=\"true\" data-invmsg=\"Text is invalid\" aria-invalid=\"false\"   aria-describedby=\"frm_desc_field_4k3hs3\"\/>\r\n    <div class=\"frm_description\" id=\"frm_desc_field_4k3hs3\">(Ciudad \/ Provincia-Condado\/Estado\/Pa\u00eds)<\/div>\r\n    \r\n<\/div>\n<div id=\"frm_field_78_container\" class=\"frm_form_field form-field  frm_required_field frm_top_container\">\r\n    <label for=\"field_er06m2\" id=\"field_er06m2_label\" class=\"frm_primary_label\">Fecha de la conferencia - De:\r\n        <span class=\"frm_required\">*<\/span>\r\n    <\/label>\r\n    <input type=\"text\" id=\"field_er06m2\" name=\"item_meta[78]\" value=\"\"  data-reqmsg=\"Este campo no puede estar en blanco.\" aria-required=\"true\" data-invmsg=\"Text is invalid\" aria-invalid=\"false\"   aria-describedby=\"frm_desc_field_er06m2\"\/>\r\n    <div class=\"frm_description\" id=\"frm_desc_field_er06m2\">(Mes \/ D\u00eda \/ A\u00f1o)<\/div>\r\n    \r\n<\/div>\n<div id=\"frm_field_79_container\" class=\"frm_form_field form-field  frm_required_field frm_top_container\">\r\n    <label for=\"field_9e40o2\" id=\"field_9e40o2_label\" class=\"frm_primary_label\">Fecha de la conferencia - A:\r\n        <span class=\"frm_required\">*<\/span>\r\n    <\/label>\r\n    <input type=\"text\" id=\"field_9e40o2\" name=\"item_meta[79]\" value=\"\"  data-reqmsg=\"Fecha de la conferencia - A: cannot be blank.\" aria-required=\"true\" data-invmsg=\"Text is invalid\" aria-invalid=\"false\"   aria-describedby=\"frm_desc_field_9e40o2\"\/>\r\n    <div class=\"frm_description\" id=\"frm_desc_field_9e40o2\">(Mes \/ D\u00eda \/ A\u00f1o)<\/div>\r\n    \r\n<\/div>\n<div id=\"frm_field_80_container\" class=\"frm_form_field form-field  frm_required_field frm_top_container\">\r\n    <label for=\"field_e122t3\" id=\"field_e122t3_label\" class=\"frm_primary_label\">Costo por persona:\r\n        <span class=\"frm_required\">*<\/span>\r\n    <\/label>\r\n    <input type=\"text\" id=\"field_e122t3\" name=\"item_meta[80]\" value=\"\"  data-reqmsg=\"Este campo no puede estar en blanco.\" aria-required=\"true\" data-invmsg=\"Text is invalid\" aria-invalid=\"false\"   aria-describedby=\"frm_desc_field_e122t3\"\/>\r\n    <div class=\"frm_description\" id=\"frm_desc_field_e122t3\">(por favor indique en USD o en moneda nacional)<\/div>\r\n    \r\n<\/div>\n<div id=\"frm_field_81_container\" class=\"frm_form_field form-field  frm_required_field frm_top_container\">\r\n    <label for=\"field_l1a4s2\" id=\"field_l1a4s2_label\" class=\"frm_primary_label\">Direcci\u00f3n del sitio web del evento:\r\n        <span class=\"frm_required\">*<\/span>\r\n    <\/label>\r\n    <input type=\"text\" id=\"field_l1a4s2\" name=\"item_meta[81]\" value=\"\"  data-reqmsg=\"Este campo no puede estar en blanco.\" aria-required=\"true\" data-invmsg=\"Text is invalid\" aria-invalid=\"false\"  \/>\r\n    \r\n    \r\n<\/div>\n<div id=\"frm_field_82_container\" class=\"frm_form_field form-field  frm_required_field frm_top_container\">\r\n    <label for=\"field_x9dpa2\" id=\"field_x9dpa2_label\" class=\"frm_primary_label\">Patrocinador(es) adicional(es) de la Conferencia\/Evento (si lo hay):\r\n        <span class=\"frm_required\">*<\/span>\r\n    <\/label>\r\n    <textarea name=\"item_meta[82]\" id=\"field_x9dpa2\" rows=\"5\"  data-reqmsg=\"Este campo no puede estar en blanco.\" aria-required=\"true\" data-invmsg=\"Patrocinador(es) adicional(es) de la Conferencia\/Evento (si lo hay): is invalid\" aria-invalid=\"false\"  ><\/textarea>\r\n    \r\n    \r\n<\/div>\n<div id=\"frm_field_83_container\" class=\"frm_form_field form-field  frm_required_field frm_top_container\">\r\n    <label for=\"field_2kaat3\" id=\"field_2kaat3_label\" class=\"frm_primary_label\">Informaci\u00f3n adicional:\r\n        <span class=\"frm_required\">*<\/span>\r\n    <\/label>\r\n    <textarea name=\"item_meta[83]\" id=\"field_2kaat3\" rows=\"5\"  data-reqmsg=\"Este campo no puede estar en blanco.\" aria-required=\"true\" data-invmsg=\"Informaci\u00f3n adicional: is invalid\" aria-invalid=\"false\"   aria-describedby=\"frm_desc_field_2kaat3\"><\/textarea>\r\n    <div class=\"frm_description\" id=\"frm_desc_field_2kaat3\">(Informaci\u00f3n adicional que no se encuentra en la p\u00e1gina web y que le gustar\u00eda que Global Services tomara en consideraci\u00f3n: (por ejemplo. Eventos\/tours pre o post conferencia? \u00bfAlojamiento especial? D\u00e9 detalles espec\u00edficos)<\/div>\r\n    \r\n<\/div>\n<div id=\"frm_field_84_container\" class=\"frm_form_field  frm_html_container form-field\">\n<ul>\n<li>Todas las solicitudes se revisaron en dos semanas.<\/li>\n<li>Por favor, deje tiempo suficiente para que su evento sea<br \/>\nconsiderado.<\/li>\n<li>Si hay un folleto, arte o un logo asociado con el evento, por favor<br \/>\nenv\u00edelo a: Coordinadora de Eventos, Servicios Globales en <a href=\"&#x6d;&#97;&#105;l&#x74;&#x6f;&#58;m&#x71;&#x75;&#105;nt&#x61;&#110;&#97;&#64;&#x63;&#x73;&#108;&#46;&#x6f;&#x72;&#103;\">&#x6d;&#x71;&#117;&#105;n&#x74;&#x61;&#x6e;&#97;&#64;c&#x73;&#x6c;&#46;&#111;r&#x67;<\/a><br \/>\n- Asunto a incluir: \"Folleto \/ Obra de arte para el evento\" y nombre del<br \/>\nevento.<\/li>\n<\/ul>\n<\/div>\n<div id=\"frm_field_85_container\" class=\"frm_form_field  frm_html_container form-field\">Thank you - Gracias - Merci - Danke - Obrigado - Asante - \u3042\u308a\u304c\u3068\u3046 - \u0441\u043f\u0430\u0441\u0438\u0431\u043e - salamat - \u0634\u0643\u0631\u0627 <\/div>\n<div id=\"frm_field_86_container\" class=\"frm_form_field form-field  frm_required_field frm_top_container vertical_radio\">\r\n    <div  id=\"field_3p4je3_label\" class=\"frm_primary_label\">Consentimiento:\r\n        <span class=\"frm_required\">*<\/span>\r\n    <\/div>\r\n    <div class=\"frm_opt_container\" aria-labelledby=\"field_3p4je3_label\" role=\"group\">\t\t<div class=\"frm_checkbox\" id=\"frm_checkbox_86-0\"><label for=\"field_3p4je3-0\"><input type=\"checkbox\" name=\"item_meta[86][]\" id=\"field_3p4je3-0\" value=\"Doy mi consentimiento para que este sitio web recoja mis datos a trav\u00e9s de este formulario.\"  data-reqmsg=\"Consentimiento: cannot be blank.\" data-invmsg=\"Consentimiento: is invalid\" aria-invalid=\"false\"   aria-required=\"true\"  \/> Doy mi consentimiento para que este sitio web recoja mis datos a trav\u00e9s de este formulario.<\/label><\/div>\n<\/div>\r\n    \r\n    \r\n<\/div>\n<div id=\"frm_field_87_container\" class=\"frm_form_field form-field  frm_none_container\">\r\n    <div  id=\"field_hqm1z3_label\" class=\"frm_primary_label\">reCAPTCHA\r\n        <span class=\"frm_required\"><\/span>\r\n    <\/div>\r\n    <div  id=\"field_hqm1z3\" class=\"frm-g-recaptcha\" data-sitekey=\"6Ld7SqUUAAAAAPVc-bIXdQu9EaLeuDn4cTscLSG1\" data-size=\"normal\" data-theme=\"light\"><\/div>\r\n    \r\n    \r\n<\/div>\n<div id=\"frm_field_89_container\" class=\"frm_form_field  frm_html_container form-field\">Haga clic en el bot\u00f3n \"Submit\" abajo para enviar el mensaje.<\/div>\n\t<input type=\"hidden\" name=\"item_key\" value=\"\" \/>\n\t<div class=\"frm_submit\">\r\n\r\n<button class=\"frm_button_submit\" type=\"submit\"  >Submit<\/button>\r\n\r\n<\/div><\/div>\n<\/fieldset>\n<\/div>\n<\/form>\n<\/div>\n\n<\/div><div class=\"fusion-clearfix\"><\/div><\/div><\/div><\/div><\/div><div class=\"fusion-bg-parallax\" data-bg-align=\"center center\" data-direction=\"left\" data-mute=\"false\" data-opacity=\"100\" data-velocity=\"-0.7\" data-mobile-enabled=\"true\" data-break_parents=\"0\" data-bg-image=\"http:\/\/csl.org\/wp-content\/uploads\/sites\/8\/2019\/05\/celebration-.jpg\" data-bg-repeat=\"false\" ><\/div><div class=\"fusion-fullwidth fullwidth-box fusion-builder-row-2 fusion-parallax-left gradient-container-2 nonhundred-percent-fullwidth non-hundred-percent-height-scrolling\" style=\"--awb-border-radius-top-left:0px;--awb-border-radius-top-right:0px;--awb-border-radius-bottom-right:0px;--awb-border-radius-bottom-left:0px;--awb-background-image:url(&quot;http:\/\/csl.org\/wp-content\/uploads\/sites\/8\/2019\/05\/celebration-.jpg&quot;);--awb-background-size:cover;--awb-flex-wrap:wrap;\" ><div class=\"fusion-builder-row fusion-row\"><div class=\"fusion-layout-column fusion_builder_column fusion-builder-column-1 fusion_builder_column_1_1 1_1 fusion-one-full fusion-column-first fusion-column-last\" style=\"--awb-padding-top:250px;--awb-padding-right:200px;--awb-padding-bottom:250px;--awb-padding-left:200px;--awb-bg-size:cover;\"><div class=\"fusion-column-wrapper fusion-column-has-shadow fusion-flex-column-wrapper-legacy\"><div class=\"fusion-clearfix\"><\/div><\/div><\/div><\/div><\/div><\/p>\n","protected":false},"excerpt":{"rendered":"","protected":false},"author":1,"featured_media":0,"parent":4745,"menu_order":212,"comment_status":"closed","ping_status":"closed","template":"100-width.php","meta":{"_exactmetrics_skip_tracking":false,"_exactmetrics_sitenote_active":false,"_exactmetrics_sitenote_note":"","_exactmetrics_sitenote_category":0,"footnotes":""},"categories":[62],"tags":[],"class_list":["post-4605","page","type-page","status-publish","hentry","category-comunidad"],"yoast_head":"<!-- This site is optimized with the Yoast SEO plugin v23.1 - https:\/\/yoast.com\/wordpress\/plugins\/seo\/ -->\n<title>Listar un evento internacional - Global Services - Centers for Spiritual Living<\/title>\n<meta name=\"robots\" content=\"index, follow, max-snippet:-1, max-image-preview:large, max-video-preview:-1\" \/>\n<link rel=\"canonical\" href=\"https:\/\/csl.org\/global\/es\/comunidad\/eventos-globales\/listar-un-evento-internacional\/\" \/>\n<meta property=\"og:locale\" content=\"en_US\" \/>\n<meta property=\"og:type\" content=\"article\" \/>\n<meta property=\"og:title\" content=\"Listar un evento internacional - Global Services - Centers for Spiritual Living\" \/>\n<meta property=\"og:url\" content=\"https:\/\/csl.org\/global\/es\/comunidad\/eventos-globales\/listar-un-evento-internacional\/\" \/>\n<meta property=\"og:site_name\" content=\"Global Services - Centers for Spiritual Living\" \/>\n<meta property=\"article:modified_time\" content=\"2021-04-15T16:39:46+00:00\" \/>\n<meta name=\"twitter:card\" content=\"summary_large_image\" \/>\n<meta name=\"twitter:label1\" content=\"Est. reading time\" \/>\n\t<meta name=\"twitter:data1\" content=\"2 minutes\" \/>\n<script type=\"application\/ld+json\" class=\"yoast-schema-graph\">{\"@context\":\"https:\/\/schema.org\",\"@graph\":[{\"@type\":\"WebPage\",\"@id\":\"https:\/\/csl.org\/global\/es\/comunidad\/eventos-globales\/listar-un-evento-internacional\/\",\"url\":\"https:\/\/csl.org\/global\/es\/comunidad\/eventos-globales\/listar-un-evento-internacional\/\",\"name\":\"Listar un evento internacional - Global Services - Centers for Spiritual Living\",\"isPartOf\":{\"@id\":\"https:\/\/csl.org\/global\/de\/#website\"},\"datePublished\":\"2020-01-22T12:40:14+00:00\",\"dateModified\":\"2021-04-15T16:39:46+00:00\",\"breadcrumb\":{\"@id\":\"https:\/\/csl.org\/global\/es\/comunidad\/eventos-globales\/listar-un-evento-internacional\/#breadcrumb\"},\"inLanguage\":\"en-US\",\"potentialAction\":[{\"@type\":\"ReadAction\",\"target\":[\"https:\/\/csl.org\/global\/es\/comunidad\/eventos-globales\/listar-un-evento-internacional\/\"]}]},{\"@type\":\"BreadcrumbList\",\"@id\":\"https:\/\/csl.org\/global\/es\/comunidad\/eventos-globales\/listar-un-evento-internacional\/#breadcrumb\",\"itemListElement\":[{\"@type\":\"ListItem\",\"position\":1,\"name\":\"COMUNIDAD\",\"item\":\"https:\/\/csl.org\/global\/es\/comunidad\/\"},{\"@type\":\"ListItem\",\"position\":2,\"name\":\"Eventos Globales\",\"item\":\"https:\/\/csl.org\/global\/es\/comunidad\/eventos-globales\/\"},{\"@type\":\"ListItem\",\"position\":3,\"name\":\"Listar un evento internacional\"}]},{\"@type\":\"WebSite\",\"@id\":\"https:\/\/csl.org\/global\/de\/#website\",\"url\":\"https:\/\/csl.org\/global\/de\/\",\"name\":\"Global Services - Centers for Spiritual Living\",\"description\":\"\",\"potentialAction\":[{\"@type\":\"SearchAction\",\"target\":{\"@type\":\"EntryPoint\",\"urlTemplate\":\"https:\/\/csl.org\/global\/de\/?s={search_term_string}\"},\"query-input\":\"required name=search_term_string\"}],\"inLanguage\":\"en-US\"}]}<\/script>\n<!-- \/ Yoast SEO plugin. -->","yoast_head_json":{"title":"Listar un evento internacional - Global Services - Centers for Spiritual Living","robots":{"index":"index","follow":"follow","max-snippet":"max-snippet:-1","max-image-preview":"max-image-preview:large","max-video-preview":"max-video-preview:-1"},"canonical":"https:\/\/csl.org\/global\/es\/comunidad\/eventos-globales\/listar-un-evento-internacional\/","og_locale":"en_US","og_type":"article","og_title":"Listar un evento internacional - Global Services - Centers for Spiritual Living","og_url":"https:\/\/csl.org\/global\/es\/comunidad\/eventos-globales\/listar-un-evento-internacional\/","og_site_name":"Global Services - Centers for Spiritual Living","article_modified_time":"2021-04-15T16:39:46+00:00","twitter_card":"summary_large_image","twitter_misc":{"Est. reading time":"2 minutes"},"schema":{"@context":"https:\/\/schema.org","@graph":[{"@type":"WebPage","@id":"https:\/\/csl.org\/global\/es\/comunidad\/eventos-globales\/listar-un-evento-internacional\/","url":"https:\/\/csl.org\/global\/es\/comunidad\/eventos-globales\/listar-un-evento-internacional\/","name":"Listar un evento internacional - Global Services - Centers for Spiritual Living","isPartOf":{"@id":"https:\/\/csl.org\/global\/de\/#website"},"datePublished":"2020-01-22T12:40:14+00:00","dateModified":"2021-04-15T16:39:46+00:00","breadcrumb":{"@id":"https:\/\/csl.org\/global\/es\/comunidad\/eventos-globales\/listar-un-evento-internacional\/#breadcrumb"},"inLanguage":"en-US","potentialAction":[{"@type":"ReadAction","target":["https:\/\/csl.org\/global\/es\/comunidad\/eventos-globales\/listar-un-evento-internacional\/"]}]},{"@type":"BreadcrumbList","@id":"https:\/\/csl.org\/global\/es\/comunidad\/eventos-globales\/listar-un-evento-internacional\/#breadcrumb","itemListElement":[{"@type":"ListItem","position":1,"name":"COMUNIDAD","item":"https:\/\/csl.org\/global\/es\/comunidad\/"},{"@type":"ListItem","position":2,"name":"Eventos Globales","item":"https:\/\/csl.org\/global\/es\/comunidad\/eventos-globales\/"},{"@type":"ListItem","position":3,"name":"Listar un evento internacional"}]},{"@type":"WebSite","@id":"https:\/\/csl.org\/global\/de\/#website","url":"https:\/\/csl.org\/global\/de\/","name":"Global Services - Centers for Spiritual Living","description":"","potentialAction":[{"@type":"SearchAction","target":{"@type":"EntryPoint","urlTemplate":"https:\/\/csl.org\/global\/de\/?s={search_term_string}"},"query-input":"required name=search_term_string"}],"inLanguage":"en-US"}]}},"_links":{"self":[{"href":"https:\/\/csl.org\/global\/wp-json\/wp\/v2\/pages\/4605"}],"collection":[{"href":"https:\/\/csl.org\/global\/wp-json\/wp\/v2\/pages"}],"about":[{"href":"https:\/\/csl.org\/global\/wp-json\/wp\/v2\/types\/page"}],"author":[{"embeddable":true,"href":"https:\/\/csl.org\/global\/wp-json\/wp\/v2\/users\/1"}],"replies":[{"embeddable":true,"href":"https:\/\/csl.org\/global\/wp-json\/wp\/v2\/comments?post=4605"}],"version-history":[{"count":8,"href":"https:\/\/csl.org\/global\/wp-json\/wp\/v2\/pages\/4605\/revisions"}],"predecessor-version":[{"id":9315,"href":"https:\/\/csl.org\/global\/wp-json\/wp\/v2\/pages\/4605\/revisions\/9315"}],"up":[{"embeddable":true,"href":"https:\/\/csl.org\/global\/wp-json\/wp\/v2\/pages\/4745"}],"wp:attachment":[{"href":"https:\/\/csl.org\/global\/wp-json\/wp\/v2\/media?parent=4605"}],"wp:term":[{"taxonomy":"category","embeddable":true,"href":"https:\/\/csl.org\/global\/wp-json\/wp\/v2\/categories?post=4605"},{"taxonomy":"post_tag","embeddable":true,"href":"https:\/\/csl.org\/global\/wp-json\/wp\/v2\/tags?post=4605"}],"curies":[{"name":"wp","href":"https:\/\/api.w.org\/{rel}","templated":true}]}}