{"id":5036,"date":"2020-02-04T13:47:54","date_gmt":"2020-02-04T13:47:54","guid":{"rendered":"https:\/\/csl.org\/global\/politique-sur-les-cookies\/"},"modified":"2020-02-26T15:01:47","modified_gmt":"2020-02-26T15:01:47","slug":"politique-sur-les-cookies","status":"publish","type":"page","link":"https:\/\/csl.org\/global\/politique-sur-les-cookies\/","title":{"rendered":"Politique sur les cookies"},"content":{"rendered":"<div class=\"item-page\">\n<div class=\"page-header\">\n<h1>Politique sur les cookies<\/h1>\n<\/div>\n<h3><strong>Qu&#8217;est-ce qu&#8217;un Cookie?<\/strong><\/h3>\n<p>Les cookies sont de petits fichiers texte, cr\u00e9\u00e9s par le site web visit\u00e9, qui contiennent des donn\u00e9es. Ils sont stock\u00e9s sur l&#8217;ordinateur du visiteur pour permettre \u00e0 l&#8217;utilisateur d&#8217;acc\u00e9der \u00e0 diverses fonctions. Ce site web utilise \u00e0 la fois des cookies de session et des cookies de non-session ( <a href=\"http:\/\/csl.org\/global\">www.multisite.csl.org\/global<\/a> ). Un cookie de session est temporairement stock\u00e9 dans la m\u00e9moire de l&#8217;ordinateur pendant que le visiteur navigue sur le site web. Ce cookie est effac\u00e9 lorsque l&#8217;utilisateur ferme son navigateur web ou apr\u00e8s un certain temps (ce qui signifie que la session expire). Un cookie de non-session reste sur l&#8217;ordinateur du visiteur jusqu&#8217;\u00e0 ce qu&#8217;il soit effac\u00e9.<\/p>\n<h3><strong>Pourquoi utilisons-nous des cookies?<\/strong><\/h3>\n<p>Nous utilisons des cookies pour en savoir plus sur la fa\u00e7on dont les visiteurs interagissent avec notre contenu et nous aider \u00e0 am\u00e9liorer leur exp\u00e9rience lors de la visite de notre site.<\/p>\n<h3><strong>Fonctionnalit\u00e9 du site<\/strong><\/h3>\n<p>Pour certaines fonctions de notre site, nous faisons appel \u00e0 des fournisseurs tiers, par exemple lorsque vous visitez une page contenant des vid\u00e9os int\u00e9gr\u00e9es ou des liens vers YouTube. Ces vid\u00e9os ou liens (et tout autre contenu provenant de fournisseurs tiers) peuvent contenir des cookies de tiers et vous pouvez consulter les politiques de ces sites web tiers pour obtenir des informations sur leur utilisation des cookies.<\/p>\n<h3><strong>Cookies que nous utilisons:<\/strong><\/h3>\n<p>Ce site utilise Google Analytics qui utilise des cookies. Au niveau agr\u00e9g\u00e9, les cookies stockent des informations sur la fa\u00e7on dont les visiteurs utilisent le site, y compris le nombre de pages affich\u00e9es, la provenance du visiteur et le nombre de visites, afin d&#8217;am\u00e9liorer le site et d&#8217;assurer une bonne exp\u00e9rience aux utilisateurs. Si vous n&#8217;acceptez pas les cookies, aucune information n&#8217;est stock\u00e9e.<\/p>\n<p>Afin de permettre aux visiteurs du site web d&#8217;emp\u00eacher l&#8217;utilisation de leurs donn\u00e9es par Google Analytics, Google a d\u00e9velopp\u00e9 le module compl\u00e9mentaire de navigateur de d\u00e9sactivation de Google Analytics pour le JavaScript de Google Analytics (ga.js, analytics.js, dc.js).<\/p>\n<p>Cliquez sur ce lien pour aller \u00e0 la page d&#8217;installation afin de vous d\u00e9sengager du suivi par Google Analytics. <a href=\"https:\/\/tools.google.com\/dlpage\/gaoptout?hl=en\" target=\"_blank\" rel=\"noopener noreferrer\">https:\/\/tools.google.com\/dlpage\/gaoptout?hl=en<\/a><\/p>\n<h3><strong>Comment rejeter les cookies?<\/strong><\/h3>\n<p style=\"text-align: left;\">Nous n&#8217;utiliserons pas de cookies pour collecter des informations personnelles sur un visiteur.<\/p>\n<p style=\"text-align: left;\">Vous pouvez toutefois choisir de rejeter ou de bloquer les cookies d\u00e9finis par <a href=\"http:\/\/csl.org\/global\">www.multisite.csl.org\/global<\/a>, ou les cookies de tiers. en modifiant les param\u00e8tres de votre navigateur &#8211; voir la &#8220;fonction d&#8217;aide&#8221; de votre navigateur pour plus de d\u00e9tails. Veuillez noter que la plupart des navigateurs acceptent automatiquement les cookies. Si vous ne souhaitez pas que les cookies soient utilis\u00e9s, vous devrez peut-\u00eatre les supprimer ou les bloquer activement.<\/p>\n<p>\u00a0Vous trouverez ci-dessous des liens vers des pages qui fournissent des instructions sur la mani\u00e8re de bloquer les cookies dans 6 grands navigateurs diff\u00e9rents :<\/p>\n<p>1 \u2013\u00a0<a href=\"https:\/\/support.google.com\/chrome\/answer\/95647?hl=en\" target=\"_blank\" rel=\"noopener noreferrer\">https:\/\/support.google.com\/chrome\/answer\/95647?hl=en<\/a> (Chrome);<\/p>\n<p>2 \u2013 <a href=\"https:\/\/support.mozilla.org\/en-US\/kb\/enable-and-disable-cookies-website-preferences\" target=\"_blank\" rel=\"noopener noreferrer\">https:\/\/support.mozilla.org\/en-US\/kb\/enable-and-disable-cookies-website-preferences<\/a> (Firefox);<\/p>\n<p>3 \u2013 <a href=\"http:\/\/www.opera.com\/help\/tutorials\/security\/cookies\/\" target=\"_blank\" rel=\"noopener noreferrer\">http:\/\/www.opera.com\/help\/tutorials\/security\/cookies\/<\/a> (Opera);<\/p>\n<p>4 \u2013 <a href=\"https:\/\/support.microsoft.com\/en-gb\/help\/17442\/windows-internet-explorer-delete-manage-cookies\" target=\"_blank\" rel=\"noopener noreferrer\">https:\/\/support.microsoft.com\/en-gb\/help\/17442\/windows-internet-explorer-delete-manage-cookies<\/a> (Internet Explorer);<\/p>\n<p>5 \u2013 <a href=\"https:\/\/support.apple.com\/kb\/PH21411\" target=\"_blank\" rel=\"noopener noreferrer\">https:\/\/support.apple.com\/kb\/PH21411<\/a> (Safari).<\/p>\n<p>6 \u2013 <a href=\"https:\/\/privacy.microsoft.com\/en-us\/windows-10-microsoft-edge-and-privacy\" target=\"_blank\" rel=\"noopener noreferrer\">https:\/\/privacy.microsoft.com\/en-us\/windows-10-microsoft-edge-and-privacy<\/a> (Edge).<\/p>\n<p>Le blocage de tous les cookies peut avoir un impact n\u00e9gatif sur la convivialit\u00e9 de nombreux sites web. Si vous bloquez les cookies, vous risquez de ne pas pouvoir utiliser toutes les fonctionnalit\u00e9s de notre site web.<\/p>\n<p>Pour plus d&#8217;informations sur l&#8217;utilisation des cookies dans les navigateurs des t\u00e9l\u00e9phones portables et pour savoir comment rejeter ou supprimer ces cookies, veuillez vous r\u00e9f\u00e9rer au manuel de votre t\u00e9l\u00e9phone portable.<\/p>\n<p><strong>Contactez-nous<\/strong><\/p>\n<p>Pour toute question ou demande concernant la protection de vos donn\u00e9es, contactez notre responsable de la protection des donn\u00e9es \u00e0 l&#8217;adresse suivante <span id=\"cloak30f5131b827cc9356d9c760eabbeedcd\"><a href=\"&#x6d;&#x61;&#x69;&#x6c;&#x74;&#x6f;&#x3a;&#x49;&#x54;&#x40;&#x43;&#x53;&#x4c;&#x2e;&#x6f;&#x72;&#x67;\">I&#84;&#x40;&#x43;S&#76;&#x2e;&#x6f;r&#103;<\/a><\/span>.<\/p>\n<p>Lisez notre <a title=\"Privacy Policy\" href=\"http:\/\/csl.org\/global\/fr\/politique-de-privacite\/\">politique de Privacit\u00e9<\/a> pour plus d&#8217;informations.<\/p>\n<\/div>\n","protected":false},"excerpt":{"rendered":"<p>Politique sur les cookies Qu&#8217;est-ce qu&#8217;un Cookie? Les cookies sont de petits fichiers texte, cr\u00e9\u00e9s par le site web visit\u00e9, qui contiennent des donn\u00e9es. Ils sont stock\u00e9s sur l&#8217;ordinateur du visiteur pour permettre \u00e0 l&#8217;utilisateur d&#8217;acc\u00e9der \u00e0 diverses fonctions. Ce site web utilise \u00e0 la fois des cookies de session et des cookies de non-session ( www.multisite.csl.org\/global ). Un cookie de session est temporairement stock\u00e9 dans la m\u00e9moire de l&#8217;ordinateur pendant que le visiteur navigue sur le site web. Ce [&hellip;]<\/p>\n","protected":false},"author":1,"featured_media":0,"parent":0,"menu_order":239,"comment_status":"closed","ping_status":"closed","template":"","meta":{"_exactmetrics_skip_tracking":false,"_exactmetrics_sitenote_active":false,"_exactmetrics_sitenote_note":"","_exactmetrics_sitenote_category":0,"footnotes":""},"categories":[],"tags":[],"class_list":["post-5036","page","type-page","status-publish","hentry"],"yoast_head":"<!-- This site is optimized with the Yoast SEO plugin v23.1 - https:\/\/yoast.com\/wordpress\/plugins\/seo\/ -->\n<title>Politique sur les cookies - Global Services - Centers for Spiritual Living<\/title>\n<meta name=\"robots\" content=\"index, follow, max-snippet:-1, max-image-preview:large, max-video-preview:-1\" \/>\n<link rel=\"canonical\" href=\"https:\/\/csl.org\/global\/fr\/politique-sur-les-cookies\/\" \/>\n<meta property=\"og:locale\" content=\"en_US\" \/>\n<meta property=\"og:type\" content=\"article\" \/>\n<meta property=\"og:title\" content=\"Politique sur les cookies - Global Services - Centers for Spiritual Living\" \/>\n<meta property=\"og:description\" content=\"Politique sur les cookies Qu&#8217;est-ce qu&#8217;un Cookie? Les cookies sont de petits fichiers texte, cr\u00e9\u00e9s par le site web visit\u00e9, qui contiennent des donn\u00e9es. Ils sont stock\u00e9s sur l&#8217;ordinateur du visiteur pour permettre \u00e0 l&#8217;utilisateur d&#8217;acc\u00e9der \u00e0 diverses fonctions. Ce site web utilise \u00e0 la fois des cookies de session et des cookies de non-session ( www.multisite.csl.org\/global ). Un cookie de session est temporairement stock\u00e9 dans la m\u00e9moire de l&#8217;ordinateur pendant que le visiteur navigue sur le site web. Ce [&hellip;]\" \/>\n<meta property=\"og:url\" content=\"https:\/\/csl.org\/global\/fr\/politique-sur-les-cookies\/\" \/>\n<meta property=\"og:site_name\" content=\"Global Services - Centers for Spiritual Living\" \/>\n<meta property=\"article:modified_time\" content=\"2020-02-26T15:01:47+00:00\" \/>\n<meta name=\"twitter:card\" content=\"summary_large_image\" \/>\n<meta name=\"twitter:label1\" content=\"Est. reading time\" \/>\n\t<meta name=\"twitter:data1\" content=\"3 minutes\" \/>\n<script type=\"application\/ld+json\" class=\"yoast-schema-graph\">{\"@context\":\"https:\/\/schema.org\",\"@graph\":[{\"@type\":\"WebPage\",\"@id\":\"https:\/\/csl.org\/global\/fr\/politique-sur-les-cookies\/\",\"url\":\"https:\/\/csl.org\/global\/fr\/politique-sur-les-cookies\/\",\"name\":\"Politique sur les cookies - Global Services - Centers for Spiritual Living\",\"isPartOf\":{\"@id\":\"https:\/\/csl.org\/global\/de\/#website\"},\"datePublished\":\"2020-02-04T13:47:54+00:00\",\"dateModified\":\"2020-02-26T15:01:47+00:00\",\"inLanguage\":\"en-US\",\"potentialAction\":[{\"@type\":\"ReadAction\",\"target\":[\"https:\/\/csl.org\/global\/fr\/politique-sur-les-cookies\/\"]}]},{\"@type\":\"WebSite\",\"@id\":\"https:\/\/csl.org\/global\/de\/#website\",\"url\":\"https:\/\/csl.org\/global\/de\/\",\"name\":\"Global Services - Centers for Spiritual Living\",\"description\":\"\",\"potentialAction\":[{\"@type\":\"SearchAction\",\"target\":{\"@type\":\"EntryPoint\",\"urlTemplate\":\"https:\/\/csl.org\/global\/de\/?s={search_term_string}\"},\"query-input\":\"required name=search_term_string\"}],\"inLanguage\":\"en-US\"}]}<\/script>\n<!-- \/ Yoast SEO plugin. -->","yoast_head_json":{"title":"Politique sur les cookies - Global Services - Centers for Spiritual Living","robots":{"index":"index","follow":"follow","max-snippet":"max-snippet:-1","max-image-preview":"max-image-preview:large","max-video-preview":"max-video-preview:-1"},"canonical":"https:\/\/csl.org\/global\/fr\/politique-sur-les-cookies\/","og_locale":"en_US","og_type":"article","og_title":"Politique sur les cookies - Global Services - Centers for Spiritual Living","og_description":"Politique sur les cookies Qu&#8217;est-ce qu&#8217;un Cookie? Les cookies sont de petits fichiers texte, cr\u00e9\u00e9s par le site web visit\u00e9, qui contiennent des donn\u00e9es. Ils sont stock\u00e9s sur l&#8217;ordinateur du visiteur pour permettre \u00e0 l&#8217;utilisateur d&#8217;acc\u00e9der \u00e0 diverses fonctions. Ce site web utilise \u00e0 la fois des cookies de session et des cookies de non-session ( www.multisite.csl.org\/global ). Un cookie de session est temporairement stock\u00e9 dans la m\u00e9moire de l&#8217;ordinateur pendant que le visiteur navigue sur le site web. Ce [&hellip;]","og_url":"https:\/\/csl.org\/global\/fr\/politique-sur-les-cookies\/","og_site_name":"Global Services - Centers for Spiritual Living","article_modified_time":"2020-02-26T15:01:47+00:00","twitter_card":"summary_large_image","twitter_misc":{"Est. reading time":"3 minutes"},"schema":{"@context":"https:\/\/schema.org","@graph":[{"@type":"WebPage","@id":"https:\/\/csl.org\/global\/fr\/politique-sur-les-cookies\/","url":"https:\/\/csl.org\/global\/fr\/politique-sur-les-cookies\/","name":"Politique sur les cookies - Global Services - Centers for Spiritual Living","isPartOf":{"@id":"https:\/\/csl.org\/global\/de\/#website"},"datePublished":"2020-02-04T13:47:54+00:00","dateModified":"2020-02-26T15:01:47+00:00","inLanguage":"en-US","potentialAction":[{"@type":"ReadAction","target":["https:\/\/csl.org\/global\/fr\/politique-sur-les-cookies\/"]}]},{"@type":"WebSite","@id":"https:\/\/csl.org\/global\/de\/#website","url":"https:\/\/csl.org\/global\/de\/","name":"Global Services - Centers for Spiritual Living","description":"","potentialAction":[{"@type":"SearchAction","target":{"@type":"EntryPoint","urlTemplate":"https:\/\/csl.org\/global\/de\/?s={search_term_string}"},"query-input":"required name=search_term_string"}],"inLanguage":"en-US"}]}},"_links":{"self":[{"href":"https:\/\/csl.org\/global\/wp-json\/wp\/v2\/pages\/5036"}],"collection":[{"href":"https:\/\/csl.org\/global\/wp-json\/wp\/v2\/pages"}],"about":[{"href":"https:\/\/csl.org\/global\/wp-json\/wp\/v2\/types\/page"}],"author":[{"embeddable":true,"href":"https:\/\/csl.org\/global\/wp-json\/wp\/v2\/users\/1"}],"replies":[{"embeddable":true,"href":"https:\/\/csl.org\/global\/wp-json\/wp\/v2\/comments?post=5036"}],"version-history":[{"count":1,"href":"https:\/\/csl.org\/global\/wp-json\/wp\/v2\/pages\/5036\/revisions"}],"predecessor-version":[{"id":5405,"href":"https:\/\/csl.org\/global\/wp-json\/wp\/v2\/pages\/5036\/revisions\/5405"}],"wp:attachment":[{"href":"https:\/\/csl.org\/global\/wp-json\/wp\/v2\/media?parent=5036"}],"wp:term":[{"taxonomy":"category","embeddable":true,"href":"https:\/\/csl.org\/global\/wp-json\/wp\/v2\/categories?post=5036"},{"taxonomy":"post_tag","embeddable":true,"href":"https:\/\/csl.org\/global\/wp-json\/wp\/v2\/tags?post=5036"}],"curies":[{"name":"wp","href":"https:\/\/api.w.org\/{rel}","templated":true}]}}