{"id":5037,"date":"2020-02-04T14:13:21","date_gmt":"2020-02-04T14:13:21","guid":{"rendered":"https:\/\/csl.org\/global\/cookie-politik\/"},"modified":"2020-02-26T15:13:52","modified_gmt":"2020-02-26T15:13:52","slug":"cookie-politik","status":"publish","type":"page","link":"https:\/\/csl.org\/global\/cookie-politik\/","title":{"rendered":"Cookie-Politik"},"content":{"rendered":"<div class=\"item-page\">\n<div class=\"page-header\">\n<h1>Cookie-Politik<\/h1>\n<\/div>\n<h3><strong>Was ist ein Cookie?<\/strong><\/h3>\n<p>Cookies sind kleine Textdateien, die von der besuchten Website erstellt werden und Daten enthalten. Sie werden auf dem Computer des Besuchers gespeichert, um dem Benutzer Zugang zu verschiedenen Funktionen zu erm\u00f6glichen. Auf dieser Website ( <a href=\"http:\/\/csl.org\/global\">www.multisite.csl.org\/global<\/a> ) werden sowohl Session-Cookies als auch Nicht-Session-Cookies verwendet. Ein Session-Cookie wird vor\u00fcbergehend im Computerspeicher gespeichert, w\u00e4hrend der Besucher die Website besucht. Dieses Cookie wird gel\u00f6scht, wenn der Benutzer seinen Webbrowser schlie\u00dft oder wenn eine bestimmte Zeit verstrichen ist (d.h. wenn die Sitzung abgelaufen ist). Ein Nicht-Session-Cookie bleibt auf dem Computer des Besuchers, bis es gel\u00f6scht wird.<\/p>\n<h3><strong>Warum verwenden wir Cookies?<\/strong><\/h3>\n<p>Wir verwenden Cookies, um mehr \u00fcber die Art und Weise zu erfahren, wie Besucher mit unseren Inhalten interagieren, und um die Erfahrung beim Besuch unserer Website zu verbessern.<\/p>\n<h3><strong>Funktionalit\u00e4t der Website<\/strong><\/h3>\n<p>F\u00fcr einige Funktionen innerhalb unserer Website nutzen wir Drittanbieter, beispielsweise wenn Sie eine Seite mit eingebetteten Videos von oder Links zu YouTube besuchen. Diese Videos oder Links (und alle anderen Inhalte von Drittanbietern) k\u00f6nnen Cookies von Drittanbietern enthalten, und Sie k\u00f6nnen die Richtlinien dieser Websites von Drittanbietern f\u00fcr Informationen bez\u00fcglich der Verwendung von Cookies konsultieren.<\/p>\n<h3><strong>Cookies, die wir verwenden:<\/strong><\/h3>\n<p>Diese Website benutzt Google Analytics, das Cookies verwendet. Auf aggregierter Ebene speichern Cookies Informationen dar\u00fcber, wie Besucher die Website nutzen, einschlie\u00dflich der Anzahl der angezeigten Seiten, der Herkunft des Besuchers und der Anzahl der Besuche, um die Website zu verbessern und eine gute Benutzererfahrung zu gew\u00e4hrleisten. Wenn Sie keine Cookies akzeptieren, werden keine Informationen gespeichert.<\/p>\n<p>Um Website-Besuchern die M\u00f6glichkeit zu geben, die Verwendung ihrer Daten durch Google Analytics zu verhindern, hat Google das Google Analytics-Add-on f\u00fcr das Google Analytics-JavaScript (ga.js, analytics.js, dc.js) entwickelt.<\/p>\n<p>Klicken Sie auf diesen Link, um zur Installationsseite zu gelangen, auf der Sie sich von der Verfolgung durch Google Analytics ausschlie\u00dfen k\u00f6nnen. <a href=\"https:\/\/tools.google.com\/dlpage\/gaoptout?hl=en\" target=\"_blank\" rel=\"noopener noreferrer\">https:\/\/tools.google.com\/dlpage\/gaoptout?hl=en<\/a><\/p>\n<h3>Wie kann man Cookies ablehnen?<\/h3>\n<p>Wir werden keine Cookies verwenden, um pers\u00f6nliche Informationen \u00fcber einen Besucher zu sammeln.<\/p>\n<p>Sie haben jedoch die M\u00f6glichkeit, die von www.multisite.csl.org\/global gesetzten Cookies oder die Cookies von Dritten abzulehnen oder zu blockieren, indem Sie die Einstellungen Ihres Browsers \u00e4ndern &#8211; weitere Einzelheiten finden Sie in der &#8220;Hilfe-Funktion&#8221; Ihres Browsers. Bitte beachten Sie, dass die meisten Browser Cookies automatisch akzeptieren. Wenn Sie also die Verwendung von Cookies nicht w\u00fcnschen, m\u00fcssen Sie die Cookies m\u00f6glicherweise aktiv l\u00f6schen oder blockieren.<\/p>\n<p><strong>\u00a0Unten finden Sie Links zu Seiten, die Anweisungen zum Blockieren von Cookies in 6 verschiedenen gro\u00dfen Browsern enthalten:<\/strong><\/p>\n<p>1 \u2013\u00a0<a href=\"https:\/\/support.google.com\/chrome\/answer\/95647?hl=en\" target=\"_blank\" rel=\"noopener noreferrer\">https:\/\/support.google.com\/chrome\/answer\/95647?hl=en<\/a> (Chrome);<\/p>\n<p>2 \u2013 <a href=\"https:\/\/support.mozilla.org\/en-US\/kb\/enable-and-disable-cookies-website-preferences\" target=\"_blank\" rel=\"noopener noreferrer\">https:\/\/support.mozilla.org\/en-US\/kb\/enable-and-disable-cookies-website-preferences<\/a> (Firefox);<\/p>\n<p>3 \u2013 <a href=\"http:\/\/www.opera.com\/help\/tutorials\/security\/cookies\/\" target=\"_blank\" rel=\"noopener noreferrer\">http:\/\/www.opera.com\/help\/tutorials\/security\/cookies\/<\/a> (Opera);<\/p>\n<p>4 \u2013 <a href=\"https:\/\/support.microsoft.com\/en-gb\/help\/17442\/windows-internet-explorer-delete-manage-cookies\" target=\"_blank\" rel=\"noopener noreferrer\">https:\/\/support.microsoft.com\/en-gb\/help\/17442\/windows-internet-explorer-delete-manage-cookies<\/a> (Internet Explorer);<\/p>\n<p>5 \u2013 <a href=\"https:\/\/support.apple.com\/kb\/PH21411\" target=\"_blank\" rel=\"noopener noreferrer\">https:\/\/support.apple.com\/kb\/PH21411<\/a> (Safari).<\/p>\n<p>6 \u2013 <a href=\"https:\/\/privacy.microsoft.com\/en-us\/windows-10-microsoft-edge-and-privacy\" target=\"_blank\" rel=\"noopener noreferrer\">https:\/\/privacy.microsoft.com\/en-us\/windows-10-microsoft-edge-and-privacy<\/a> (Edge).<\/p>\n<p>Das Blockieren aller Cookies kann sich negativ auf die Nutzbarkeit vieler Websites auswirken. Wenn Sie Cookies blockieren, k\u00f6nnen Sie m\u00f6glicherweise nicht alle Funktionen unserer Website nutzen.<\/p>\n<p>Informationen \u00fcber die Verwendung von Cookies in Handy-Browsern und Einzelheiten \u00fcber die Ablehnung oder das L\u00f6schen solcher Cookies finden Sie in Ihrem Handy-Handbuch.<\/p>\n<p><strong>Kontakt Uns<\/strong><\/p>\n<p>F\u00fcr Fragen oder W\u00fcnsche bez\u00fcglich Ihres Datenschutzes wenden Sie sich bitte an unseren Datenschutzbeauftragten\u00a0 <span id=\"cloak30f5131b827cc9356d9c760eabbeedcd\"><a href=\"&#109;&#x61;&#105;&#x6c;t&#111;&#x3a;&#73;&#x54;&#64;&#x43;S&#76;&#x2e;&#111;&#x72;g\">&#73;&#x54;&#64;&#x43;S&#76;&#x2e;&#111;&#x72;g<\/a><\/span>.<\/p>\n<p>Lesen Sie unsere <a title=\"Datenschutzpolitik\" href=\"http:\/\/csl.org\/global\/de\/datenschutzpolitik\/\">Datenschutzpolitik<\/a> f\u00fcr weitere Informationen.<\/p>\n<\/div>\n","protected":false},"excerpt":{"rendered":"<p>Cookie-Politik Was ist ein Cookie? Cookies sind kleine Textdateien, die von der besuchten Website erstellt werden und Daten enthalten. Sie werden auf dem Computer des Besuchers gespeichert, um dem Benutzer Zugang zu verschiedenen Funktionen zu erm\u00f6glichen. Auf dieser Website ( www.multisite.csl.org\/global ) werden sowohl Session-Cookies als auch Nicht-Session-Cookies verwendet. Ein Session-Cookie wird vor\u00fcbergehend im Computerspeicher gespeichert, w\u00e4hrend der Besucher die Website besucht. Dieses Cookie wird gel\u00f6scht, wenn der Benutzer seinen Webbrowser schlie\u00dft oder wenn eine bestimmte Zeit verstrichen ist (d.h. [&hellip;]<\/p>\n","protected":false},"author":1,"featured_media":0,"parent":0,"menu_order":65,"comment_status":"closed","ping_status":"closed","template":"","meta":{"_exactmetrics_skip_tracking":false,"_exactmetrics_sitenote_active":false,"_exactmetrics_sitenote_note":"","_exactmetrics_sitenote_category":0,"footnotes":""},"categories":[],"tags":[],"class_list":["post-5037","page","type-page","status-publish","hentry"],"yoast_head":"<!-- This site is optimized with the Yoast SEO plugin v23.1 - https:\/\/yoast.com\/wordpress\/plugins\/seo\/ -->\n<title>Cookie-Politik - Global Services - Centers for Spiritual Living<\/title>\n<meta name=\"robots\" content=\"index, follow, max-snippet:-1, max-image-preview:large, max-video-preview:-1\" \/>\n<link rel=\"canonical\" href=\"https:\/\/csl.org\/global\/de\/cookie-politik\/\" \/>\n<meta property=\"og:locale\" content=\"en_US\" \/>\n<meta property=\"og:type\" content=\"article\" \/>\n<meta property=\"og:title\" content=\"Cookie-Politik - Global Services - Centers for Spiritual Living\" \/>\n<meta property=\"og:description\" content=\"Cookie-Politik Was ist ein Cookie? Cookies sind kleine Textdateien, die von der besuchten Website erstellt werden und Daten enthalten. Sie werden auf dem Computer des Besuchers gespeichert, um dem Benutzer Zugang zu verschiedenen Funktionen zu erm\u00f6glichen. Auf dieser Website ( www.multisite.csl.org\/global ) werden sowohl Session-Cookies als auch Nicht-Session-Cookies verwendet. Ein Session-Cookie wird vor\u00fcbergehend im Computerspeicher gespeichert, w\u00e4hrend der Besucher die Website besucht. Dieses Cookie wird gel\u00f6scht, wenn der Benutzer seinen Webbrowser schlie\u00dft oder wenn eine bestimmte Zeit verstrichen ist (d.h. [&hellip;]\" \/>\n<meta property=\"og:url\" content=\"https:\/\/csl.org\/global\/de\/cookie-politik\/\" \/>\n<meta property=\"og:site_name\" content=\"Global Services - Centers for Spiritual Living\" \/>\n<meta property=\"article:modified_time\" content=\"2020-02-26T15:13:52+00:00\" \/>\n<meta name=\"twitter:card\" content=\"summary_large_image\" \/>\n<meta name=\"twitter:label1\" content=\"Est. reading time\" \/>\n\t<meta name=\"twitter:data1\" content=\"3 minutes\" \/>\n<script type=\"application\/ld+json\" class=\"yoast-schema-graph\">{\"@context\":\"https:\/\/schema.org\",\"@graph\":[{\"@type\":\"WebPage\",\"@id\":\"https:\/\/csl.org\/global\/de\/cookie-politik\/\",\"url\":\"https:\/\/csl.org\/global\/de\/cookie-politik\/\",\"name\":\"Cookie-Politik - Global Services - Centers for Spiritual Living\",\"isPartOf\":{\"@id\":\"https:\/\/csl.org\/global\/de\/#website\"},\"datePublished\":\"2020-02-04T14:13:21+00:00\",\"dateModified\":\"2020-02-26T15:13:52+00:00\",\"inLanguage\":\"en-US\",\"potentialAction\":[{\"@type\":\"ReadAction\",\"target\":[\"https:\/\/csl.org\/global\/de\/cookie-politik\/\"]}]},{\"@type\":\"WebSite\",\"@id\":\"https:\/\/csl.org\/global\/de\/#website\",\"url\":\"https:\/\/csl.org\/global\/de\/\",\"name\":\"Global Services - Centers for Spiritual Living\",\"description\":\"\",\"potentialAction\":[{\"@type\":\"SearchAction\",\"target\":{\"@type\":\"EntryPoint\",\"urlTemplate\":\"https:\/\/csl.org\/global\/de\/?s={search_term_string}\"},\"query-input\":\"required name=search_term_string\"}],\"inLanguage\":\"en-US\"}]}<\/script>\n<!-- \/ Yoast SEO plugin. -->","yoast_head_json":{"title":"Cookie-Politik - Global Services - Centers for Spiritual Living","robots":{"index":"index","follow":"follow","max-snippet":"max-snippet:-1","max-image-preview":"max-image-preview:large","max-video-preview":"max-video-preview:-1"},"canonical":"https:\/\/csl.org\/global\/de\/cookie-politik\/","og_locale":"en_US","og_type":"article","og_title":"Cookie-Politik - Global Services - Centers for Spiritual Living","og_description":"Cookie-Politik Was ist ein Cookie? Cookies sind kleine Textdateien, die von der besuchten Website erstellt werden und Daten enthalten. Sie werden auf dem Computer des Besuchers gespeichert, um dem Benutzer Zugang zu verschiedenen Funktionen zu erm\u00f6glichen. Auf dieser Website ( www.multisite.csl.org\/global ) werden sowohl Session-Cookies als auch Nicht-Session-Cookies verwendet. Ein Session-Cookie wird vor\u00fcbergehend im Computerspeicher gespeichert, w\u00e4hrend der Besucher die Website besucht. Dieses Cookie wird gel\u00f6scht, wenn der Benutzer seinen Webbrowser schlie\u00dft oder wenn eine bestimmte Zeit verstrichen ist (d.h. [&hellip;]","og_url":"https:\/\/csl.org\/global\/de\/cookie-politik\/","og_site_name":"Global Services - Centers for Spiritual Living","article_modified_time":"2020-02-26T15:13:52+00:00","twitter_card":"summary_large_image","twitter_misc":{"Est. reading time":"3 minutes"},"schema":{"@context":"https:\/\/schema.org","@graph":[{"@type":"WebPage","@id":"https:\/\/csl.org\/global\/de\/cookie-politik\/","url":"https:\/\/csl.org\/global\/de\/cookie-politik\/","name":"Cookie-Politik - Global Services - Centers for Spiritual Living","isPartOf":{"@id":"https:\/\/csl.org\/global\/de\/#website"},"datePublished":"2020-02-04T14:13:21+00:00","dateModified":"2020-02-26T15:13:52+00:00","inLanguage":"en-US","potentialAction":[{"@type":"ReadAction","target":["https:\/\/csl.org\/global\/de\/cookie-politik\/"]}]},{"@type":"WebSite","@id":"https:\/\/csl.org\/global\/de\/#website","url":"https:\/\/csl.org\/global\/de\/","name":"Global Services - Centers for Spiritual Living","description":"","potentialAction":[{"@type":"SearchAction","target":{"@type":"EntryPoint","urlTemplate":"https:\/\/csl.org\/global\/de\/?s={search_term_string}"},"query-input":"required name=search_term_string"}],"inLanguage":"en-US"}]}},"_links":{"self":[{"href":"https:\/\/csl.org\/global\/wp-json\/wp\/v2\/pages\/5037"}],"collection":[{"href":"https:\/\/csl.org\/global\/wp-json\/wp\/v2\/pages"}],"about":[{"href":"https:\/\/csl.org\/global\/wp-json\/wp\/v2\/types\/page"}],"author":[{"embeddable":true,"href":"https:\/\/csl.org\/global\/wp-json\/wp\/v2\/users\/1"}],"replies":[{"embeddable":true,"href":"https:\/\/csl.org\/global\/wp-json\/wp\/v2\/comments?post=5037"}],"version-history":[{"count":3,"href":"https:\/\/csl.org\/global\/wp-json\/wp\/v2\/pages\/5037\/revisions"}],"predecessor-version":[{"id":5409,"href":"https:\/\/csl.org\/global\/wp-json\/wp\/v2\/pages\/5037\/revisions\/5409"}],"wp:attachment":[{"href":"https:\/\/csl.org\/global\/wp-json\/wp\/v2\/media?parent=5037"}],"wp:term":[{"taxonomy":"category","embeddable":true,"href":"https:\/\/csl.org\/global\/wp-json\/wp\/v2\/categories?post=5037"},{"taxonomy":"post_tag","embeddable":true,"href":"https:\/\/csl.org\/global\/wp-json\/wp\/v2\/tags?post=5037"}],"curies":[{"name":"wp","href":"https:\/\/api.w.org\/{rel}","templated":true}]}}