{"id":5054,"date":"2020-02-05T14:42:16","date_gmt":"2020-02-05T14:42:16","guid":{"rendered":"https:\/\/csl.org\/global\/a-propos-de-nous\/centres-de-vie-spirituelle\/"},"modified":"2020-07-15T09:06:21","modified_gmt":"2020-07-15T09:06:21","slug":"centres-de-vie-spirituelle","status":"publish","type":"page","link":"https:\/\/csl.org\/global\/a-propos-de-nous\/centres-de-vie-spirituelle\/","title":{"rendered":"Centres pour la Vie Spirituelle"},"content":{"rendered":"<p><div class=\"fusion-fullwidth fullwidth-box fusion-builder-row-1 gradient-container-1 nonhundred-percent-fullwidth non-hundred-percent-height-scrolling\" style=\"--awb-border-radius-top-left:0px;--awb-border-radius-top-right:0px;--awb-border-radius-bottom-right:0px;--awb-border-radius-bottom-left:0px;--awb-background-color:#ffffff;--awb-flex-wrap:wrap;\" ><div class=\"fusion-builder-row fusion-row\"><div class=\"fusion-layout-column fusion_builder_column fusion-builder-column-0 fusion_builder_column_1_1 1_1 fusion-one-full fusion-column-first fusion-column-last fusion-animated\" style=\"--awb-padding-top:50px;--awb-padding-right:3%;--awb-padding-bottom:50px;--awb-padding-left:3%;--awb-bg-color:#ffffff;--awb-bg-color-hover:#ffffff;--awb-bg-size:cover;\" data-animationType=\"zoomIn\" data-animationDuration=\"0.3\" data-animationOffset=\"top-into-view\"><div class=\"fusion-column-wrapper fusion-column-has-shadow fusion-flex-column-wrapper-legacy\"><div class=\"fusion-text fusion-text-1\"><h1>Qui sont les Centres pour la Vie Spirituelle &#8211; (CSL) ?<\/h1>\n<p><img fetchpriority=\"high\" decoding=\"async\" class=\"size-full wp-image-2104 alignleft\" src=\"http:\/\/csl.org\/wp-content\/uploads\/sites\/8\/2019\/05\/home-office-300x259.jpg\" alt=\"CSL Home Office\" width=\"300\" height=\"259\" srcset=\"https:\/\/csl.org\/global\/wp-content\/uploads\/sites\/8\/2019\/05\/home-office-300x259-200x173.jpg 200w, https:\/\/csl.org\/global\/wp-content\/uploads\/sites\/8\/2019\/05\/home-office-300x259.jpg 300w\" sizes=\"(max-width: 300px) 100vw, 300px\" \/>Bas\u00e9 \u00e0 Golden, Colorado, le bureau gouvernant des Centres pour la Vie Spirituelle (CSL\u2122), est une communaut\u00e9 mondiale compos\u00e9e de plus de 400 communaut\u00e9s spirituelles se comprenant de centres d<span style=\"float: none;background-color: #ffffff;color: #333333;cursor: text;font-family: Georgia,'Times New Roman','Bitstream Charter',Times,serif;font-size: 16px;font-style: normal;font-variant: normal;font-weight: 400;letter-spacing: normal;text-align: left;text-decoration: none;text-indent: 0px;text-transform: none\">\u00e9<\/span>di<span style=\"float: none;background-color: #ffffff;color: #333333;cursor: text;font-family: Georgia,'Times New Roman','Bitstream Charter',Times,serif;font-size: 16px;font-style: normal;font-variant: normal;font-weight: 400;letter-spacing: normal;text-align: left;text-decoration: none;text-indent: 0px;text-transform: none\">\u00e9<\/span> a l&#8217;enseignement, groupes d&#8217;\u00e9tude et autres minist\u00e8res dans 30 pays. Ces communaut\u00e9s enseignent une philosophie de la Nouvelle Pens\u00e9e (New Thought) qui rapproche la religion et la science l&#8217;une <span style=\"float: none;background-color: #e8f7e3;color: #333333;cursor: text;font-family: Georgia,'Times New Roman','Bitstream Charter',Times,serif;font-size: 16px;font-style: normal;font-variant: normal;font-weight: 400;letter-spacing: normal;text-align: left;text-decoration: none;text-indent: 0px;text-transform: none\">\u00e0<\/span> l&#8217;autre et offre des outils spirituels pour transformer la vie de chacun, ainsi que contribuer \u00e0 rendre le monde un meilleur endroit. Cela se fait par l&#8217;\u00e9tude et la pratique de la Science de l&#8217;Esprit et de la Pens\u00e9e,(Science of Mind and Spirit) \u00e9galement connue sous le nom de Science Religieuse, (Religious Science) qui soutient que toute vie est sacr\u00e9e et que chaque \u00eatre humain est une expression de Dieu. Nous croyons en &#8216;la Cause et l&#8217;Effet&#8217;, donc enseignons que &#8220;cela vous est fait comme vous le croyez&#8221; &#8211; ou dit autrement &#8220;vous r<span style=\"float: none;background-color: #ffffff;color: #333333;cursor: text;font-family: Georgia,'Times New Roman','Bitstream Charter',Times,serif;font-size: 16px;font-style: normal;font-variant: normal;font-weight: 400;letter-spacing: normal;text-align: left;text-decoration: none;text-indent: 0px;text-transform: none\">\u00e9<\/span>coltez ce que vous semez&#8221;. C&#8217;est <span style=\"float: none;background-color: #ffffff;color: #333333;cursor: text;font-family: Georgia,'Times New Roman','Bitstream Charter',Times,serif;font-size: 16px;font-style: normal;font-variant: normal;font-weight: 400;letter-spacing: normal;text-align: left;text-decoration: none;text-indent: 0px;text-transform: none\">\u00e0<\/span> dire: ce que nous croyons vraiment, nous concentrons sur, et pensons, c&#8217;est cela qui cr\u00e9e notre r\u00e9alit\u00e9. Nos enseignements int\u00e8grent la sagesse ancienne des traditions spirituelles \u00e0 travers les \u00e2ges. Les personnes de tous les horizons spirituels sont les bienvenues dans nos communaut\u00e9s. Nous aidons les gens \u00e0 vivre une relation personnelle avec le Cr\u00e9ateur de l&#8217;Univers . Nous encourageons une communaut\u00e9 de tol\u00e9rance, de compr\u00e9hension et de respect. Nous proposons des cours, des programmes, des pri\u00e8res et de la m\u00e9ditation ; et nous pr\u00e9conisons une communaut\u00e9 spirituelle compos\u00e9e de personnes partageant des id\u00e9es similaires et int\u00e9ress\u00e9es par une vie spirituelle.<\/p>\n<p>La Science de l&#8217;Esprit (\u00e9galement appel\u00e9e Science Religieuse) est l&#8217;enseignement de base des Centres pour la Vie Spirituelle. La Science de l&#8217;Esprit est une philosophie qui int<span style=\"float: none;background-color: #ffffff;color: #333333;cursor: text;font-family: Georgia,'Times New Roman','Bitstream Charter',Times,serif;font-size: 16px;font-style: normal;font-variant: normal;font-weight: 400;letter-spacing: normal;text-align: left;text-decoration: none;text-indent: 0px;text-transform: none\">\u00e8<\/span>gre la spiritualit<span style=\"float: none;background-color: #ffffff;color: #333333;cursor: text;font-family: Georgia,'Times New Roman','Bitstream Charter',Times,serif;font-size: 16px;font-style: normal;font-variant: normal;font-weight: 400;letter-spacing: normal;text-align: left;text-decoration: none;text-indent: 0px;text-transform: none\">\u00e9<\/span> \u00e0 la science et \u00e0 la physique. En termes simples, la Science de l&#8217;Esprit enseigne l&#8217;unit\u00e9 de toute vie. Les intentions et les id\u00e9es circulent \u00e0 travers un champ de conscience, qui affecte et cr\u00e9e r\u00e9ellement le monde qui nous entoure. Cette id\u00e9e est commune \u00e0 la plupart des grandes religions et est soutenue par les enseignements de la psychologie et de la physique quantique. Dans la Science de l&#8217;Esprit, nous croyons que le secret pour vivre une vie r\u00e9ussie est de choisir consciemment des pens\u00e9es positives et productives. Autrement dit, &#8220;Comme vous pensez, vous devenez.&#8221;<\/p>\n<\/div><div class=\"fusion-clearfix\"><\/div><\/div><\/div><\/div><\/div><div class=\"fusion-bg-parallax\" data-bg-align=\"center center\" data-direction=\"right\" data-mute=\"false\" data-opacity=\"100\" data-velocity=\"-0.7\" data-mobile-enabled=\"true\" data-break_parents=\"0\" data-bg-image=\"http:\/\/csl.org\/wp-content\/uploads\/sites\/8\/2019\/05\/u-leg-bridge-1024x576.jpg\" data-bg-repeat=\"false\" ><\/div><div class=\"fusion-fullwidth fullwidth-box fusion-builder-row-2 fusion-parallax-right gradient-container-2 nonhundred-percent-fullwidth non-hundred-percent-height-scrolling\" style=\"--awb-border-radius-top-left:0px;--awb-border-radius-top-right:0px;--awb-border-radius-bottom-right:0px;--awb-border-radius-bottom-left:0px;--awb-background-image:url(&quot;http:\/\/csl.org\/wp-content\/uploads\/sites\/8\/2019\/05\/u-leg-bridge-1024x576.jpg&quot;);--awb-background-size:cover;--awb-flex-wrap:wrap;\" ><div class=\"fusion-builder-row fusion-row\"><div class=\"fusion-layout-column fusion_builder_column fusion-builder-column-1 fusion_builder_column_1_1 1_1 fusion-one-full fusion-column-first fusion-column-last\" style=\"--awb-padding-top:250px;--awb-padding-right:200px;--awb-padding-bottom:250px;--awb-padding-left:200px;--awb-bg-size:cover;\"><div class=\"fusion-column-wrapper fusion-column-has-shadow fusion-flex-column-wrapper-legacy\"><div class=\"fusion-clearfix\"><\/div><\/div><\/div><\/div><\/div><\/p>\n","protected":false},"excerpt":{"rendered":"","protected":false},"author":1,"featured_media":0,"parent":5014,"menu_order":36,"comment_status":"closed","ping_status":"closed","template":"100-width.php","meta":{"_exactmetrics_skip_tracking":false,"_exactmetrics_sitenote_active":false,"_exactmetrics_sitenote_note":"","_exactmetrics_sitenote_category":0,"footnotes":""},"categories":[82],"tags":[],"class_list":["post-5054","page","type-page","status-publish","hentry","category-a-propos-de-fr"],"yoast_head":"<!-- This site is optimized with the Yoast SEO plugin v23.1 - https:\/\/yoast.com\/wordpress\/plugins\/seo\/ -->\n<title>Centres pour la Vie Spirituelle - Global Services - Centers for Spiritual Living<\/title>\n<meta name=\"robots\" content=\"index, follow, max-snippet:-1, max-image-preview:large, max-video-preview:-1\" \/>\n<link rel=\"canonical\" href=\"https:\/\/csl.org\/global\/fr\/a-propos-de-nous\/centres-de-vie-spirituelle\/\" \/>\n<meta property=\"og:locale\" content=\"en_US\" \/>\n<meta property=\"og:type\" content=\"article\" \/>\n<meta property=\"og:title\" content=\"Centres pour la Vie Spirituelle - Global Services - Centers for Spiritual Living\" \/>\n<meta property=\"og:url\" content=\"https:\/\/csl.org\/global\/fr\/a-propos-de-nous\/centres-de-vie-spirituelle\/\" \/>\n<meta property=\"og:site_name\" content=\"Global Services - Centers for Spiritual Living\" \/>\n<meta property=\"article:modified_time\" content=\"2020-07-15T09:06:21+00:00\" \/>\n<meta property=\"og:image\" content=\"http:\/\/csl.org\/wp-content\/uploads\/sites\/8\/2019\/05\/home-office-300x259.jpg\" \/>\n<meta name=\"twitter:card\" content=\"summary_large_image\" \/>\n<meta name=\"twitter:label1\" content=\"Est. reading time\" \/>\n\t<meta name=\"twitter:data1\" content=\"5 minutes\" \/>\n<script type=\"application\/ld+json\" class=\"yoast-schema-graph\">{\"@context\":\"https:\/\/schema.org\",\"@graph\":[{\"@type\":\"WebPage\",\"@id\":\"https:\/\/csl.org\/global\/fr\/a-propos-de-nous\/centres-de-vie-spirituelle\/\",\"url\":\"https:\/\/csl.org\/global\/fr\/a-propos-de-nous\/centres-de-vie-spirituelle\/\",\"name\":\"Centres pour la Vie Spirituelle - Global Services - Centers for Spiritual Living\",\"isPartOf\":{\"@id\":\"https:\/\/csl.org\/global\/de\/#website\"},\"primaryImageOfPage\":{\"@id\":\"https:\/\/csl.org\/global\/fr\/a-propos-de-nous\/centres-de-vie-spirituelle\/#primaryimage\"},\"image\":{\"@id\":\"https:\/\/csl.org\/global\/fr\/a-propos-de-nous\/centres-de-vie-spirituelle\/#primaryimage\"},\"thumbnailUrl\":\"http:\/\/csl.org\/wp-content\/uploads\/sites\/8\/2019\/05\/home-office-300x259.jpg\",\"datePublished\":\"2020-02-05T14:42:16+00:00\",\"dateModified\":\"2020-07-15T09:06:21+00:00\",\"breadcrumb\":{\"@id\":\"https:\/\/csl.org\/global\/fr\/a-propos-de-nous\/centres-de-vie-spirituelle\/#breadcrumb\"},\"inLanguage\":\"en-US\",\"potentialAction\":[{\"@type\":\"ReadAction\",\"target\":[\"https:\/\/csl.org\/global\/fr\/a-propos-de-nous\/centres-de-vie-spirituelle\/\"]}]},{\"@type\":\"ImageObject\",\"inLanguage\":\"en-US\",\"@id\":\"https:\/\/csl.org\/global\/fr\/a-propos-de-nous\/centres-de-vie-spirituelle\/#primaryimage\",\"url\":\"http:\/\/csl.org\/wp-content\/uploads\/sites\/8\/2019\/05\/home-office-300x259.jpg\",\"contentUrl\":\"http:\/\/csl.org\/wp-content\/uploads\/sites\/8\/2019\/05\/home-office-300x259.jpg\"},{\"@type\":\"BreadcrumbList\",\"@id\":\"https:\/\/csl.org\/global\/fr\/a-propos-de-nous\/centres-de-vie-spirituelle\/#breadcrumb\",\"itemListElement\":[{\"@type\":\"ListItem\",\"position\":1,\"name\":\"\u00c0 PROPOS DE NOUS\",\"item\":\"https:\/\/csl.org\/global\/fr\/a-propos-de-nous\/\"},{\"@type\":\"ListItem\",\"position\":2,\"name\":\"Centres pour la Vie Spirituelle\"}]},{\"@type\":\"WebSite\",\"@id\":\"https:\/\/csl.org\/global\/de\/#website\",\"url\":\"https:\/\/csl.org\/global\/de\/\",\"name\":\"Global Services - Centers for Spiritual Living\",\"description\":\"\",\"potentialAction\":[{\"@type\":\"SearchAction\",\"target\":{\"@type\":\"EntryPoint\",\"urlTemplate\":\"https:\/\/csl.org\/global\/de\/?s={search_term_string}\"},\"query-input\":\"required name=search_term_string\"}],\"inLanguage\":\"en-US\"}]}<\/script>\n<!-- \/ Yoast SEO plugin. -->","yoast_head_json":{"title":"Centres pour la Vie Spirituelle - Global Services - Centers for Spiritual Living","robots":{"index":"index","follow":"follow","max-snippet":"max-snippet:-1","max-image-preview":"max-image-preview:large","max-video-preview":"max-video-preview:-1"},"canonical":"https:\/\/csl.org\/global\/fr\/a-propos-de-nous\/centres-de-vie-spirituelle\/","og_locale":"en_US","og_type":"article","og_title":"Centres pour la Vie Spirituelle - Global Services - Centers for Spiritual Living","og_url":"https:\/\/csl.org\/global\/fr\/a-propos-de-nous\/centres-de-vie-spirituelle\/","og_site_name":"Global Services - Centers for Spiritual Living","article_modified_time":"2020-07-15T09:06:21+00:00","og_image":[{"url":"http:\/\/csl.org\/wp-content\/uploads\/sites\/8\/2019\/05\/home-office-300x259.jpg"}],"twitter_card":"summary_large_image","twitter_misc":{"Est. reading time":"5 minutes"},"schema":{"@context":"https:\/\/schema.org","@graph":[{"@type":"WebPage","@id":"https:\/\/csl.org\/global\/fr\/a-propos-de-nous\/centres-de-vie-spirituelle\/","url":"https:\/\/csl.org\/global\/fr\/a-propos-de-nous\/centres-de-vie-spirituelle\/","name":"Centres pour la Vie Spirituelle - Global Services - Centers for Spiritual Living","isPartOf":{"@id":"https:\/\/csl.org\/global\/de\/#website"},"primaryImageOfPage":{"@id":"https:\/\/csl.org\/global\/fr\/a-propos-de-nous\/centres-de-vie-spirituelle\/#primaryimage"},"image":{"@id":"https:\/\/csl.org\/global\/fr\/a-propos-de-nous\/centres-de-vie-spirituelle\/#primaryimage"},"thumbnailUrl":"http:\/\/csl.org\/wp-content\/uploads\/sites\/8\/2019\/05\/home-office-300x259.jpg","datePublished":"2020-02-05T14:42:16+00:00","dateModified":"2020-07-15T09:06:21+00:00","breadcrumb":{"@id":"https:\/\/csl.org\/global\/fr\/a-propos-de-nous\/centres-de-vie-spirituelle\/#breadcrumb"},"inLanguage":"en-US","potentialAction":[{"@type":"ReadAction","target":["https:\/\/csl.org\/global\/fr\/a-propos-de-nous\/centres-de-vie-spirituelle\/"]}]},{"@type":"ImageObject","inLanguage":"en-US","@id":"https:\/\/csl.org\/global\/fr\/a-propos-de-nous\/centres-de-vie-spirituelle\/#primaryimage","url":"http:\/\/csl.org\/wp-content\/uploads\/sites\/8\/2019\/05\/home-office-300x259.jpg","contentUrl":"http:\/\/csl.org\/wp-content\/uploads\/sites\/8\/2019\/05\/home-office-300x259.jpg"},{"@type":"BreadcrumbList","@id":"https:\/\/csl.org\/global\/fr\/a-propos-de-nous\/centres-de-vie-spirituelle\/#breadcrumb","itemListElement":[{"@type":"ListItem","position":1,"name":"\u00c0 PROPOS DE NOUS","item":"https:\/\/csl.org\/global\/fr\/a-propos-de-nous\/"},{"@type":"ListItem","position":2,"name":"Centres pour la Vie Spirituelle"}]},{"@type":"WebSite","@id":"https:\/\/csl.org\/global\/de\/#website","url":"https:\/\/csl.org\/global\/de\/","name":"Global Services - Centers for Spiritual Living","description":"","potentialAction":[{"@type":"SearchAction","target":{"@type":"EntryPoint","urlTemplate":"https:\/\/csl.org\/global\/de\/?s={search_term_string}"},"query-input":"required name=search_term_string"}],"inLanguage":"en-US"}]}},"_links":{"self":[{"href":"https:\/\/csl.org\/global\/wp-json\/wp\/v2\/pages\/5054"}],"collection":[{"href":"https:\/\/csl.org\/global\/wp-json\/wp\/v2\/pages"}],"about":[{"href":"https:\/\/csl.org\/global\/wp-json\/wp\/v2\/types\/page"}],"author":[{"embeddable":true,"href":"https:\/\/csl.org\/global\/wp-json\/wp\/v2\/users\/1"}],"replies":[{"embeddable":true,"href":"https:\/\/csl.org\/global\/wp-json\/wp\/v2\/comments?post=5054"}],"version-history":[{"count":19,"href":"https:\/\/csl.org\/global\/wp-json\/wp\/v2\/pages\/5054\/revisions"}],"predecessor-version":[{"id":7210,"href":"https:\/\/csl.org\/global\/wp-json\/wp\/v2\/pages\/5054\/revisions\/7210"}],"up":[{"embeddable":true,"href":"https:\/\/csl.org\/global\/wp-json\/wp\/v2\/pages\/5014"}],"wp:attachment":[{"href":"https:\/\/csl.org\/global\/wp-json\/wp\/v2\/media?parent=5054"}],"wp:term":[{"taxonomy":"category","embeddable":true,"href":"https:\/\/csl.org\/global\/wp-json\/wp\/v2\/categories?post=5054"},{"taxonomy":"post_tag","embeddable":true,"href":"https:\/\/csl.org\/global\/wp-json\/wp\/v2\/tags?post=5054"}],"curies":[{"name":"wp","href":"https:\/\/api.w.org\/{rel}","templated":true}]}}