{"id":5076,"date":"2020-02-07T12:13:45","date_gmt":"2020-02-07T12:13:45","guid":{"rendered":"https:\/\/csl.org\/global\/unterstuetzungsteam-zusaetzliche-informationen\/"},"modified":"2020-09-09T08:29:39","modified_gmt":"2020-09-09T08:29:39","slug":"unterstuetzungsteam-zusaetzliche-informationen","status":"publish","type":"page","link":"https:\/\/csl.org\/global\/uber-uns\/globale-dienste\/unterstuetzungsteam-zusaetzliche-informationen\/","title":{"rendered":"Unterst\u00fctzungsteam &#8211; Zus\u00e4tzliche Informationen"},"content":{"rendered":"<p><div class=\"fusion-fullwidth fullwidth-box fusion-builder-row-1 gradient-container-1 nonhundred-percent-fullwidth non-hundred-percent-height-scrolling\" style=\"--awb-border-radius-top-left:0px;--awb-border-radius-top-right:0px;--awb-border-radius-bottom-right:0px;--awb-border-radius-bottom-left:0px;--awb-flex-wrap:wrap;\" ><div class=\"fusion-builder-row fusion-row\"><div class=\"fusion-layout-column fusion_builder_column fusion-builder-column-0 fusion_builder_column_1_1 1_1 fusion-one-full fusion-column-first fusion-column-last fusion-animated\" style=\"--awb-padding-top:50px;--awb-padding-right:3%;--awb-padding-bottom:50px;--awb-padding-left:3%;--awb-bg-size:cover;\" data-animationType=\"zoomIn\" data-animationDuration=\"0.3\" data-animationOffset=\"top-into-view\"><div class=\"fusion-column-wrapper fusion-column-has-shadow fusion-flex-column-wrapper-legacy\"><div class=\"fusion-text fusion-text-1\"><h1>Unterst\u00fctzungsteam &#8211; Zus\u00e4tzliche Informationen<\/h1>\n<h2>Rev Martha Quintana, CSL Globale Dienste-Koordinator<\/h2>\n<p>Bio Coming soon<strong><img decoding=\"async\" class=\"wp-image-8980 alignleft\" src=\"http:\/\/csl.org\/wp-content\/uploads\/sites\/8\/2020\/09\/Rev-Martha-Quintana-sm.jpg\" alt=\"\" width=\"100\" height=\"117\" \/><\/strong><strong>&#8230;<\/strong><\/p>\n<p>&nbsp;<\/p>\n<p>&nbsp;<\/p>\n<h2>\u00a0<\/h2>\n<h2>Rev Pattie Mercado, Vorsitzender<\/h2>\n<p><img decoding=\"async\" class=\"alignleft wp-image-2154\" src=\"http:\/\/csl.org\/wp-content\/uploads\/sites\/8\/2019\/05\/Rev-Pattie-Mercado.jpg\" alt=\"Rev Pattie Mercado\" width=\"100\" height=\"128\" \/>Rev. Pattie nennt sich selbst eine &#8220;Studentin des Lebens&#8221; und hat fast 30 Jahre lang diese Lebendigkeit, dieses Interesse und diese Beteiligung an &#8220;Kinder&#8221; weitergegeben. Der Jugenddirektor und stellvertretende Minister im CSL Capistrano Valley, San Clemente, USA, Pastor Pattie hat diesen Funken in der Jugend geschlagen. Sie, ihr Ehepartner und ihre inzwischen erwachsenen Nachkommen sind seit 1986 an den Lehren (und am Leben) der CSL beteiligt. Rev. Pattie schloss 2011 die Lizenz ab und erhielt 2014 die Ordination. Die Lebendigkeit und das Engagement f\u00fcr die Jugend des Planeten bringt dem Kernteam der Globalen Dienste einen hochgesch\u00e4tzten Schwerpunkt und den tiefen Wunsch mit sich, k\u00fcnftige Generationen dazu anzuleiten, die wahre Universalit\u00e4t von Wir sind eins.<\/p>\n<p>&nbsp;<\/p>\n<h2>Rev. , RScP, MS, MCS &#8211; stellvertretender Vorsitzender des CSL Ausschuss f\u00fcr globale Dienste, Bildung, CSL Herz des Friedens Kollektive Meditation<\/h2>\n<h2><img decoding=\"async\" class=\"wp-image-3268 alignleft\" src=\"http:\/\/csl.org\/wp-content\/uploads\/sites\/8\/2019\/07\/Rev.-Guenter-Maier-200x289.jpg\" alt=\"\" width=\"100\" height=\"144\" srcset=\"https:\/\/csl.org\/global\/wp-content\/uploads\/sites\/8\/2019\/07\/Rev.-Guenter-Maier-200x289.jpg 200w, https:\/\/csl.org\/global\/wp-content\/uploads\/sites\/8\/2019\/07\/Rev.-Guenter-Maier-208x300.jpg 208w, https:\/\/csl.org\/global\/wp-content\/uploads\/sites\/8\/2019\/07\/Rev.-Guenter-Maier.jpg 340w\" sizes=\"(max-width: 100px) 100vw, 100px\" \/><\/h2>\n<p>Rev. Guenter lebt in Bukarest, Rum\u00e4nien. Er ist in S\u00fcddeutschland aufgewachsen und hat in mehr als drei Jahrzehnten Arbeit als \u00d6konom, Berater, Handelsberater, Wirtschaftskorrespondent und Schriftsteller auf vier Kontinenten &#8211; in Europa, Nordafrika, S\u00fcdostasien und Nordamerika &#8211; viel internationale Erfahrung gesammelt. Guenter ist ein lizenzierter CSL-Minister und dem Center for Spiritual Living in Washington DC angeschlossener Associate Minister. Guenter schloss 2018 sein Studium am Holmes Institute, Region Denver, ab. Er liebt die Lehre der Wissenschaft des Geistes und die Spiritualit\u00e4t und Philosophie des Neuen Denkens, hat ein starkes Interesse an Philosophie, spiritueller Psychologie, Beratung, Coaching, Sprachen, Fotografie und Kunst. E-Mail: <a href=\"mai&#108;&#116;&#111;&#x3a;&#x72;&#x65;&#x76;&#x67;&#x75;ent&#101;&#114;&#64;&#103;&#x6d;&#x61;&#x69;&#x6c;&#x2e;&#x63;om\">&#114;&#x65;&#x76;g&#117;&#x65;&#x6e;t&#101;&#x72;&#64;&#103;&#x6d;&#x61;i&#108;&#x2e;c&#111;&#x6d;<\/a><\/p>\n<p>&nbsp;<\/p>\n<h2>Rev Alex Escudero<\/h2>\n<p><img loading=\"lazy\" decoding=\"async\" class=\"alignleft wp-image-2177\" src=\"http:\/\/csl.org\/wp-content\/uploads\/sites\/8\/2019\/05\/Rev.-Alex-Escudero.jpg\" alt=\"Rev. Alex Escudero\" width=\"100\" height=\"97\" \/>Mit einer kolumbianischen Mutter und einem US-amerikanischen Vater wuchs Pfarrer Alex Escudero in beiden L\u00e4ndern auf. Mit dieser Vielfalt als Teil ihres Kerns zog es Pfarrer Alex nat\u00fcrlich in die Arbeit f\u00fcr die Vereinten Nationen und diente in Afrika, Mittel- und S\u00fcdamerika. Als langj\u00e4hriger Bewohner des Gebiets von Washington D.C., der seit 1999 praktiziert, bevor er die Ministeriallizenz erhielt, gr\u00fcndete Pastorin Alex das Zentrum f\u00fcr spirituelles Leben in den USA, ist Mitarbeiterin der Kommission f\u00fcr Vielfalt des Zentrums f\u00fcr spirituelles Leben und arbeitet mit dem Planungsausschuss f\u00fcr die j\u00e4hrliche Konferenz f\u00fcr neues Denken in Mexiko zusammen. Sie ist ein weitgereistes und willkommenes Mitglied unseres Kernteams der Globalen Dienste.<\/p>\n<p>&nbsp;<\/p>\n<h2>Rev Beth Linguri<\/h2>\n<p><img loading=\"lazy\" decoding=\"async\" class=\"alignleft wp-image-2147\" src=\"http:\/\/csl.org\/wp-content\/uploads\/sites\/8\/2019\/05\/bethlinguri.jpg\" alt=\"beth linguri\" width=\"100\" height=\"106\" srcset=\"https:\/\/csl.org\/global\/wp-content\/uploads\/sites\/8\/2019\/05\/bethlinguri-200x212.jpg 200w, https:\/\/csl.org\/global\/wp-content\/uploads\/sites\/8\/2019\/05\/bethlinguri-282x300.jpg 282w, https:\/\/csl.org\/global\/wp-content\/uploads\/sites\/8\/2019\/05\/bethlinguri.jpg 370w\" sizes=\"(max-width: 100px) 100vw, 100px\" \/>Rev Beth Linguri ist die Spirituelle Leiterin des Internationalen Zentrums f\u00fcr spirituelles Leben, einer Vereinigung mit Sitz in Genf, Schweiz. Sie gr\u00fcndete das Friedenszentrum Genf, ein Lehrkapitel des CSL, im Jahr 2011, und dieses hat sich nun zum aktuellen Zentrum entwickelt. Sie gr\u00fcndete 2011 die Internationale Neue Gedankenkonferenz &#8220;Spirituelles Leben &#8211; Bewusstes Erwachen&#8221; im Chateau de Bossey ausserhalb von Genf und unterst\u00fctzt diese Veranstaltung j\u00e4hrlich bis zum 5. August 2015, als sie den 5. Die folgende Erkl\u00e4rung aus der Global Heart Vision hat mich dazu inspiriert, eine Karriere im Dienst zu suchen. Wir sehen eine Welt, in der die Gemeinschaft mit allem Leben gedeiht und sich durch die F\u00fchrung geistlicher Weisheit und Erfahrung verbindet. Es ist meine Absicht, eine spirituelle Gemeinschaft f\u00fcr die internationale Gemeinschaft in Genf zu entwickeln und wachsen zu lassen, die sich weltweit in der humanit\u00e4ren Arbeit engagiert. Ich wei\u00df, dass diese Lehre die Herzen und den Verstand des Einzelnen verwandelt und das globale Herz wachsen lassen kann, um das globale Gehirn auszubalancieren. Es entsteht eine neue Welt im Bewusstsein der Menschen auf der ganzen Welt, und ich beabsichtige, mein Leben dem Leben und der Lehre dieser Wahrheit zu widmen. Beth unterst\u00fctzt derzeit die Global Services, die &#8220;Waves of Peace Initiative&#8221;, die durch die Kraft des Gebetes das Bewusstsein der Menschheit f\u00fcr die Prinzipien der Liebe, Sch\u00f6nheit, Wahrheit, Freude und Freiheit, unser g\u00f6ttliches Geburtsrecht, anhebt, mit der Absicht, dass alle Wesen \u00fcberall Zugang zu dieser Wahrheit haben und in Freiheit und Frieden leben.<\/p>\n<p>&nbsp;<\/p>\n<h2>Beverly Jacobson-Schler, RScP<\/h2>\n<p><img loading=\"lazy\" decoding=\"async\" class=\"alignleft wp-image-2148\" src=\"http:\/\/csl.org\/wp-content\/uploads\/sites\/8\/2019\/05\/Beverly_Jacobson-Schler.jpg\" alt=\"Beverly Jacobson Schler\" width=\"100\" height=\"124\" srcset=\"https:\/\/csl.org\/global\/wp-content\/uploads\/sites\/8\/2019\/05\/Beverly_Jacobson-Schler-200x248.jpg 200w, https:\/\/csl.org\/global\/wp-content\/uploads\/sites\/8\/2019\/05\/Beverly_Jacobson-Schler.jpg 213w\" sizes=\"(max-width: 100px) 100vw, 100px\" \/>Ist ein weltweit reisender Multimedia-Produzent, der sowohl international als auch in den Vereinigten Staaten gelebt hat.<br \/>\nSie wurde erstmals 1986 durch ein Studium bei Raymond Charles Barker in NYC mit der Religionswissenschaft vertraut gemacht und arbeitet derzeit als Praktikantin an der Mile Hi Church of Religious Science in Denver Colorado.<\/p>\n<p>Beverly hat in den letzten Jahren viele verschiedene globale Projekte durchgef\u00fchrt, darunter die Koproduktion eines australischen Radioprogramms f\u00fcr junge Leute &#8211; &#8220;Unsere Erde &#8211; unsere Zukunft&#8221;.<\/p>\n<p>Sie entwickelte eine Reihe von internationalen Webcasts mit dem Titel &#8220;Eine Revolution des Bewusstseins&#8221;, die live aus dem Santa Fe Center for Spiritual Living ausgestrahlt wurden. Beverly moderierte die Serie gemeinsam mit Pfarrer Bernardo Monserrat. Zu den G\u00e4sten geh\u00f6rten der Bestsellerautor der New York Times, Gregg Braden, Wayne Mueller und das Metta Center for Non-Violence in San Francisco.<\/p>\n<p>Ihre dokumentarischen Kurzfilme f\u00fchrten sie nach Havanna, Kuba, und Villcabamba, Ecuador.<\/p>\n<p>Sie hat als &#8220;Medienkenner&#8221; f\u00fcr Lynn Twists Pachamama-Allianz-Initiative &#8220;Four Years&#8217; Go&#8221; gedient und ist eine aktuelle Medienmitarbeiterin f\u00fcr das Science of Mind Magazin.<\/p>\n<p>Beverlys Vision ist es, ihre Talente und ihre Liebe zu anderen Kulturen f\u00fcr Global Outreach und den Ausschuss einzubringen.<\/p>\n<p>&nbsp;<\/p>\n<h2>Rev Gerd Pontow<\/h2>\n<p><img loading=\"lazy\" decoding=\"async\" class=\"alignleft wp-image-3237\" src=\"http:\/\/csl.org\/wp-content\/uploads\/sites\/8\/2019\/06\/Rev.-Gerd-Pontow-200x257.jpg\" alt=\"\" width=\"100\" height=\"129\" srcset=\"https:\/\/csl.org\/global\/wp-content\/uploads\/sites\/8\/2019\/06\/Rev.-Gerd-Pontow-200x257.jpg 200w, https:\/\/csl.org\/global\/wp-content\/uploads\/sites\/8\/2019\/06\/Rev.-Gerd-Pontow-233x300.jpg 233w, https:\/\/csl.org\/global\/wp-content\/uploads\/sites\/8\/2019\/06\/Rev.-Gerd-Pontow.jpg 307w\" sizes=\"(max-width: 100px) 100vw, 100px\" \/><\/p>\n<p>Rev. Gerd ist in Deutschland geboren und aufgewachsen; er erhielt 1969 einen BCom-Abschluss (Wirtschaftswissenschaften und P\u00e4dagogik) von der Freien Universit\u00e4t Berlin; 1970 wanderte er nach S\u00fcdafrika aus.<\/p>\n<p>Als er im Nachkriegsdeutschland aufwuchs, stie\u00df er auf die Idee der &#8220;Weltb\u00fcrgerschaft&#8221;, eine Idee der Verbindung mit allen Wesen \u00fcberall, die ihn immens faszinierte und ihn stark beeinflusste, seine Reise in die Spiritualit\u00e4t zu beginnen. Die spirituelle Reise war ein langer und kurvenreicher Weg durch viele Lehren, bis er schlie\u00dflich im Jahr 2001 auf Ernest Holmes&#8217; Wissenschaft der Geisteslehren stie\u00df. Er f\u00fchlte sich in dieser Lehre sofort &#8220;zu Hause&#8221; und begann mit Begeisterung unter der Leitung von Pastorin Stephanie Clarke in Johannesburg\/S\u00fcdafrika zu studieren. Er schloss 2005 sein Studium als Praktiker der Religionswissenschaften ab und wurde bald darauf der spirituelle Leiter des &#8220;Soul Home Teaching Centre for Spiritual Living&#8221; in Johannesburg. Im Jahr 2016 qualifizierte sich Pfarrer Gerd als neuer Gedankenminister, nachdem er seinen Kurs in Bewusstseinsstudien an der Schule f\u00fcr spirituelle F\u00fchrung von Zentren f\u00fcr spirituelles Leben\/USA erfolgreich abgeschlossen hatte.<\/p>\n<p>Rev Gerd unterrichtet leidenschaftlich gerne SOM-Kurse und hat viele akkreditierte Kurse unterrichtet, darunter auch Practitioner Training. Seit kurzem unterrichtet er auch Online-Kurse.<\/p>\n<p>Er h\u00e4lt gerne Vortr\u00e4ge bei den sonnt\u00e4glichen heiligen Versammlungen im Seelenhaus und anderen spirituellen Organisationen. Er dient auch als professioneller geistlicher Berater.<\/p>\n<p>Gerd betrachtet sich selbst als ewiger Sch\u00fcler und findet immer neue spirituelle Lehren &#8211; haupts\u00e4chlich in der Tradition des Neuen Denkens\/Altertums, die es wert sind, erforscht und angewandt zu werden.<\/p>\n<p>&nbsp;<\/p>\n<h2>Geoffrey Smith; Praktiker der Religionswissenschaft, Ministerialstudent.<\/h2>\n<p><img loading=\"lazy\" decoding=\"async\" class=\"alignleft wp-image-3272\" src=\"http:\/\/csl.org\/wp-content\/uploads\/sites\/8\/2019\/07\/Geoffrey-Smith-200x247.jpg\" alt=\"\" width=\"100\" height=\"124\" srcset=\"https:\/\/csl.org\/global\/wp-content\/uploads\/sites\/8\/2019\/07\/Geoffrey-Smith-200x247.jpg 200w, https:\/\/csl.org\/global\/wp-content\/uploads\/sites\/8\/2019\/07\/Geoffrey-Smith-243x300.jpg 243w, https:\/\/csl.org\/global\/wp-content\/uploads\/sites\/8\/2019\/07\/Geoffrey-Smith-400x494.jpg 400w, https:\/\/csl.org\/global\/wp-content\/uploads\/sites\/8\/2019\/07\/Geoffrey-Smith.jpg 446w\" sizes=\"(max-width: 100px) 100vw, 100px\" \/>Ich studiere seit \u00fcber 30 Jahren Metaphysik, angefangen bei der Spiritualistenkirche von Brisbane unter Pastor Frank Bruce. Dann folgte ich der Inspiration des Geistes, die mich zur Philosophie der Wissenschaft des Geistes brachte. Ich hatte das Privileg, bei Pastor Richard Imprescia in Austin, Texas, zu studieren, wo ich meine Practitioner-Lizenz erhielt. Zurzeit bin ich am Holmes Institute in Florida f\u00fcr den Abschluss in Bewusstseinsstudien eingeschrieben, der f\u00fcr 2019 erwartet wird. Ich bin ein Outreach-Practitioner, wohnhaft in Sydney, Australien.<\/p>\n<p>Mein Leben hat mir gut gedient, der Zugang zu Wissen, hat mir geholfen, zu einer tieferen Wahrnehmung universeller Prinzipien und zeitloser Wahrheit zu erwachen. Meine Absicht ist es, durch Bildung den gleichen Zugang f\u00fcr andere zu erm\u00f6glichen. Die Zentren f\u00fcr spirituelles Leben sind zu einer Erweiterung meiner Familie geworden, zu einer spirituellen Gemeinschaft herausragender Pers\u00f6nlichkeiten, die bereit waren, ihre Zeit, ihre Talente und ihre Weisheit zu teilen. Ich diene im Komitee f\u00fcr globale Dienste der Zentren f\u00fcr spirituelles Leben, mit der Absicht, das Wachsen des neuen Denkens weltweit zu unterst\u00fctzen.<\/p>\n<p>Ich nehme an regelm\u00e4\u00dfigen Meditationssitzungen teil, habe Erfahrung in der Moderation von Meditationskreisen, sowohl physisch als auch virtuell, und f\u00fchre jede Woche eine Herz des Friedens Meditation live auf Zoom durch. Meine Leidenschaft gilt auch der Krankenpflege, wobei ich in erster Linie eine liebevolle, n\u00e4hrende Umgebung f\u00fcr diejenigen biete, die Hilfe ben\u00f6tigen. Ich habe mehrere Pflegezertifikate in Akut- und Altenpflege sowie ein Zertifikat f\u00fcr Erste Hilfe in der psychischen Gesundheit. Ich habe eine Bronzemedaille in Surf Life Saving und genie\u00dfe Bewegung, Laufen und Gymnastiktraining.<\/p>\n<p>Ich liebe es, mich f\u00fcr die Inspiration der Kreativit\u00e4t zu \u00f6ffnen und die k\u00fcnstlerische Energie durch mich flie\u00dfen zu lassen. Ich interessiere mich f\u00fcr Innenarchitektur, Grafik und die Neuausrichtung n\u00fctzlicher Ressourcen. Ich sehe eine stetige Vorw\u00e4rtsdynamik als den Schl\u00fcssel zu einer erfolgreichen Reise.<\/p>\n<p>&nbsp;<\/p>\n<\/div><div class=\"fusion-clearfix\"><\/div><\/div><\/div><\/div><\/div><div class=\"fusion-fullwidth fullwidth-box fusion-builder-row-2 fusion-parallax-fixed gradient-container-2 nonhundred-percent-fullwidth non-hundred-percent-height-scrolling\" style=\"--awb-border-sizes-top:0px;--awb-border-sizes-bottom:0px;--awb-border-sizes-left:0px;--awb-border-sizes-right:0px;--awb-border-color:#ff9800;--awb-border-style:dashed;--awb-border-radius-top-left:0px;--awb-border-radius-top-right:0px;--awb-border-radius-bottom-right:0px;--awb-border-radius-bottom-left:0px;--awb-background-image:url(&quot;http:\/\/csl.org\/wp-content\/uploads\/sites\/8\/2019\/05\/team-spirit-support-1024x829.jpg&quot;);--awb-background-size:cover;--awb-flex-wrap:wrap;background-attachment:fixed;\" ><div class=\"fusion-builder-row fusion-row\"><div class=\"fusion-layout-column fusion_builder_column fusion-builder-column-1 fusion_builder_column_1_1 1_1 fusion-one-full fusion-column-first fusion-column-last fusion-column-inner-bg-wrapper\" style=\"--awb-padding-top:250px;--awb-padding-right:100px;--awb-padding-bottom:250px;--awb-padding-left:100px;--awb-inner-bg-size:cover;--awb-border-color:#ff9800;--awb-border-top:0;--awb-border-right:0;--awb-border-bottom:0;--awb-border-left:0;--awb-border-style:solid;\"><span class=\"fusion-column-inner-bg hover-type-zoomin\"><span class=\"fusion-column-anchor\"><span class=\"fusion-column-inner-bg-image\"><\/span><\/span><\/span><div class=\"fusion-column-wrapper fusion-column-has-shadow fusion-flex-column-wrapper-legacy\"><div class=\"fusion-clearfix\"><\/div><\/div><\/div><\/div><\/div><\/p>\n","protected":false},"excerpt":{"rendered":"","protected":false},"author":1,"featured_media":0,"parent":5078,"menu_order":286,"comment_status":"closed","ping_status":"closed","template":"100-width.php","meta":{"_exactmetrics_skip_tracking":false,"_exactmetrics_sitenote_active":false,"_exactmetrics_sitenote_note":"","_exactmetrics_sitenote_category":0,"footnotes":""},"categories":[83],"tags":[],"class_list":["post-5076","page","type-page","status-publish","hentry","category-ueber-de"],"yoast_head":"<!-- This site is optimized with the Yoast SEO plugin v23.1 - https:\/\/yoast.com\/wordpress\/plugins\/seo\/ -->\n<title>Unterst\u00fctzungsteam - Zus\u00e4tzliche Informationen - Global Services - Centers for Spiritual Living<\/title>\n<meta name=\"robots\" content=\"index, follow, max-snippet:-1, max-image-preview:large, max-video-preview:-1\" \/>\n<link rel=\"canonical\" href=\"https:\/\/csl.org\/global\/de\/uber-uns\/globale-dienste\/unterstuetzungsteam-zusaetzliche-informationen\/\" \/>\n<meta property=\"og:locale\" content=\"en_US\" \/>\n<meta property=\"og:type\" content=\"article\" \/>\n<meta property=\"og:title\" content=\"Unterst\u00fctzungsteam - Zus\u00e4tzliche Informationen - Global Services - Centers for Spiritual Living\" \/>\n<meta property=\"og:url\" content=\"https:\/\/csl.org\/global\/de\/uber-uns\/globale-dienste\/unterstuetzungsteam-zusaetzliche-informationen\/\" \/>\n<meta property=\"og:site_name\" content=\"Global Services - Centers for Spiritual Living\" \/>\n<meta property=\"article:modified_time\" content=\"2020-09-09T08:29:39+00:00\" \/>\n<meta property=\"og:image\" content=\"http:\/\/csl.org\/wp-content\/uploads\/sites\/8\/2020\/09\/Rev-Martha-Quintana-sm.jpg\" \/>\n<meta name=\"twitter:card\" content=\"summary_large_image\" \/>\n<meta name=\"twitter:label1\" content=\"Est. reading time\" \/>\n\t<meta name=\"twitter:data1\" content=\"10 minutes\" \/>\n<script type=\"application\/ld+json\" class=\"yoast-schema-graph\">{\"@context\":\"https:\/\/schema.org\",\"@graph\":[{\"@type\":\"WebPage\",\"@id\":\"https:\/\/csl.org\/global\/de\/uber-uns\/globale-dienste\/unterstuetzungsteam-zusaetzliche-informationen\/\",\"url\":\"https:\/\/csl.org\/global\/de\/uber-uns\/globale-dienste\/unterstuetzungsteam-zusaetzliche-informationen\/\",\"name\":\"Unterst\u00fctzungsteam - Zus\u00e4tzliche Informationen - Global Services - Centers for Spiritual Living\",\"isPartOf\":{\"@id\":\"https:\/\/csl.org\/global\/de\/#website\"},\"primaryImageOfPage\":{\"@id\":\"https:\/\/csl.org\/global\/de\/uber-uns\/globale-dienste\/unterstuetzungsteam-zusaetzliche-informationen\/#primaryimage\"},\"image\":{\"@id\":\"https:\/\/csl.org\/global\/de\/uber-uns\/globale-dienste\/unterstuetzungsteam-zusaetzliche-informationen\/#primaryimage\"},\"thumbnailUrl\":\"http:\/\/csl.org\/wp-content\/uploads\/sites\/8\/2020\/09\/Rev-Martha-Quintana-sm.jpg\",\"datePublished\":\"2020-02-07T12:13:45+00:00\",\"dateModified\":\"2020-09-09T08:29:39+00:00\",\"breadcrumb\":{\"@id\":\"https:\/\/csl.org\/global\/de\/uber-uns\/globale-dienste\/unterstuetzungsteam-zusaetzliche-informationen\/#breadcrumb\"},\"inLanguage\":\"en-US\",\"potentialAction\":[{\"@type\":\"ReadAction\",\"target\":[\"https:\/\/csl.org\/global\/de\/uber-uns\/globale-dienste\/unterstuetzungsteam-zusaetzliche-informationen\/\"]}]},{\"@type\":\"ImageObject\",\"inLanguage\":\"en-US\",\"@id\":\"https:\/\/csl.org\/global\/de\/uber-uns\/globale-dienste\/unterstuetzungsteam-zusaetzliche-informationen\/#primaryimage\",\"url\":\"http:\/\/csl.org\/wp-content\/uploads\/sites\/8\/2020\/09\/Rev-Martha-Quintana-sm.jpg\",\"contentUrl\":\"http:\/\/csl.org\/wp-content\/uploads\/sites\/8\/2020\/09\/Rev-Martha-Quintana-sm.jpg\"},{\"@type\":\"BreadcrumbList\",\"@id\":\"https:\/\/csl.org\/global\/de\/uber-uns\/globale-dienste\/unterstuetzungsteam-zusaetzliche-informationen\/#breadcrumb\",\"itemListElement\":[{\"@type\":\"ListItem\",\"position\":1,\"name\":\"\u00dcBER UNS\",\"item\":\"https:\/\/csl.org\/global\/de\/uber-uns\/\"},{\"@type\":\"ListItem\",\"position\":2,\"name\":\"Globale Dienste\",\"item\":\"https:\/\/csl.org\/global\/de\/uber-uns\/globale-dienste\/\"},{\"@type\":\"ListItem\",\"position\":3,\"name\":\"Unterst\u00fctzungsteam &#8211; Zus\u00e4tzliche Informationen\"}]},{\"@type\":\"WebSite\",\"@id\":\"https:\/\/csl.org\/global\/de\/#website\",\"url\":\"https:\/\/csl.org\/global\/de\/\",\"name\":\"Global Services - Centers for Spiritual Living\",\"description\":\"\",\"potentialAction\":[{\"@type\":\"SearchAction\",\"target\":{\"@type\":\"EntryPoint\",\"urlTemplate\":\"https:\/\/csl.org\/global\/de\/?s={search_term_string}\"},\"query-input\":\"required name=search_term_string\"}],\"inLanguage\":\"en-US\"}]}<\/script>\n<!-- \/ Yoast SEO plugin. -->","yoast_head_json":{"title":"Unterst\u00fctzungsteam - Zus\u00e4tzliche Informationen - Global Services - Centers for Spiritual Living","robots":{"index":"index","follow":"follow","max-snippet":"max-snippet:-1","max-image-preview":"max-image-preview:large","max-video-preview":"max-video-preview:-1"},"canonical":"https:\/\/csl.org\/global\/de\/uber-uns\/globale-dienste\/unterstuetzungsteam-zusaetzliche-informationen\/","og_locale":"en_US","og_type":"article","og_title":"Unterst\u00fctzungsteam - Zus\u00e4tzliche Informationen - Global Services - Centers for Spiritual Living","og_url":"https:\/\/csl.org\/global\/de\/uber-uns\/globale-dienste\/unterstuetzungsteam-zusaetzliche-informationen\/","og_site_name":"Global Services - Centers for Spiritual Living","article_modified_time":"2020-09-09T08:29:39+00:00","og_image":[{"url":"http:\/\/csl.org\/wp-content\/uploads\/sites\/8\/2020\/09\/Rev-Martha-Quintana-sm.jpg"}],"twitter_card":"summary_large_image","twitter_misc":{"Est. reading time":"10 minutes"},"schema":{"@context":"https:\/\/schema.org","@graph":[{"@type":"WebPage","@id":"https:\/\/csl.org\/global\/de\/uber-uns\/globale-dienste\/unterstuetzungsteam-zusaetzliche-informationen\/","url":"https:\/\/csl.org\/global\/de\/uber-uns\/globale-dienste\/unterstuetzungsteam-zusaetzliche-informationen\/","name":"Unterst\u00fctzungsteam - Zus\u00e4tzliche Informationen - Global Services - Centers for Spiritual Living","isPartOf":{"@id":"https:\/\/csl.org\/global\/de\/#website"},"primaryImageOfPage":{"@id":"https:\/\/csl.org\/global\/de\/uber-uns\/globale-dienste\/unterstuetzungsteam-zusaetzliche-informationen\/#primaryimage"},"image":{"@id":"https:\/\/csl.org\/global\/de\/uber-uns\/globale-dienste\/unterstuetzungsteam-zusaetzliche-informationen\/#primaryimage"},"thumbnailUrl":"http:\/\/csl.org\/wp-content\/uploads\/sites\/8\/2020\/09\/Rev-Martha-Quintana-sm.jpg","datePublished":"2020-02-07T12:13:45+00:00","dateModified":"2020-09-09T08:29:39+00:00","breadcrumb":{"@id":"https:\/\/csl.org\/global\/de\/uber-uns\/globale-dienste\/unterstuetzungsteam-zusaetzliche-informationen\/#breadcrumb"},"inLanguage":"en-US","potentialAction":[{"@type":"ReadAction","target":["https:\/\/csl.org\/global\/de\/uber-uns\/globale-dienste\/unterstuetzungsteam-zusaetzliche-informationen\/"]}]},{"@type":"ImageObject","inLanguage":"en-US","@id":"https:\/\/csl.org\/global\/de\/uber-uns\/globale-dienste\/unterstuetzungsteam-zusaetzliche-informationen\/#primaryimage","url":"http:\/\/csl.org\/wp-content\/uploads\/sites\/8\/2020\/09\/Rev-Martha-Quintana-sm.jpg","contentUrl":"http:\/\/csl.org\/wp-content\/uploads\/sites\/8\/2020\/09\/Rev-Martha-Quintana-sm.jpg"},{"@type":"BreadcrumbList","@id":"https:\/\/csl.org\/global\/de\/uber-uns\/globale-dienste\/unterstuetzungsteam-zusaetzliche-informationen\/#breadcrumb","itemListElement":[{"@type":"ListItem","position":1,"name":"\u00dcBER UNS","item":"https:\/\/csl.org\/global\/de\/uber-uns\/"},{"@type":"ListItem","position":2,"name":"Globale Dienste","item":"https:\/\/csl.org\/global\/de\/uber-uns\/globale-dienste\/"},{"@type":"ListItem","position":3,"name":"Unterst\u00fctzungsteam &#8211; Zus\u00e4tzliche Informationen"}]},{"@type":"WebSite","@id":"https:\/\/csl.org\/global\/de\/#website","url":"https:\/\/csl.org\/global\/de\/","name":"Global Services - Centers for Spiritual Living","description":"","potentialAction":[{"@type":"SearchAction","target":{"@type":"EntryPoint","urlTemplate":"https:\/\/csl.org\/global\/de\/?s={search_term_string}"},"query-input":"required name=search_term_string"}],"inLanguage":"en-US"}]}},"_links":{"self":[{"href":"https:\/\/csl.org\/global\/wp-json\/wp\/v2\/pages\/5076"}],"collection":[{"href":"https:\/\/csl.org\/global\/wp-json\/wp\/v2\/pages"}],"about":[{"href":"https:\/\/csl.org\/global\/wp-json\/wp\/v2\/types\/page"}],"author":[{"embeddable":true,"href":"https:\/\/csl.org\/global\/wp-json\/wp\/v2\/users\/1"}],"replies":[{"embeddable":true,"href":"https:\/\/csl.org\/global\/wp-json\/wp\/v2\/comments?post=5076"}],"version-history":[{"count":3,"href":"https:\/\/csl.org\/global\/wp-json\/wp\/v2\/pages\/5076\/revisions"}],"predecessor-version":[{"id":8997,"href":"https:\/\/csl.org\/global\/wp-json\/wp\/v2\/pages\/5076\/revisions\/8997"}],"up":[{"embeddable":true,"href":"https:\/\/csl.org\/global\/wp-json\/wp\/v2\/pages\/5078"}],"wp:attachment":[{"href":"https:\/\/csl.org\/global\/wp-json\/wp\/v2\/media?parent=5076"}],"wp:term":[{"taxonomy":"category","embeddable":true,"href":"https:\/\/csl.org\/global\/wp-json\/wp\/v2\/categories?post=5076"},{"taxonomy":"post_tag","embeddable":true,"href":"https:\/\/csl.org\/global\/wp-json\/wp\/v2\/tags?post=5076"}],"curies":[{"name":"wp","href":"https:\/\/api.w.org\/{rel}","templated":true}]}}