{"id":5167,"date":"2020-02-17T10:58:31","date_gmt":"2020-02-17T10:58:31","guid":{"rendered":"https:\/\/csl.org\/global\/service\/coeur-de-la-paix\/"},"modified":"2020-04-12T22:08:40","modified_gmt":"2020-04-12T22:08:40","slug":"coeur-de-la-paix","status":"publish","type":"page","link":"https:\/\/csl.org\/global\/service\/coeur-de-la-paix\/","title":{"rendered":"Le C\u0153ur de la Paix"},"content":{"rendered":"<p><div class=\"fusion-fullwidth fullwidth-box fusion-builder-row-1 gradient-container-1 nonhundred-percent-fullwidth non-hundred-percent-height-scrolling\" style=\"--awb-border-radius-top-left:0px;--awb-border-radius-top-right:0px;--awb-border-radius-bottom-right:0px;--awb-border-radius-bottom-left:0px;--awb-background-color:#ffffff;--awb-flex-wrap:wrap;\" ><div class=\"fusion-builder-row fusion-row\"><div class=\"fusion-layout-column fusion_builder_column fusion-builder-column-0 fusion_builder_column_1_1 1_1 fusion-one-full fusion-column-first fusion-column-last fusion-animated\" style=\"--awb-padding-top:50px;--awb-padding-right:3%;--awb-padding-bottom:50px;--awb-padding-left:3%;--awb-bg-color:#ffffff;--awb-bg-color-hover:#ffffff;--awb-bg-size:cover;\" data-animationType=\"zoomIn\" data-animationDuration=\"0.3\" data-animationOffset=\"top-into-view\"><div class=\"fusion-column-wrapper fusion-column-has-shadow fusion-flex-column-wrapper-legacy\"><div class=\"fusion-text fusion-text-1\"><h1>INITIATIVES DE PAIX DE\u00a0CENTRES POUR\u00a0LA VIE SPIRITUELLE<\/h1>\n<p>Vous cherchez des moyens d&#8217;apporter plus de paix dans le monde ? Les Centres pour la Vie Spirituelle (CSL) enseignent que la paix commence \u00e0 l&#8217;int\u00e9rieur de nous et nous encouragent tous \u00e0 apporter plus de paix dans notre conscience.<\/p>\n<p><em> &#8220;Nous devons penser \u00e0 la paix si nous voulons exprimer la paix. L&#8217;esprit qui est toujours confus et d\u00e9sempar\u00e9 n&#8217;est pas en paix ; l&#8217;esprit qui est continuellement boulevers\u00e9 et agit\u00e9 par les petites choses mesquines de la vie n&#8217;est pas en paix ; il est en guerre avec lui-m\u00eame. Ce n&#8217;est que lorsque l&#8217;esprit individuel cessera de se combattre lui-m\u00eame qu&#8217;il cessera de combattre les autres&#8221;. ~Ernest Holmes<\/em><\/p>\n<p>En plus de faire \u00e9voluer notre conscience, nous, les Centres pour la Vie Spirituelle (CSL) encourageons \u00e9galement chacun \u00e0 envisager de s&#8217;impliquer dans certaines actions de paix dans le monde. En voici quelques-unes que nous soutenons:<\/p>\n<h2>Groupes de m\u00e9ditation collective &#8220;Coeur de la Paix&#8221;<\/h2>\n<p><img fetchpriority=\"high\" decoding=\"async\" class=\"size-full wp-image-2440 aligncenter\" src=\"http:\/\/csl.org\/wp-content\/uploads\/sites\/8\/2019\/05\/Heart_of_Peace_logo.jpg\" alt=\"Heart of Peace\" width=\"250\" height=\"250\" srcset=\"https:\/\/csl.org\/global\/wp-content\/uploads\/sites\/8\/2019\/05\/Heart_of_Peace_logo-66x66.jpg 66w, https:\/\/csl.org\/global\/wp-content\/uploads\/sites\/8\/2019\/05\/Heart_of_Peace_logo-150x150.jpg 150w, https:\/\/csl.org\/global\/wp-content\/uploads\/sites\/8\/2019\/05\/Heart_of_Peace_logo-200x200.jpg 200w, https:\/\/csl.org\/global\/wp-content\/uploads\/sites\/8\/2019\/05\/Heart_of_Peace_logo.jpg 250w\" sizes=\"(max-width: 250px) 100vw, 250px\" \/> Vous souhaitez cr\u00e9er un groupe de m\u00e9ditation pour la paix? Si oui, [<a href=\"https:\/\/ourcsl.org\/csl-peace-initiatives\/start-meditation-group\" target=\"_blank\" rel=\"noopener noreferrer\">cliquez ici<\/a>].<\/p>\n<p>Aimeriez-vous trouver un groupe (en personne ou en ligne\/t\u00e9l\u00e9phone) qui se r\u00e9unit pour une m\u00e9ditation de groupe pour la paix? Si oui, [<a href=\"https:\/\/ourcsl.org\/csl-peace-initiatives\/find-meditation-group\" target=\"_blank\" rel=\"noopener noreferrer\">cliquez ici<\/a>].<\/p>\n<h2>Association for Global New Thought Peace Seasons<\/h2>\n<p><img decoding=\"async\" class=\"size-full wp-image-2441 aligncenter\" src=\"http:\/\/csl.org\/wp-content\/uploads\/sites\/8\/2019\/05\/peace_nonviolence_logo.jpg\" alt=\"\" width=\"250\" height=\"177\" srcset=\"https:\/\/csl.org\/global\/wp-content\/uploads\/sites\/8\/2019\/05\/peace_nonviolence_logo-200x142.jpg 200w, https:\/\/csl.org\/global\/wp-content\/uploads\/sites\/8\/2019\/05\/peace_nonviolence_logo.jpg 250w\" sizes=\"(max-width: 250px) 100vw, 250px\" \/> Gr\u00e2ce \u00e0 son partenariat avec l&#8217;Association for Global New Thought, les Centres pour la Vie Spirituelle (CSL) encouragent toutes ses communaut\u00e9s membres et ses amis \u00e0 participer tout au long de l&#8217;ann\u00e9e aux Saisons de la paix et de la non-violence. Ces saisons et leur calendrier sont d\u00e9crits ici : <a href=\"http:\/\/www.agnt.org\/seasons\" target=\"_blank\" rel=\"noopener noreferrer\">www.agnt.org\/seasons<\/a><\/p>\n<p>2017 a marqu<span style=\"float: none;background-color: #e8f7e3;color: #333333;cursor: text;font-family: Georgia,'Times New Roman','Bitstream Charter',Times,serif;font-size: 16px;font-style: normal;font-variant: normal;font-weight: 400;letter-spacing: normal;text-align: left;text-decoration: none;text-indent: 0px;text-transform: none\">\u00e9<\/span> le 20e anniversaire de la Saison de la non-violence de Gandhi King qui se d\u00e9roule du 30 janvier au 4 avril. Des \u00e9v\u00e9nements sp\u00e9ciaux en ligne avec des invit<span style=\"float: none;background-color: #e8f7e3;color: #333333;cursor: text;font-family: Georgia,'Times New Roman','Bitstream Charter',Times,serif;font-size: 16px;font-style: normal;font-variant: normal;font-weight: 400;letter-spacing: normal;text-align: left;text-decoration: none;text-indent: 0px;text-transform: none\">\u00e9<\/span>s de renon ont particip<span style=\"float: none;background-color: #e8f7e3;color: #333333;cursor: text;font-family: Georgia,'Times New Roman','Bitstream Charter',Times,serif;font-size: 16px;font-style: normal;font-variant: normal;font-weight: 400;letter-spacing: normal;text-align: left;text-decoration: none;text-indent: 0px;text-transform: none\">\u00e9<\/span> au d\u00e9but et la fin de la saison. Les centres et les particuliers peuvent acc\u00e9der \u00e0 une mine d&#8217;informations et de ressources pour les aider \u00e0 organiser leurs propres \u00e9v\u00e9nements de la saison pour la paix \u00e0 <a href=\"http:\/\/www.agnt.org\/season-for-nonviolence\" target=\"_blank\" rel=\"noopener noreferrer\">www.agnt.org\/season-for-nonviolence\u00a0<\/a><\/p>\n<h2>Journ\u00e9e internationale de la paix des Nations Unies<\/h2>\n<p>Chaque ann\u00e9e, le 21 septembre, les Nations Unies consacrent une journ\u00e9e au renforcement des id\u00e9aux de paix, tant au sein des nations et des peuples qu&#8217;entre eux. Pour plus d&#8217;informations sur les programmes [<a href=\"https:\/\/internationaldayofpeace.org\/\" target=\"_blank\" rel=\"noopener noreferrer\">cliquez ici<\/a>].<\/p>\n<p>En 2016, les Centers for Spiritual Living ont organis\u00e9 une c\u00e9l\u00e9bration officielle de la Journ\u00e9e de la Paix au Home Office \u00e0 Golden, Colorado. Une vid\u00e9o des faits saillants de l&#8217;\u00e9v\u00e9nement est disponible en ligne \u00e0 l&#8217;adresse suivante: <a href=\"https:\/\/youtu.be\/hCvf0631Dcs\" target=\"_blank\" rel=\"noopener noreferrer\">https:\/\/youtu.be\/hCvf0631Dcs<\/a><\/p>\n<p>Pour plus d&#8217;informations sur notre comit\u00e9 &#8220;C\u0153ur de la Paix&#8221; et ses actions, [<a href=\"https:\/\/ourcsl.org\/csl-peace-initiatives\/peace-committee\" target=\"_blank\" rel=\"noopener noreferrer\">cliquez ici<\/a>].<\/p>\n<p>&nbsp;<\/p>\n<\/div><div class=\"fusion-clearfix\"><\/div><\/div><\/div><\/div><\/div><div class=\"fusion-bg-parallax\" data-bg-align=\"center center\" data-direction=\"up\" data-mute=\"false\" data-opacity=\"100\" data-velocity=\"-0.7\" data-mobile-enabled=\"true\" data-break_parents=\"0\" data-bg-image=\"http:\/\/csl.org\/wp-content\/uploads\/sites\/8\/2019\/05\/dove-peace-1-800x523.jpg\" data-bg-repeat=\"false\" ><\/div><div class=\"fusion-fullwidth fullwidth-box fusion-builder-row-2 fusion-parallax-up gradient-container-2 nonhundred-percent-fullwidth non-hundred-percent-height-scrolling\" style=\"--awb-border-radius-top-left:0px;--awb-border-radius-top-right:0px;--awb-border-radius-bottom-right:0px;--awb-border-radius-bottom-left:0px;--awb-background-image:url(&quot;http:\/\/csl.org\/wp-content\/uploads\/sites\/8\/2019\/05\/dove-peace-1-800x523.jpg&quot;);--awb-background-size:cover;--awb-flex-wrap:wrap;\" ><div class=\"fusion-builder-row fusion-row\"><div class=\"fusion-layout-column fusion_builder_column fusion-builder-column-1 fusion_builder_column_1_1 1_1 fusion-one-full fusion-column-first fusion-column-last\" style=\"--awb-padding-top:250px;--awb-padding-right:200px;--awb-padding-bottom:250px;--awb-padding-left:200px;--awb-bg-size:cover;\"><div class=\"fusion-column-wrapper fusion-column-has-shadow fusion-flex-column-wrapper-legacy\"><div class=\"fusion-clearfix\"><\/div><\/div><\/div><\/div><\/div><\/p>\n","protected":false},"excerpt":{"rendered":"","protected":false},"author":1,"featured_media":0,"parent":5017,"menu_order":171,"comment_status":"closed","ping_status":"closed","template":"100-width.php","meta":{"_exactmetrics_skip_tracking":false,"_exactmetrics_sitenote_active":false,"_exactmetrics_sitenote_note":"","_exactmetrics_sitenote_category":0,"footnotes":""},"categories":[91],"tags":[],"class_list":["post-5167","page","type-page","status-publish","hentry","category-service-fr"],"yoast_head":"<!-- This site is optimized with the Yoast SEO plugin v23.1 - https:\/\/yoast.com\/wordpress\/plugins\/seo\/ -->\n<title>Le C\u0153ur de la Paix - Global Services - Centers for Spiritual Living<\/title>\n<meta name=\"robots\" content=\"index, follow, max-snippet:-1, max-image-preview:large, max-video-preview:-1\" \/>\n<link rel=\"canonical\" href=\"https:\/\/csl.org\/global\/fr\/service\/coeur-de-la-paix\/\" \/>\n<meta property=\"og:locale\" content=\"en_US\" \/>\n<meta property=\"og:type\" content=\"article\" \/>\n<meta property=\"og:title\" content=\"Le C\u0153ur de la Paix - Global Services - Centers for Spiritual Living\" \/>\n<meta property=\"og:url\" content=\"https:\/\/csl.org\/global\/fr\/service\/coeur-de-la-paix\/\" \/>\n<meta property=\"og:site_name\" content=\"Global Services - Centers for Spiritual Living\" \/>\n<meta property=\"article:modified_time\" content=\"2020-04-12T22:08:40+00:00\" \/>\n<meta property=\"og:image\" content=\"http:\/\/csl.org\/wp-content\/uploads\/sites\/8\/2019\/05\/Heart_of_Peace_logo.jpg\" \/>\n<meta name=\"twitter:card\" content=\"summary_large_image\" \/>\n<meta name=\"twitter:label1\" content=\"Est. reading time\" \/>\n\t<meta name=\"twitter:data1\" content=\"5 minutes\" \/>\n<script type=\"application\/ld+json\" class=\"yoast-schema-graph\">{\"@context\":\"https:\/\/schema.org\",\"@graph\":[{\"@type\":\"WebPage\",\"@id\":\"https:\/\/csl.org\/global\/fr\/service\/coeur-de-la-paix\/\",\"url\":\"https:\/\/csl.org\/global\/fr\/service\/coeur-de-la-paix\/\",\"name\":\"Le C\u0153ur de la Paix - Global Services - Centers for Spiritual Living\",\"isPartOf\":{\"@id\":\"https:\/\/csl.org\/global\/de\/#website\"},\"primaryImageOfPage\":{\"@id\":\"https:\/\/csl.org\/global\/fr\/service\/coeur-de-la-paix\/#primaryimage\"},\"image\":{\"@id\":\"https:\/\/csl.org\/global\/fr\/service\/coeur-de-la-paix\/#primaryimage\"},\"thumbnailUrl\":\"http:\/\/csl.org\/wp-content\/uploads\/sites\/8\/2019\/05\/Heart_of_Peace_logo.jpg\",\"datePublished\":\"2020-02-17T10:58:31+00:00\",\"dateModified\":\"2020-04-12T22:08:40+00:00\",\"breadcrumb\":{\"@id\":\"https:\/\/csl.org\/global\/fr\/service\/coeur-de-la-paix\/#breadcrumb\"},\"inLanguage\":\"en-US\",\"potentialAction\":[{\"@type\":\"ReadAction\",\"target\":[\"https:\/\/csl.org\/global\/fr\/service\/coeur-de-la-paix\/\"]}]},{\"@type\":\"ImageObject\",\"inLanguage\":\"en-US\",\"@id\":\"https:\/\/csl.org\/global\/fr\/service\/coeur-de-la-paix\/#primaryimage\",\"url\":\"http:\/\/csl.org\/wp-content\/uploads\/sites\/8\/2019\/05\/Heart_of_Peace_logo.jpg\",\"contentUrl\":\"http:\/\/csl.org\/wp-content\/uploads\/sites\/8\/2019\/05\/Heart_of_Peace_logo.jpg\"},{\"@type\":\"BreadcrumbList\",\"@id\":\"https:\/\/csl.org\/global\/fr\/service\/coeur-de-la-paix\/#breadcrumb\",\"itemListElement\":[{\"@type\":\"ListItem\",\"position\":1,\"name\":\"SERVICE\",\"item\":\"https:\/\/csl.org\/global\/fr\/service\/\"},{\"@type\":\"ListItem\",\"position\":2,\"name\":\"Le C\u0153ur de la Paix\"}]},{\"@type\":\"WebSite\",\"@id\":\"https:\/\/csl.org\/global\/de\/#website\",\"url\":\"https:\/\/csl.org\/global\/de\/\",\"name\":\"Global Services - Centers for Spiritual Living\",\"description\":\"\",\"potentialAction\":[{\"@type\":\"SearchAction\",\"target\":{\"@type\":\"EntryPoint\",\"urlTemplate\":\"https:\/\/csl.org\/global\/de\/?s={search_term_string}\"},\"query-input\":\"required name=search_term_string\"}],\"inLanguage\":\"en-US\"}]}<\/script>\n<!-- \/ Yoast SEO plugin. -->","yoast_head_json":{"title":"Le C\u0153ur de la Paix - Global Services - Centers for Spiritual Living","robots":{"index":"index","follow":"follow","max-snippet":"max-snippet:-1","max-image-preview":"max-image-preview:large","max-video-preview":"max-video-preview:-1"},"canonical":"https:\/\/csl.org\/global\/fr\/service\/coeur-de-la-paix\/","og_locale":"en_US","og_type":"article","og_title":"Le C\u0153ur de la Paix - Global Services - Centers for Spiritual Living","og_url":"https:\/\/csl.org\/global\/fr\/service\/coeur-de-la-paix\/","og_site_name":"Global Services - Centers for Spiritual Living","article_modified_time":"2020-04-12T22:08:40+00:00","og_image":[{"url":"http:\/\/csl.org\/wp-content\/uploads\/sites\/8\/2019\/05\/Heart_of_Peace_logo.jpg"}],"twitter_card":"summary_large_image","twitter_misc":{"Est. reading time":"5 minutes"},"schema":{"@context":"https:\/\/schema.org","@graph":[{"@type":"WebPage","@id":"https:\/\/csl.org\/global\/fr\/service\/coeur-de-la-paix\/","url":"https:\/\/csl.org\/global\/fr\/service\/coeur-de-la-paix\/","name":"Le C\u0153ur de la Paix - Global Services - Centers for Spiritual Living","isPartOf":{"@id":"https:\/\/csl.org\/global\/de\/#website"},"primaryImageOfPage":{"@id":"https:\/\/csl.org\/global\/fr\/service\/coeur-de-la-paix\/#primaryimage"},"image":{"@id":"https:\/\/csl.org\/global\/fr\/service\/coeur-de-la-paix\/#primaryimage"},"thumbnailUrl":"http:\/\/csl.org\/wp-content\/uploads\/sites\/8\/2019\/05\/Heart_of_Peace_logo.jpg","datePublished":"2020-02-17T10:58:31+00:00","dateModified":"2020-04-12T22:08:40+00:00","breadcrumb":{"@id":"https:\/\/csl.org\/global\/fr\/service\/coeur-de-la-paix\/#breadcrumb"},"inLanguage":"en-US","potentialAction":[{"@type":"ReadAction","target":["https:\/\/csl.org\/global\/fr\/service\/coeur-de-la-paix\/"]}]},{"@type":"ImageObject","inLanguage":"en-US","@id":"https:\/\/csl.org\/global\/fr\/service\/coeur-de-la-paix\/#primaryimage","url":"http:\/\/csl.org\/wp-content\/uploads\/sites\/8\/2019\/05\/Heart_of_Peace_logo.jpg","contentUrl":"http:\/\/csl.org\/wp-content\/uploads\/sites\/8\/2019\/05\/Heart_of_Peace_logo.jpg"},{"@type":"BreadcrumbList","@id":"https:\/\/csl.org\/global\/fr\/service\/coeur-de-la-paix\/#breadcrumb","itemListElement":[{"@type":"ListItem","position":1,"name":"SERVICE","item":"https:\/\/csl.org\/global\/fr\/service\/"},{"@type":"ListItem","position":2,"name":"Le C\u0153ur de la Paix"}]},{"@type":"WebSite","@id":"https:\/\/csl.org\/global\/de\/#website","url":"https:\/\/csl.org\/global\/de\/","name":"Global Services - Centers for Spiritual Living","description":"","potentialAction":[{"@type":"SearchAction","target":{"@type":"EntryPoint","urlTemplate":"https:\/\/csl.org\/global\/de\/?s={search_term_string}"},"query-input":"required name=search_term_string"}],"inLanguage":"en-US"}]}},"_links":{"self":[{"href":"https:\/\/csl.org\/global\/wp-json\/wp\/v2\/pages\/5167"}],"collection":[{"href":"https:\/\/csl.org\/global\/wp-json\/wp\/v2\/pages"}],"about":[{"href":"https:\/\/csl.org\/global\/wp-json\/wp\/v2\/types\/page"}],"author":[{"embeddable":true,"href":"https:\/\/csl.org\/global\/wp-json\/wp\/v2\/users\/1"}],"replies":[{"embeddable":true,"href":"https:\/\/csl.org\/global\/wp-json\/wp\/v2\/comments?post=5167"}],"version-history":[{"count":4,"href":"https:\/\/csl.org\/global\/wp-json\/wp\/v2\/pages\/5167\/revisions"}],"predecessor-version":[{"id":5609,"href":"https:\/\/csl.org\/global\/wp-json\/wp\/v2\/pages\/5167\/revisions\/5609"}],"up":[{"embeddable":true,"href":"https:\/\/csl.org\/global\/wp-json\/wp\/v2\/pages\/5017"}],"wp:attachment":[{"href":"https:\/\/csl.org\/global\/wp-json\/wp\/v2\/media?parent=5167"}],"wp:term":[{"taxonomy":"category","embeddable":true,"href":"https:\/\/csl.org\/global\/wp-json\/wp\/v2\/categories?post=5167"},{"taxonomy":"post_tag","embeddable":true,"href":"https:\/\/csl.org\/global\/wp-json\/wp\/v2\/tags?post=5167"}],"curies":[{"name":"wp","href":"https:\/\/api.w.org\/{rel}","templated":true}]}}