{"id":5339,"date":"2020-02-24T11:52:42","date_gmt":"2020-02-24T11:52:42","guid":{"rendered":"https:\/\/csl.org\/global\/dienst\/weltweite-projekte\/"},"modified":"2020-02-24T11:52:44","modified_gmt":"2020-02-24T11:52:44","slug":"weltweite-projekte","status":"publish","type":"page","link":"https:\/\/csl.org\/global\/dienst\/weltweite-projekte\/","title":{"rendered":"Weltweite Projekte"},"content":{"rendered":"<p><div class=\"fusion-fullwidth fullwidth-box fusion-builder-row-1 gradient-container-1 nonhundred-percent-fullwidth non-hundred-percent-height-scrolling\" style=\"--awb-border-radius-top-left:0px;--awb-border-radius-top-right:0px;--awb-border-radius-bottom-right:0px;--awb-border-radius-bottom-left:0px;--awb-flex-wrap:wrap;\" ><div class=\"fusion-builder-row fusion-row\"><div class=\"fusion-layout-column fusion_builder_column fusion-builder-column-0 fusion_builder_column_1_1 1_1 fusion-one-full fusion-column-first fusion-column-last fusion-animated\" style=\"--awb-padding-top:50px;--awb-padding-right:3%;--awb-padding-bottom:50px;--awb-padding-left:3%;--awb-bg-color:#ffffff;--awb-bg-color-hover:#ffffff;--awb-bg-size:cover;\" data-animationType=\"zoomIn\" data-animationDuration=\"0.3\" data-animationOffset=\"top-into-view\"><div class=\"fusion-column-wrapper fusion-column-has-shadow fusion-flex-column-wrapper-legacy\"><div class=\"fusion-text fusion-text-1\"><h1>Globale Dienst Projekte<\/h1>\n<p><img fetchpriority=\"high\" decoding=\"async\" class=\"size-400 wp-image-2836 aligncenter\" src=\"http:\/\/csl.org\/wp-content\/uploads\/sites\/8\/2019\/05\/global-projects-400x283.jpg\" alt=\"\" width=\"400\" height=\"283\" srcset=\"https:\/\/csl.org\/global\/wp-content\/uploads\/sites\/8\/2019\/05\/global-projects-200x141.jpg 200w, https:\/\/csl.org\/global\/wp-content\/uploads\/sites\/8\/2019\/05\/global-projects-300x212.jpg 300w, https:\/\/csl.org\/global\/wp-content\/uploads\/sites\/8\/2019\/05\/global-projects-400x283.jpg 400w, https:\/\/csl.org\/global\/wp-content\/uploads\/sites\/8\/2019\/05\/global-projects-600x424.jpg 600w, https:\/\/csl.org\/global\/wp-content\/uploads\/sites\/8\/2019\/05\/global-projects-768x542.jpg 768w, https:\/\/csl.org\/global\/wp-content\/uploads\/sites\/8\/2019\/05\/global-projects-800x565.jpg 800w, https:\/\/csl.org\/global\/wp-content\/uploads\/sites\/8\/2019\/05\/global-projects-1024x723.jpg 1024w, https:\/\/csl.org\/global\/wp-content\/uploads\/sites\/8\/2019\/05\/global-projects-1200x848.jpg 1200w, https:\/\/csl.org\/global\/wp-content\/uploads\/sites\/8\/2019\/05\/global-projects.jpg 1280w\" sizes=\"(max-width: 400px) 100vw, 400px\" \/><\/p>\n<p><a id=\"\u00dcberblick\"><\/a>Bei <strong>Globale Dienst<\/strong> sind wir uns der Verbundenheit und der gro\u00dfen Freude bewusst, die aus der Anerkennung und Unterst\u00fctzung von Projekten anderer, die in der Gemeinschaft der Wissenschaft des Geistes und der Seele t\u00e4tig sind, entsteht. Wir unterst\u00fctzen die folgenden Gruppen und Projekte, die unten aufgef\u00fchrt sind!<\/p>\n<p><strong><span style=\"color: #333399\">Unterst\u00fctzung von<\/span><\/strong><\/p>\n<p style=\"padding-left: 80px\"><span><a id=\"CSL-Teens-Malawi-Afrika-Schulprojekt\"><\/a><span style=\"color: #339966\">Das CSL-Teens Malawi, Afrika Schulprojekt<\/span><\/span><\/p>\n<p style=\"padding-left: 120px\"><strong><span style=\"color: #333399\"><em>M\u00f6glichkeiten durch spirituelles Erwachen in die Realit\u00e4t umsetzen<\/em><\/span><\/strong><\/p>\n<p>Unter der Leitung von Pfarrer Keith Cox haben Hunderte von Jugendlichen an einem Schulbauprojekt in Malawi auf dem afrikanischen Kontinent teilgenommen. In den letzten 6 Jahren wurden im Distrikt Kasungu in Malawi 19 Schulen gebaut.<\/p>\n<p style=\"text-align: center\"><img decoding=\"async\" class=\"alignnone wp-image-2458\" src=\"http:\/\/csl.org\/wp-content\/uploads\/sites\/8\/2019\/05\/africa-1.jpg\" alt=\"\" width=\"336\" height=\"232\" srcset=\"https:\/\/csl.org\/global\/wp-content\/uploads\/sites\/8\/2019\/05\/africa-1-200x138.jpg 200w, https:\/\/csl.org\/global\/wp-content\/uploads\/sites\/8\/2019\/05\/africa-1-300x207.jpg 300w, https:\/\/csl.org\/global\/wp-content\/uploads\/sites\/8\/2019\/05\/africa-1.jpg 336w\" sizes=\"(max-width: 336px) 100vw, 336px\" \/><img decoding=\"async\" class=\"alignnone wp-image-2459\" src=\"http:\/\/csl.org\/wp-content\/uploads\/sites\/8\/2019\/05\/africa-2.jpg\" alt=\"\" width=\"310\" height=\"232\" srcset=\"https:\/\/csl.org\/global\/wp-content\/uploads\/sites\/8\/2019\/05\/africa-2-200x150.jpg 200w, https:\/\/csl.org\/global\/wp-content\/uploads\/sites\/8\/2019\/05\/africa-2-300x225.jpg 300w, https:\/\/csl.org\/global\/wp-content\/uploads\/sites\/8\/2019\/05\/africa-2.jpg 311w\" sizes=\"(max-width: 310px) 100vw, 310px\" \/><\/p>\n<h2><a id=\"CSL-Teens\"><\/a>CSL-Teens<\/h2>\n<p><a href=\"http:\/\/www.cslteens.net\/\" target=\"_blank\" rel=\"noopener noreferrer\"><img loading=\"lazy\" decoding=\"async\" class=\"size-full wp-image-2471 aligncenter\" src=\"http:\/\/csl.org\/wp-content\/uploads\/sites\/8\/2019\/05\/csl-teens-logo.jpg\" alt=\"CSL Teens\" width=\"328\" height=\"121\" srcset=\"https:\/\/csl.org\/global\/wp-content\/uploads\/sites\/8\/2019\/05\/csl-teens-logo-200x74.jpg 200w, https:\/\/csl.org\/global\/wp-content\/uploads\/sites\/8\/2019\/05\/csl-teens-logo-300x111.jpg 300w, https:\/\/csl.org\/global\/wp-content\/uploads\/sites\/8\/2019\/05\/csl-teens-logo.jpg 328w\" sizes=\"(max-width: 328px) 100vw, 328px\" \/><\/a><\/p>\n<p style=\"text-align: center\"><img loading=\"lazy\" decoding=\"async\" class=\"alignnone wp-image-2462\" src=\"http:\/\/csl.org\/wp-content\/uploads\/sites\/8\/2019\/05\/teens-1.jpg\" alt=\"teens\" width=\"249\" height=\"165\" srcset=\"https:\/\/csl.org\/global\/wp-content\/uploads\/sites\/8\/2019\/05\/teens-1-200x133.jpg 200w, https:\/\/csl.org\/global\/wp-content\/uploads\/sites\/8\/2019\/05\/teens-1.jpg 249w\" sizes=\"(max-width: 249px) 100vw, 249px\" \/> <img loading=\"lazy\" decoding=\"async\" class=\"alignnone wp-image-2463\" src=\"http:\/\/csl.org\/wp-content\/uploads\/sites\/8\/2019\/05\/teens-2.jpg\" alt=\"\" width=\"219\" height=\"165\" \/><\/p>\n<p>Die 13- bis 18-j\u00e4hrigen Teenager sind Gastgeber von Veranstaltungen, \u00dcbernachtungen, Camps und Vortr\u00e4gen in verschiedenen Zentren. Die CSL Teens sind \u00fcberall auf der Welt; eine gro\u00dfe Konzentration liegt jedoch in Nordamerika. Die Teenager-Gruppen bieten den Teenagern eine sichere Umgebung, um ihre Spiritualit\u00e4t zu erforschen und eine Grundlage f\u00fcr die Praxis mit universellen spirituellen Prinzipien zu gewinnen, die aus den Religionen der Welt synthetisiert wurden.<\/p>\n<p>Die Teenager sind bestrebt, sich spirituell zu bereichern und eine globale Jugendgemeinschaft aufzubauen. <a href=\"&#x6d;&#97;&#x69;&#108;t&#x6f;&#58;i&#x6e;&#102;&#x6f;&#x40;c&#x73;&#108;t&#x65;&#101;&#x6e;&#x73;&#46;&#x6e;&#101;t\">Kontaktaufnahme mit ihnen<\/a>!<\/p>\n<h2><a id=\"Khmer-Kinderstiftung-Kambodscha\"><\/a>Die Kaleidoskop-Kinderstiftung<\/h2>\n<p><a href=\"http:\/\/www.khmerchildfoundation.org\/\" target=\"_blank\" rel=\"noopener noreferrer\"><img loading=\"lazy\" decoding=\"async\" class=\"wp-image-2460 size-400 aligncenter\" src=\"http:\/\/csl.org\/wp-content\/uploads\/sites\/8\/2019\/05\/KaleidoscopeChildFoundation-colorlogo-vert-400x394.jpg\" alt=\"\" width=\"400\" height=\"394\" srcset=\"https:\/\/csl.org\/global\/wp-content\/uploads\/sites\/8\/2019\/05\/KaleidoscopeChildFoundation-colorlogo-vert-66x66.jpg 66w, https:\/\/csl.org\/global\/wp-content\/uploads\/sites\/8\/2019\/05\/KaleidoscopeChildFoundation-colorlogo-vert-200x197.jpg 200w, https:\/\/csl.org\/global\/wp-content\/uploads\/sites\/8\/2019\/05\/KaleidoscopeChildFoundation-colorlogo-vert-300x295.jpg 300w, https:\/\/csl.org\/global\/wp-content\/uploads\/sites\/8\/2019\/05\/KaleidoscopeChildFoundation-colorlogo-vert-400x394.jpg 400w, https:\/\/csl.org\/global\/wp-content\/uploads\/sites\/8\/2019\/05\/KaleidoscopeChildFoundation-colorlogo-vert-600x591.jpg 600w, https:\/\/csl.org\/global\/wp-content\/uploads\/sites\/8\/2019\/05\/KaleidoscopeChildFoundation-colorlogo-vert-768x756.jpg 768w, https:\/\/csl.org\/global\/wp-content\/uploads\/sites\/8\/2019\/05\/KaleidoscopeChildFoundation-colorlogo-vert-800x788.jpg 800w, https:\/\/csl.org\/global\/wp-content\/uploads\/sites\/8\/2019\/05\/KaleidoscopeChildFoundation-colorlogo-vert-1024x1009.jpg 1024w, https:\/\/csl.org\/global\/wp-content\/uploads\/sites\/8\/2019\/05\/KaleidoscopeChildFoundation-colorlogo-vert.jpg 1131w\" sizes=\"(max-width: 400px) 100vw, 400px\" \/><\/a><em>&#8220;Wir wollen jedem Kind helfen, ein besseres Jetzt und ein helleres Morgen zu erleben.&#8221;<\/em><\/p>\n<p>Dr. David Ault gr\u00fcndete diese gemeinn\u00fctzige Organisation (urspr\u00fcnglich unter dem Namen Khmer Child Foundation), um das Leben von verwaisten und armen Kindern in Kambodscha zu verbessern und nachhaltige L\u00f6sungen f\u00fcr eine hohe Lebensqualit\u00e4t zu schaffen. Zu diesen Initiativen geh\u00f6ren: kostenlose Bildung, Projekte zur F\u00f6rderung von S\u00fc\u00dfwasserbrunnen, medizinische\/hygienische Unterst\u00fctzung, Ausbildung in Landwirtschaft und Lebenskompetenzen. Nach einem langwierigen Genehmigungsprozess durch die NGOs und dem Erfolg in Kambodscha haben Dr. David und sein Team \u00e4hnliche Initiativen f\u00fcr kostenlose Bildung in der Region Bishar in Indien und in der Region Panajachel in Guatemala begonnen. <a href=\"http:\/\/www.kaleidoscopechildfoundation.org\" target=\"_blank\" rel=\"noopener noreferrer\">http:\/\/www.kaleidoscopechildfoundation.org<\/a><\/p>\n<p style=\"text-align: center\"><img loading=\"lazy\" decoding=\"async\" class=\"size-full wp-image-2461 aligncenter\" src=\"http:\/\/csl.org\/wp-content\/uploads\/sites\/8\/2019\/05\/Khmer-child.jpg\" alt=\"\" width=\"552\" height=\"137\" srcset=\"https:\/\/csl.org\/global\/wp-content\/uploads\/sites\/8\/2019\/05\/Khmer-child-200x50.jpg 200w, https:\/\/csl.org\/global\/wp-content\/uploads\/sites\/8\/2019\/05\/Khmer-child-300x74.jpg 300w, https:\/\/csl.org\/global\/wp-content\/uploads\/sites\/8\/2019\/05\/Khmer-child-400x99.jpg 400w, https:\/\/csl.org\/global\/wp-content\/uploads\/sites\/8\/2019\/05\/Khmer-child.jpg 552w\" sizes=\"(max-width: 552px) 100vw, 552px\" \/><\/p>\n<p style=\"text-align: center\"><em>Das Leben kambodschanischer Kinder durch Bildung und Unterst\u00fctzung der Lebensqualit\u00e4t st\u00e4rken.<\/em><\/p>\n<h2><a id=\"El-Puente-die-Br\u00fccke-Costa-Rica\"><\/a>El Puente-die-Br\u00fccke<\/h2>\n<p style=\"text-align: center\">Unterst\u00fctzung der indigenen Gemeinschaft Costa Ricas<\/p>\n<p style=\"text-align: center\"><img loading=\"lazy\" decoding=\"async\" class=\"alignnone wp-image-2465\" src=\"http:\/\/csl.org\/wp-content\/uploads\/sites\/8\/2019\/05\/el-puente-1.png\" alt=\"\" width=\"334\" height=\"293\" srcset=\"https:\/\/csl.org\/global\/wp-content\/uploads\/sites\/8\/2019\/05\/el-puente-1-200x176.png 200w, https:\/\/csl.org\/global\/wp-content\/uploads\/sites\/8\/2019\/05\/el-puente-1-300x264.png 300w, https:\/\/csl.org\/global\/wp-content\/uploads\/sites\/8\/2019\/05\/el-puente-1.png 321w\" sizes=\"(max-width: 334px) 100vw, 334px\" \/> <img loading=\"lazy\" decoding=\"async\" class=\"alignnone wp-image-2466\" src=\"http:\/\/csl.org\/wp-content\/uploads\/sites\/8\/2019\/05\/el-puente-2.png\" alt=\"\" width=\"333\" height=\"285\" srcset=\"https:\/\/csl.org\/global\/wp-content\/uploads\/sites\/8\/2019\/05\/el-puente-2-200x171.png 200w, https:\/\/csl.org\/global\/wp-content\/uploads\/sites\/8\/2019\/05\/el-puente-2.png 282w\" sizes=\"(max-width: 333px) 100vw, 333px\" \/><\/p>\n<p>El Puente&#8211;Die Br\u00fccke befindet sich in Puerto Viejo de Talamanca, Costa Rica. Die Gr\u00fcnder Barry und Nanci Stevens haben dieses gemeinn\u00fctzige Unternehmen 1987 gegr\u00fcndet. El Puente bietet vor allem der indigenen Bev\u00f6lkerung in Costa Rica Bildungshilfe, Nahrungsmittel und Mikrokredite an. El Puente ist Teil des Global Heart Outreach, Zentren f\u00fcr spirituelles Leben.<\/p>\n<p style=\"text-align: center\"><em>Menschen helfen sich selbst zur Selbstversorgung<\/em><\/p>\n<p>&#8220;Um mehr \u00fcber die Arbeit von El Puente&#8211;Die Br\u00fccke zu erfahren, klicken Sie bitte auf den folgenden Link, um ein kostenloses Buch von Barry und Nanci Stevens &#8220;The BriBri and the Bridge &#8211; A Look at Life in the Jungle of Costa Rica&#8221;<\/p>\n<p style=\"text-align: center\"><strong>&#8211; <a href=\"http:\/\/csl.org\/wp-content\/uploads\/sites\/8\/2019\/05\/The_BriBri_and_The_Bridge.pdf\" target=\"_blank\" rel=\"noopener noreferrer\">E-Buch herunterladen<\/a> &#8211;<\/strong><\/p>\n<h2 style=\"text-align: center\">~ ~ ~ ~ ~ ~ ~ ~ ~<\/h2>\n<h2 style=\"text-align: center\">Globale Dienste&#8230;&#8230;&#8230;.<\/h2>\n<h2 style=\"text-align: center\">&#8230;..zur Unterst\u00fctzung des wachsenden Gutes in der Welt!<\/h2>\n<p><img loading=\"lazy\" decoding=\"async\" class=\"size-full wp-image-2464 aligncenter\" src=\"http:\/\/csl.org\/wp-content\/uploads\/sites\/8\/2019\/05\/world-hands.jpg\" alt=\"\" width=\"394\" height=\"262\" srcset=\"https:\/\/csl.org\/global\/wp-content\/uploads\/sites\/8\/2019\/05\/world-hands-200x133.jpg 200w, https:\/\/csl.org\/global\/wp-content\/uploads\/sites\/8\/2019\/05\/world-hands-300x199.jpg 300w, https:\/\/csl.org\/global\/wp-content\/uploads\/sites\/8\/2019\/05\/world-hands.jpg 394w\" sizes=\"(max-width: 394px) 100vw, 394px\" \/><\/p>\n<p>&nbsp;<\/p>\n<\/div><div class=\"fusion-clearfix\"><\/div><\/div><\/div><\/div><\/div><div class=\"fusion-bg-parallax\" data-bg-align=\"center center\" data-direction=\"down\" data-mute=\"false\" data-opacity=\"100\" data-velocity=\"-0.7\" data-mobile-enabled=\"true\" data-break_parents=\"0\" data-bg-image=\"http:\/\/csl.org\/wp-content\/uploads\/sites\/8\/2019\/05\/action-team-spirit-800x546.jpg\" data-bg-repeat=\"false\" ><\/div><div class=\"fusion-fullwidth fullwidth-box fusion-builder-row-2 fusion-parallax-down gradient-container-2 nonhundred-percent-fullwidth non-hundred-percent-height-scrolling\" style=\"--awb-border-radius-top-left:0px;--awb-border-radius-top-right:0px;--awb-border-radius-bottom-right:0px;--awb-border-radius-bottom-left:0px;--awb-background-image:url(&quot;http:\/\/csl.org\/wp-content\/uploads\/sites\/8\/2019\/05\/action-team-spirit-800x546.jpg&quot;);--awb-background-size:cover;--awb-flex-wrap:wrap;\" ><div class=\"fusion-builder-row fusion-row\"><div class=\"fusion-layout-column fusion_builder_column fusion-builder-column-1 fusion_builder_column_1_1 1_1 fusion-one-full fusion-column-first fusion-column-last\" style=\"--awb-padding-top:250px;--awb-padding-right:200px;--awb-padding-bottom:250px;--awb-padding-left:200px;--awb-bg-size:cover;\"><div class=\"fusion-column-wrapper fusion-column-has-shadow fusion-flex-column-wrapper-legacy\"><div class=\"fusion-clearfix\"><\/div><\/div><\/div><\/div><\/div><\/p>\n","protected":false},"excerpt":{"rendered":"","protected":false},"author":1,"featured_media":0,"parent":5016,"menu_order":153,"comment_status":"closed","ping_status":"closed","template":"100-width.php","meta":{"_exactmetrics_skip_tracking":false,"_exactmetrics_sitenote_active":false,"_exactmetrics_sitenote_note":"","_exactmetrics_sitenote_category":0,"footnotes":""},"categories":[92],"tags":[],"class_list":["post-5339","page","type-page","status-publish","hentry","category-dienst-de"],"yoast_head":"<!-- This site is optimized with the Yoast SEO plugin v23.1 - https:\/\/yoast.com\/wordpress\/plugins\/seo\/ -->\n<title>Weltweite Projekte - Global Services - Centers for Spiritual Living<\/title>\n<meta name=\"robots\" content=\"index, follow, max-snippet:-1, max-image-preview:large, max-video-preview:-1\" \/>\n<link rel=\"canonical\" href=\"https:\/\/csl.org\/global\/de\/dienst\/weltweite-projekte\/\" \/>\n<meta property=\"og:locale\" content=\"en_US\" \/>\n<meta property=\"og:type\" content=\"article\" \/>\n<meta property=\"og:title\" content=\"Weltweite Projekte - Global Services - Centers for Spiritual Living\" \/>\n<meta property=\"og:url\" content=\"https:\/\/csl.org\/global\/de\/dienst\/weltweite-projekte\/\" \/>\n<meta property=\"og:site_name\" content=\"Global Services - Centers for Spiritual Living\" \/>\n<meta property=\"article:modified_time\" content=\"2020-02-24T11:52:44+00:00\" \/>\n<meta property=\"og:image\" content=\"http:\/\/csl.org\/wp-content\/uploads\/sites\/8\/2019\/05\/global-projects-400x283.jpg\" \/>\n<meta name=\"twitter:card\" content=\"summary_large_image\" \/>\n<meta name=\"twitter:label1\" content=\"Est. reading time\" \/>\n\t<meta name=\"twitter:data1\" content=\"5 minutes\" \/>\n<script type=\"application\/ld+json\" class=\"yoast-schema-graph\">{\"@context\":\"https:\/\/schema.org\",\"@graph\":[{\"@type\":\"WebPage\",\"@id\":\"https:\/\/csl.org\/global\/de\/dienst\/weltweite-projekte\/\",\"url\":\"https:\/\/csl.org\/global\/de\/dienst\/weltweite-projekte\/\",\"name\":\"Weltweite Projekte - Global Services - Centers for Spiritual Living\",\"isPartOf\":{\"@id\":\"https:\/\/csl.org\/global\/de\/#website\"},\"primaryImageOfPage\":{\"@id\":\"https:\/\/csl.org\/global\/de\/dienst\/weltweite-projekte\/#primaryimage\"},\"image\":{\"@id\":\"https:\/\/csl.org\/global\/de\/dienst\/weltweite-projekte\/#primaryimage\"},\"thumbnailUrl\":\"http:\/\/csl.org\/wp-content\/uploads\/sites\/8\/2019\/05\/global-projects-400x283.jpg\",\"datePublished\":\"2020-02-24T11:52:42+00:00\",\"dateModified\":\"2020-02-24T11:52:44+00:00\",\"breadcrumb\":{\"@id\":\"https:\/\/csl.org\/global\/de\/dienst\/weltweite-projekte\/#breadcrumb\"},\"inLanguage\":\"en-US\",\"potentialAction\":[{\"@type\":\"ReadAction\",\"target\":[\"https:\/\/csl.org\/global\/de\/dienst\/weltweite-projekte\/\"]}]},{\"@type\":\"ImageObject\",\"inLanguage\":\"en-US\",\"@id\":\"https:\/\/csl.org\/global\/de\/dienst\/weltweite-projekte\/#primaryimage\",\"url\":\"http:\/\/csl.org\/wp-content\/uploads\/sites\/8\/2019\/05\/global-projects-400x283.jpg\",\"contentUrl\":\"http:\/\/csl.org\/wp-content\/uploads\/sites\/8\/2019\/05\/global-projects-400x283.jpg\"},{\"@type\":\"BreadcrumbList\",\"@id\":\"https:\/\/csl.org\/global\/de\/dienst\/weltweite-projekte\/#breadcrumb\",\"itemListElement\":[{\"@type\":\"ListItem\",\"position\":1,\"name\":\"DIENST\",\"item\":\"https:\/\/csl.org\/global\/de\/dienst\/\"},{\"@type\":\"ListItem\",\"position\":2,\"name\":\"Weltweite Projekte\"}]},{\"@type\":\"WebSite\",\"@id\":\"https:\/\/csl.org\/global\/de\/#website\",\"url\":\"https:\/\/csl.org\/global\/de\/\",\"name\":\"Global Services - Centers for Spiritual Living\",\"description\":\"\",\"potentialAction\":[{\"@type\":\"SearchAction\",\"target\":{\"@type\":\"EntryPoint\",\"urlTemplate\":\"https:\/\/csl.org\/global\/de\/?s={search_term_string}\"},\"query-input\":\"required name=search_term_string\"}],\"inLanguage\":\"en-US\"}]}<\/script>\n<!-- \/ Yoast SEO plugin. -->","yoast_head_json":{"title":"Weltweite Projekte - Global Services - Centers for Spiritual Living","robots":{"index":"index","follow":"follow","max-snippet":"max-snippet:-1","max-image-preview":"max-image-preview:large","max-video-preview":"max-video-preview:-1"},"canonical":"https:\/\/csl.org\/global\/de\/dienst\/weltweite-projekte\/","og_locale":"en_US","og_type":"article","og_title":"Weltweite Projekte - Global Services - Centers for Spiritual Living","og_url":"https:\/\/csl.org\/global\/de\/dienst\/weltweite-projekte\/","og_site_name":"Global Services - Centers for Spiritual Living","article_modified_time":"2020-02-24T11:52:44+00:00","og_image":[{"url":"http:\/\/csl.org\/wp-content\/uploads\/sites\/8\/2019\/05\/global-projects-400x283.jpg"}],"twitter_card":"summary_large_image","twitter_misc":{"Est. reading time":"5 minutes"},"schema":{"@context":"https:\/\/schema.org","@graph":[{"@type":"WebPage","@id":"https:\/\/csl.org\/global\/de\/dienst\/weltweite-projekte\/","url":"https:\/\/csl.org\/global\/de\/dienst\/weltweite-projekte\/","name":"Weltweite Projekte - Global Services - Centers for Spiritual Living","isPartOf":{"@id":"https:\/\/csl.org\/global\/de\/#website"},"primaryImageOfPage":{"@id":"https:\/\/csl.org\/global\/de\/dienst\/weltweite-projekte\/#primaryimage"},"image":{"@id":"https:\/\/csl.org\/global\/de\/dienst\/weltweite-projekte\/#primaryimage"},"thumbnailUrl":"http:\/\/csl.org\/wp-content\/uploads\/sites\/8\/2019\/05\/global-projects-400x283.jpg","datePublished":"2020-02-24T11:52:42+00:00","dateModified":"2020-02-24T11:52:44+00:00","breadcrumb":{"@id":"https:\/\/csl.org\/global\/de\/dienst\/weltweite-projekte\/#breadcrumb"},"inLanguage":"en-US","potentialAction":[{"@type":"ReadAction","target":["https:\/\/csl.org\/global\/de\/dienst\/weltweite-projekte\/"]}]},{"@type":"ImageObject","inLanguage":"en-US","@id":"https:\/\/csl.org\/global\/de\/dienst\/weltweite-projekte\/#primaryimage","url":"http:\/\/csl.org\/wp-content\/uploads\/sites\/8\/2019\/05\/global-projects-400x283.jpg","contentUrl":"http:\/\/csl.org\/wp-content\/uploads\/sites\/8\/2019\/05\/global-projects-400x283.jpg"},{"@type":"BreadcrumbList","@id":"https:\/\/csl.org\/global\/de\/dienst\/weltweite-projekte\/#breadcrumb","itemListElement":[{"@type":"ListItem","position":1,"name":"DIENST","item":"https:\/\/csl.org\/global\/de\/dienst\/"},{"@type":"ListItem","position":2,"name":"Weltweite Projekte"}]},{"@type":"WebSite","@id":"https:\/\/csl.org\/global\/de\/#website","url":"https:\/\/csl.org\/global\/de\/","name":"Global Services - Centers for Spiritual Living","description":"","potentialAction":[{"@type":"SearchAction","target":{"@type":"EntryPoint","urlTemplate":"https:\/\/csl.org\/global\/de\/?s={search_term_string}"},"query-input":"required name=search_term_string"}],"inLanguage":"en-US"}]}},"_links":{"self":[{"href":"https:\/\/csl.org\/global\/wp-json\/wp\/v2\/pages\/5339"}],"collection":[{"href":"https:\/\/csl.org\/global\/wp-json\/wp\/v2\/pages"}],"about":[{"href":"https:\/\/csl.org\/global\/wp-json\/wp\/v2\/types\/page"}],"author":[{"embeddable":true,"href":"https:\/\/csl.org\/global\/wp-json\/wp\/v2\/users\/1"}],"replies":[{"embeddable":true,"href":"https:\/\/csl.org\/global\/wp-json\/wp\/v2\/comments?post=5339"}],"version-history":[{"count":0,"href":"https:\/\/csl.org\/global\/wp-json\/wp\/v2\/pages\/5339\/revisions"}],"up":[{"embeddable":true,"href":"https:\/\/csl.org\/global\/wp-json\/wp\/v2\/pages\/5016"}],"wp:attachment":[{"href":"https:\/\/csl.org\/global\/wp-json\/wp\/v2\/media?parent=5339"}],"wp:term":[{"taxonomy":"category","embeddable":true,"href":"https:\/\/csl.org\/global\/wp-json\/wp\/v2\/categories?post=5339"},{"taxonomy":"post_tag","embeddable":true,"href":"https:\/\/csl.org\/global\/wp-json\/wp\/v2\/tags?post=5339"}],"curies":[{"name":"wp","href":"https:\/\/api.w.org\/{rel}","templated":true}]}}