{"id":5359,"date":"2020-02-24T14:02:24","date_gmt":"2020-02-24T14:02:24","guid":{"rendered":"https:\/\/csl.org\/global\/ressources\/creer-un-groupe-sur-la-science-de-lesprit\/classes-et-materiel-de-discussion\/"},"modified":"2020-09-04T09:56:15","modified_gmt":"2020-09-04T09:56:15","slug":"classes-et-materiel-de-discussion","status":"publish","type":"page","link":"https:\/\/csl.org\/global\/ressources\/creer-un-groupe-sur-la-science-de-lesprit\/classes-et-materiel-de-discussion\/","title":{"rendered":"Classes et mat\u00e9riel de discussion"},"content":{"rendered":"<p><div class=\"fusion-fullwidth fullwidth-box fusion-builder-row-1 gradient-container-1 nonhundred-percent-fullwidth non-hundred-percent-height-scrolling\" style=\"--awb-border-radius-top-left:0px;--awb-border-radius-top-right:0px;--awb-border-radius-bottom-right:0px;--awb-border-radius-bottom-left:0px;--awb-background-color:#ffffff;--awb-flex-wrap:wrap;\" ><div class=\"fusion-builder-row fusion-row\"><div class=\"fusion-layout-column fusion_builder_column fusion-builder-column-0 fusion_builder_column_1_1 1_1 fusion-one-full fusion-column-first fusion-column-last fusion-animated\" style=\"--awb-padding-top:50px;--awb-padding-right:3%;--awb-padding-bottom:50px;--awb-padding-left:3%;--awb-bg-color:#ffffff;--awb-bg-color-hover:#ffffff;--awb-bg-size:cover;\" data-animationType=\"fadeInLeft\" data-animationDuration=\"0.3\" data-animationOffset=\"top-into-view\"><div class=\"fusion-column-wrapper fusion-column-has-shadow fusion-flex-column-wrapper-legacy\"><div class=\"fusion-text fusion-text-1\"><h1>Classes et mat\u00e9riel de discussion<\/h1>\n<p><img fetchpriority=\"high\" decoding=\"async\" class=\"size-fusion-400 wp-image-2288 alignright\" src=\"http:\/\/csl.org\/wp-content\/uploads\/sites\/8\/2019\/05\/completing-the-puzzle-400x254.jpg\" alt=\"\" width=\"400\" height=\"254\" srcset=\"https:\/\/csl.org\/global\/wp-content\/uploads\/sites\/8\/2019\/05\/completing-the-puzzle-200x127.jpg 200w, https:\/\/csl.org\/global\/wp-content\/uploads\/sites\/8\/2019\/05\/completing-the-puzzle-300x190.jpg 300w, https:\/\/csl.org\/global\/wp-content\/uploads\/sites\/8\/2019\/05\/completing-the-puzzle-320x202.jpg 320w, https:\/\/csl.org\/global\/wp-content\/uploads\/sites\/8\/2019\/05\/completing-the-puzzle-400x254.jpg 400w, https:\/\/csl.org\/global\/wp-content\/uploads\/sites\/8\/2019\/05\/completing-the-puzzle-600x381.jpg 600w, https:\/\/csl.org\/global\/wp-content\/uploads\/sites\/8\/2019\/05\/completing-the-puzzle-768x488.jpg 768w, https:\/\/csl.org\/global\/wp-content\/uploads\/sites\/8\/2019\/05\/completing-the-puzzle-800x508.jpg 800w, https:\/\/csl.org\/global\/wp-content\/uploads\/sites\/8\/2019\/05\/completing-the-puzzle-1024x650.jpg 1024w, https:\/\/csl.org\/global\/wp-content\/uploads\/sites\/8\/2019\/05\/completing-the-puzzle-1200x762.jpg 1200w, https:\/\/csl.org\/global\/wp-content\/uploads\/sites\/8\/2019\/05\/completing-the-puzzle.jpg 1920w\" sizes=\"(max-width: 400px) 100vw, 400px\" \/>Centres pour une Vie Spirituelle a mis \u00e0 la disposition de tous nos chefs de groupe une quantit\u00e9 importante de mat\u00e9riel gratuit pour vous aider \u00e0 enseigner et \u00e0 discuter des principes de la Science de l&#8217;Esprit et de la Pens\u00e9e.<\/p>\n<p>Plus de mat\u00e9riel est ajout\u00e9 tout le temps.<\/p>\n<p><em>Note : pour acc\u00e9der aux informations suivantes, vous aurez besoin d&#8217;un nom d&#8217;utilisateur et d&#8217;un mot de passe. Si vous \u00eates un chef de groupe enregistr\u00e9 et que vous n&#8217;avez pas de nom d&#8217;utilisateur et de mot de passe, veuillez contacter <a href=\"&#x6d;&#x61;&#x69;&#x6c;&#x74;&#x6f;&#x3a;&#x6d;&#x71;&#x75;&#x69;&#x6e;&#x74;&#x61;&#x6e;&#x61;&#x40;&#x63;&#x73;&#x6c;&#x2e;&#x6f;&#x72;&#x67;\">&#x6d;&#113;u&#x69;&#110;t&#x61;&#110;a&#x40;&#99;s&#x6c;&#46;o&#x72;&#103;<\/a> pour en demander un. <\/em><\/p>\n<p><strong>Ce que vous pouvez acc\u00e9der et t\u00e9l\u00e9charger sur <a href=\"https:\/\/ourcsl.org\/resources\/spiritual-group-discussion-resources\" target=\"_blank\" rel=\"noopener noreferrer\">cette page<\/a>:<\/strong><\/p>\n<ul>\n<li>Guides de discussion pour accompagner les livres d&#8217;Ernest Holmes<\/li>\n<li>Science de l&#8217;esprit &#8211; Introduction \u00e0 la base de la classe<\/li>\n<li>Diverses discussions et mat\u00e9riel de classe<\/li>\n<li>Un manuel de planification de la vie<\/li>\n<\/ul>\n<p><strong>Ce que vous pouvez t\u00e9l\u00e9charger et acc\u00e9der \u00e0 partir de <a href=\"https:\/\/ourcsl.org\/resources\/spiritual-living-circles\" target=\"_blank\" rel=\"noopener noreferrer\">cette page<\/a>:<\/strong><\/p>\n<ul>\n<li>Information sur la cr\u00e9ation d&#8217;un cercle de Vie Spirituelle<\/li>\n<li>Une archive des guides de discussion du Cercle de Vie Spirituelle.<\/li>\n<\/ul>\n<p><strong>Ce que vous pouvez t\u00e9l\u00e9charger et acc\u00e9der \u00e0 partir de <a href=\"https:\/\/ourcsl.org\/documentos-espanoles\/recursos\" target=\"_blank\" rel=\"noopener noreferrer\">cette page<\/a>:<\/strong><\/p>\n<ul>\n<li>Guides de discussion en langue espagnole pour les livres d&#8217;Ernest Holmes<\/li>\n<\/ul>\n<p>&nbsp;<\/p>\n<\/div><div class=\"fusion-clearfix\"><\/div><\/div><\/div><\/div><\/div><div class=\"fusion-bg-parallax\" data-bg-align=\"center center\" data-direction=\"left\" data-mute=\"false\" data-opacity=\"100\" data-velocity=\"-0.7\" data-mobile-enabled=\"true\" data-break_parents=\"0\" data-bg-image=\"http:\/\/csl.org\/wp-content\/uploads\/sites\/8\/2019\/05\/snails-1024x678.jpg\" data-bg-repeat=\"false\" ><\/div><div class=\"fusion-fullwidth fullwidth-box fusion-builder-row-2 fusion-parallax-left gradient-container-2 nonhundred-percent-fullwidth non-hundred-percent-height-scrolling\" style=\"--awb-border-radius-top-left:0px;--awb-border-radius-top-right:0px;--awb-border-radius-bottom-right:0px;--awb-border-radius-bottom-left:0px;--awb-background-image:url(&quot;http:\/\/csl.org\/wp-content\/uploads\/sites\/8\/2019\/05\/snails-1024x678.jpg&quot;);--awb-background-size:cover;--awb-flex-wrap:wrap;\" ><div class=\"fusion-builder-row fusion-row\"><div class=\"fusion-layout-column fusion_builder_column fusion-builder-column-1 fusion_builder_column_1_1 1_1 fusion-one-full fusion-column-first fusion-column-last\" style=\"--awb-padding-top:250px;--awb-padding-right:200px;--awb-padding-bottom:250px;--awb-padding-left:200px;--awb-bg-size:cover;\"><div class=\"fusion-column-wrapper fusion-column-has-shadow fusion-flex-column-wrapper-legacy\"><div class=\"fusion-clearfix\"><\/div><\/div><\/div><\/div><\/div><\/p>\n","protected":false},"excerpt":{"rendered":"","protected":false},"author":1,"featured_media":0,"parent":5323,"menu_order":41,"comment_status":"closed","ping_status":"closed","template":"100-width.php","meta":{"_exactmetrics_skip_tracking":false,"_exactmetrics_sitenote_active":false,"_exactmetrics_sitenote_note":"","_exactmetrics_sitenote_category":0,"footnotes":""},"categories":[87],"tags":[],"class_list":["post-5359","page","type-page","status-publish","hentry","category-ressources-fr"],"yoast_head":"<!-- This site is optimized with the Yoast SEO plugin v23.1 - https:\/\/yoast.com\/wordpress\/plugins\/seo\/ -->\n<title>Classes et mat\u00e9riel de discussion - Global Services - Centers for Spiritual Living<\/title>\n<meta name=\"robots\" content=\"index, follow, max-snippet:-1, max-image-preview:large, max-video-preview:-1\" \/>\n<link rel=\"canonical\" href=\"https:\/\/csl.org\/global\/fr\/ressources\/creer-un-groupe-sur-la-science-de-lesprit\/classes-et-materiel-de-discussion\/\" \/>\n<meta property=\"og:locale\" content=\"en_US\" \/>\n<meta property=\"og:type\" content=\"article\" \/>\n<meta property=\"og:title\" content=\"Classes et mat\u00e9riel de discussion - Global Services - Centers for Spiritual Living\" \/>\n<meta property=\"og:url\" content=\"https:\/\/csl.org\/global\/fr\/ressources\/creer-un-groupe-sur-la-science-de-lesprit\/classes-et-materiel-de-discussion\/\" \/>\n<meta property=\"og:site_name\" content=\"Global Services - Centers for Spiritual Living\" \/>\n<meta property=\"article:modified_time\" content=\"2020-09-04T09:56:15+00:00\" \/>\n<meta property=\"og:image\" content=\"http:\/\/csl.org\/wp-content\/uploads\/sites\/8\/2019\/05\/completing-the-puzzle-400x254.jpg\" \/>\n<meta name=\"twitter:card\" content=\"summary_large_image\" \/>\n<meta name=\"twitter:label1\" content=\"Est. reading time\" \/>\n\t<meta name=\"twitter:data1\" content=\"4 minutes\" \/>\n<script type=\"application\/ld+json\" class=\"yoast-schema-graph\">{\"@context\":\"https:\/\/schema.org\",\"@graph\":[{\"@type\":\"WebPage\",\"@id\":\"https:\/\/csl.org\/global\/fr\/ressources\/creer-un-groupe-sur-la-science-de-lesprit\/classes-et-materiel-de-discussion\/\",\"url\":\"https:\/\/csl.org\/global\/fr\/ressources\/creer-un-groupe-sur-la-science-de-lesprit\/classes-et-materiel-de-discussion\/\",\"name\":\"Classes et mat\u00e9riel de discussion - Global Services - Centers for Spiritual Living\",\"isPartOf\":{\"@id\":\"https:\/\/csl.org\/global\/de\/#website\"},\"primaryImageOfPage\":{\"@id\":\"https:\/\/csl.org\/global\/fr\/ressources\/creer-un-groupe-sur-la-science-de-lesprit\/classes-et-materiel-de-discussion\/#primaryimage\"},\"image\":{\"@id\":\"https:\/\/csl.org\/global\/fr\/ressources\/creer-un-groupe-sur-la-science-de-lesprit\/classes-et-materiel-de-discussion\/#primaryimage\"},\"thumbnailUrl\":\"http:\/\/csl.org\/wp-content\/uploads\/sites\/8\/2019\/05\/completing-the-puzzle-400x254.jpg\",\"datePublished\":\"2020-02-24T14:02:24+00:00\",\"dateModified\":\"2020-09-04T09:56:15+00:00\",\"breadcrumb\":{\"@id\":\"https:\/\/csl.org\/global\/fr\/ressources\/creer-un-groupe-sur-la-science-de-lesprit\/classes-et-materiel-de-discussion\/#breadcrumb\"},\"inLanguage\":\"en-US\",\"potentialAction\":[{\"@type\":\"ReadAction\",\"target\":[\"https:\/\/csl.org\/global\/fr\/ressources\/creer-un-groupe-sur-la-science-de-lesprit\/classes-et-materiel-de-discussion\/\"]}]},{\"@type\":\"ImageObject\",\"inLanguage\":\"en-US\",\"@id\":\"https:\/\/csl.org\/global\/fr\/ressources\/creer-un-groupe-sur-la-science-de-lesprit\/classes-et-materiel-de-discussion\/#primaryimage\",\"url\":\"http:\/\/csl.org\/wp-content\/uploads\/sites\/8\/2019\/05\/completing-the-puzzle-400x254.jpg\",\"contentUrl\":\"http:\/\/csl.org\/wp-content\/uploads\/sites\/8\/2019\/05\/completing-the-puzzle-400x254.jpg\"},{\"@type\":\"BreadcrumbList\",\"@id\":\"https:\/\/csl.org\/global\/fr\/ressources\/creer-un-groupe-sur-la-science-de-lesprit\/classes-et-materiel-de-discussion\/#breadcrumb\",\"itemListElement\":[{\"@type\":\"ListItem\",\"position\":1,\"name\":\"RESSOURCES\",\"item\":\"https:\/\/csl.org\/global\/fr\/ressources\/\"},{\"@type\":\"ListItem\",\"position\":2,\"name\":\"Cr\u00e9er un groupe sur la Science de l&#8217;Esprit\",\"item\":\"https:\/\/csl.org\/global\/fr\/ressources\/creer-un-groupe-sur-la-science-de-lesprit\/\"},{\"@type\":\"ListItem\",\"position\":3,\"name\":\"Classes et mat\u00e9riel de discussion\"}]},{\"@type\":\"WebSite\",\"@id\":\"https:\/\/csl.org\/global\/de\/#website\",\"url\":\"https:\/\/csl.org\/global\/de\/\",\"name\":\"Global Services - Centers for Spiritual Living\",\"description\":\"\",\"potentialAction\":[{\"@type\":\"SearchAction\",\"target\":{\"@type\":\"EntryPoint\",\"urlTemplate\":\"https:\/\/csl.org\/global\/de\/?s={search_term_string}\"},\"query-input\":\"required name=search_term_string\"}],\"inLanguage\":\"en-US\"}]}<\/script>\n<!-- \/ Yoast SEO plugin. -->","yoast_head_json":{"title":"Classes et mat\u00e9riel de discussion - Global Services - Centers for Spiritual Living","robots":{"index":"index","follow":"follow","max-snippet":"max-snippet:-1","max-image-preview":"max-image-preview:large","max-video-preview":"max-video-preview:-1"},"canonical":"https:\/\/csl.org\/global\/fr\/ressources\/creer-un-groupe-sur-la-science-de-lesprit\/classes-et-materiel-de-discussion\/","og_locale":"en_US","og_type":"article","og_title":"Classes et mat\u00e9riel de discussion - Global Services - Centers for Spiritual Living","og_url":"https:\/\/csl.org\/global\/fr\/ressources\/creer-un-groupe-sur-la-science-de-lesprit\/classes-et-materiel-de-discussion\/","og_site_name":"Global Services - Centers for Spiritual Living","article_modified_time":"2020-09-04T09:56:15+00:00","og_image":[{"url":"http:\/\/csl.org\/wp-content\/uploads\/sites\/8\/2019\/05\/completing-the-puzzle-400x254.jpg"}],"twitter_card":"summary_large_image","twitter_misc":{"Est. reading time":"4 minutes"},"schema":{"@context":"https:\/\/schema.org","@graph":[{"@type":"WebPage","@id":"https:\/\/csl.org\/global\/fr\/ressources\/creer-un-groupe-sur-la-science-de-lesprit\/classes-et-materiel-de-discussion\/","url":"https:\/\/csl.org\/global\/fr\/ressources\/creer-un-groupe-sur-la-science-de-lesprit\/classes-et-materiel-de-discussion\/","name":"Classes et mat\u00e9riel de discussion - Global Services - Centers for Spiritual Living","isPartOf":{"@id":"https:\/\/csl.org\/global\/de\/#website"},"primaryImageOfPage":{"@id":"https:\/\/csl.org\/global\/fr\/ressources\/creer-un-groupe-sur-la-science-de-lesprit\/classes-et-materiel-de-discussion\/#primaryimage"},"image":{"@id":"https:\/\/csl.org\/global\/fr\/ressources\/creer-un-groupe-sur-la-science-de-lesprit\/classes-et-materiel-de-discussion\/#primaryimage"},"thumbnailUrl":"http:\/\/csl.org\/wp-content\/uploads\/sites\/8\/2019\/05\/completing-the-puzzle-400x254.jpg","datePublished":"2020-02-24T14:02:24+00:00","dateModified":"2020-09-04T09:56:15+00:00","breadcrumb":{"@id":"https:\/\/csl.org\/global\/fr\/ressources\/creer-un-groupe-sur-la-science-de-lesprit\/classes-et-materiel-de-discussion\/#breadcrumb"},"inLanguage":"en-US","potentialAction":[{"@type":"ReadAction","target":["https:\/\/csl.org\/global\/fr\/ressources\/creer-un-groupe-sur-la-science-de-lesprit\/classes-et-materiel-de-discussion\/"]}]},{"@type":"ImageObject","inLanguage":"en-US","@id":"https:\/\/csl.org\/global\/fr\/ressources\/creer-un-groupe-sur-la-science-de-lesprit\/classes-et-materiel-de-discussion\/#primaryimage","url":"http:\/\/csl.org\/wp-content\/uploads\/sites\/8\/2019\/05\/completing-the-puzzle-400x254.jpg","contentUrl":"http:\/\/csl.org\/wp-content\/uploads\/sites\/8\/2019\/05\/completing-the-puzzle-400x254.jpg"},{"@type":"BreadcrumbList","@id":"https:\/\/csl.org\/global\/fr\/ressources\/creer-un-groupe-sur-la-science-de-lesprit\/classes-et-materiel-de-discussion\/#breadcrumb","itemListElement":[{"@type":"ListItem","position":1,"name":"RESSOURCES","item":"https:\/\/csl.org\/global\/fr\/ressources\/"},{"@type":"ListItem","position":2,"name":"Cr\u00e9er un groupe sur la Science de l&#8217;Esprit","item":"https:\/\/csl.org\/global\/fr\/ressources\/creer-un-groupe-sur-la-science-de-lesprit\/"},{"@type":"ListItem","position":3,"name":"Classes et mat\u00e9riel de discussion"}]},{"@type":"WebSite","@id":"https:\/\/csl.org\/global\/de\/#website","url":"https:\/\/csl.org\/global\/de\/","name":"Global Services - Centers for Spiritual Living","description":"","potentialAction":[{"@type":"SearchAction","target":{"@type":"EntryPoint","urlTemplate":"https:\/\/csl.org\/global\/de\/?s={search_term_string}"},"query-input":"required name=search_term_string"}],"inLanguage":"en-US"}]}},"_links":{"self":[{"href":"https:\/\/csl.org\/global\/wp-json\/wp\/v2\/pages\/5359"}],"collection":[{"href":"https:\/\/csl.org\/global\/wp-json\/wp\/v2\/pages"}],"about":[{"href":"https:\/\/csl.org\/global\/wp-json\/wp\/v2\/types\/page"}],"author":[{"embeddable":true,"href":"https:\/\/csl.org\/global\/wp-json\/wp\/v2\/users\/1"}],"replies":[{"embeddable":true,"href":"https:\/\/csl.org\/global\/wp-json\/wp\/v2\/comments?post=5359"}],"version-history":[{"count":2,"href":"https:\/\/csl.org\/global\/wp-json\/wp\/v2\/pages\/5359\/revisions"}],"predecessor-version":[{"id":8874,"href":"https:\/\/csl.org\/global\/wp-json\/wp\/v2\/pages\/5359\/revisions\/8874"}],"up":[{"embeddable":true,"href":"https:\/\/csl.org\/global\/wp-json\/wp\/v2\/pages\/5323"}],"wp:attachment":[{"href":"https:\/\/csl.org\/global\/wp-json\/wp\/v2\/media?parent=5359"}],"wp:term":[{"taxonomy":"category","embeddable":true,"href":"https:\/\/csl.org\/global\/wp-json\/wp\/v2\/categories?post=5359"},{"taxonomy":"post_tag","embeddable":true,"href":"https:\/\/csl.org\/global\/wp-json\/wp\/v2\/tags?post=5359"}],"curies":[{"name":"wp","href":"https:\/\/api.w.org\/{rel}","templated":true}]}}