{"id":6597,"date":"2020-05-12T12:39:43","date_gmt":"2020-05-12T12:39:43","guid":{"rendered":"https:\/\/csl.org\/global\/%e8%b5%84%e6%ba%90\/%e8%a5%bf%e7%8f%ad%e7%89%99%e8%af%ad%e8%b5%84%e6%ba%90\/"},"modified":"2020-05-12T12:39:43","modified_gmt":"2020-05-12T12:39:43","slug":"%e8%a5%bf%e7%8f%ad%e7%89%99%e8%af%ad%e8%b5%84%e6%ba%90","status":"publish","type":"page","link":"https:\/\/csl.org\/global\/%e8%b5%84%e6%ba%90\/%e8%a5%bf%e7%8f%ad%e7%89%99%e8%af%ad%e8%b5%84%e6%ba%90\/","title":{"rendered":"\u897f\u73ed\u7259\u8bed\u8d44\u6e90"},"content":{"rendered":"<p><div class=\"fusion-fullwidth fullwidth-box fusion-builder-row-1 gradient-container-1 nonhundred-percent-fullwidth non-hundred-percent-height-scrolling\" style=\"--awb-border-radius-top-left:0px;--awb-border-radius-top-right:0px;--awb-border-radius-bottom-right:0px;--awb-border-radius-bottom-left:0px;--awb-background-color:#ffffff;--awb-flex-wrap:wrap;\" ><div class=\"fusion-builder-row fusion-row\"><div class=\"fusion-layout-column fusion_builder_column fusion-builder-column-0 fusion_builder_column_1_1 1_1 fusion-one-full fusion-column-first fusion-column-last fusion-animated\" style=\"--awb-padding-top:50px;--awb-padding-right:3%;--awb-padding-bottom:50px;--awb-padding-left:3%;--awb-bg-color:#ffffff;--awb-bg-color-hover:#ffffff;--awb-bg-size:cover;\" data-animationType=\"zoomIn\" data-animationDuration=\"0.3\" data-animationOffset=\"top-into-view\"><div class=\"fusion-column-wrapper fusion-column-has-shadow fusion-flex-column-wrapper-legacy\"><div class=\"fusion-text fusion-text-1\"><h1>\u897f\u73ed\u7259\u8bed\u8a00\u8d44\u6e90<\/h1>\n<p><img fetchpriority=\"high\" decoding=\"async\" class=\"size-400 wp-image-2538 alignleft\" src=\"http:\/\/csl.org\/wp-content\/uploads\/sites\/8\/2019\/05\/spanish-language-optimized-400x267.jpg\" alt=\"spanish-language\" width=\"400\" height=\"267\" srcset=\"https:\/\/csl.org\/global\/wp-content\/uploads\/sites\/8\/2019\/05\/spanish-language-optimized-200x133.jpg 200w, https:\/\/csl.org\/global\/wp-content\/uploads\/sites\/8\/2019\/05\/spanish-language-optimized-300x200.jpg 300w, https:\/\/csl.org\/global\/wp-content\/uploads\/sites\/8\/2019\/05\/spanish-language-optimized-400x267.jpg 400w, https:\/\/csl.org\/global\/wp-content\/uploads\/sites\/8\/2019\/05\/spanish-language-optimized-600x400.jpg 600w, https:\/\/csl.org\/global\/wp-content\/uploads\/sites\/8\/2019\/05\/spanish-language-optimized-768x512.jpg 768w, https:\/\/csl.org\/global\/wp-content\/uploads\/sites\/8\/2019\/05\/spanish-language-optimized-800x533.jpg 800w, https:\/\/csl.org\/global\/wp-content\/uploads\/sites\/8\/2019\/05\/spanish-language-optimized-1024x683.jpg 1024w, https:\/\/csl.org\/global\/wp-content\/uploads\/sites\/8\/2019\/05\/spanish-language-optimized-1200x800.jpg 1200w, https:\/\/csl.org\/global\/wp-content\/uploads\/sites\/8\/2019\/05\/spanish-language-optimized.jpg 1920w\" sizes=\"(max-width: 400px) 100vw, 400px\" \/>\u6211\u4eec\u5f88\u9ad8\u5174\u5730\u770b\u5230\uff0c\u8d8a\u6765\u8d8a\u591a\u7684\u897f\u73ed\u7259\u6587\u300a\u5fc3\u667a\u79d1\u5b66\u300b\u7684\u8bfb\u8005\u53ef\u4ee5\u83b7\u5f97\u8d8a\u6765\u8d8a\u591a\u7684\u8d44\u6e90\u3002\u4ee5\u4e0b\u662f\u8fd9\u4e9b\u8d44\u6e90\u7684\u4e3b\u8981\u6e05\u5355\uff0c\u5e76\u63d0\u4f9b\u4e86\u8bbf\u95ee\u8fd9\u4e9b\u8d44\u6e90\u7684\u94fe\u63a5\u3002<\/p>\n<p><span style=\"color: #666699;\">Estamos encantados de que cada vez haya un n\u00famero mayor de recursos disponibles para nuestra audiencia de Ciencia de la Mente en espa\u00f1ol. A continuaci\u00f3n se muestra una lista de estos recursos y los enlaces para acceder a ellos:<\/span>\u4e16\u754c\u7977\u544a\u4e8b\u5de5\u7684\u5728\u7ebf\u7977\u544a\u8bf7\u6c42\/<span style=\"color: #666699;\">Peticiones de Oraci\u00f3n en l\u00ednea por el Ministerio de Oraci\u00f3n:<\/span> <a href=\"http:\/\/worldministryofprayer.org\/index.php\/pide-oracion\" target=\"_blank\" rel=\"noopener noreferrer\">http:\/\/worldministryofprayer.org\/index.php\/pide-oracion<\/a><\/p>\n<p>\u94fe\u63a5\u5230\u897f\u73ed\u7259\u6587\u6b27\u5185\u65af\u7279-\u798f\u5c14\u6469\u65af\u4e66\u7c4d\/<span style=\"color: #666699;\">Enlaces a espa\u00f1oles Ernest Holmes:<\/span> <a href=\"http:\/\/csl.org\/global\/zh-hans\/%e8%b5%84%e6%ba%90\/%e5%b7%b2%e7%bf%bb%e8%af%91%e7%9a%84%e4%b9%a6%e7%b1%8d\/%e8%a5%bf%e7%8f%ad%e7%89%99%e6%96%87-espanol\/\">http:\/\/csl.org\/global\/resources\/translated-books\/spanish-espanol\/<\/a><\/p>\n<p>\u5723\u5854\u7f57\u838e\u7075\u6027\u751f\u6d3b\u4e2d\u5fc3 \u897f\u73ed\u7259\u8bed\u8d44\u6e90\uff08\u535a\u5ba2\u3001\u64ad\u5ba2\u3001\u80af\u5b9a\u6027\u7977\u544a\uff09\u3002\/<span style=\"color: #666699;\">Centro para la Vida Espiritual, Santa Rosa: recursos en espa\u00f1ol (blogs, podcasts, oraciones afirmativas):<\/span> <a href=\"http:\/\/enespanolcslsr.blogspot.com\/\" target=\"_blank\" rel=\"noopener noreferrer\">http:\/\/enespanolcslsr.blogspot.com\/<\/a> <a href=\"http:\/\/affirmativeprayerenespanol.blogspot.com\/\" target=\"_blank\" rel=\"noopener noreferrer\">http:\/\/affirmativeprayerenespanol.blogspot.com\/<\/a> <a href=\"https:\/\/www.facebook.com\/CSLSREnEspanol\/\" target=\"_blank\" rel=\"noopener noreferrer\">https:\/\/www.facebook.com\/CSLSREnEspanol\/<\/a><\/p>\n<p>\u58a8\u897f\u54e5\u7075\u6027\u751f\u6d3b\u4e2d\u5fc3\u897f\u73ed\u7259\u8bed\u8d44\u6e90\uff08\u8bfe\u7a0b\u3001\u7977\u544a\u8bf7\u6c42\u3001\u51a5\u60f3\u7b49\uff09\u548c\u897f\u73ed\u7259\u8bed\u7075\u6027\u9886\u5bfc\u529b\u5b66\u6821\/<span style=\"color: #666699;\">Centro para la Vida Espiritual, M\u00e9xico: Recursos en espa\u00f1ol (clases, peticiones de oraci\u00f3n, meditaciones, etc.) y Espa\u00f1ol La Escuela de Liderazgo Espiritual:<\/span> <a href=\"http:\/\/www.vidaespiritual.org\/\" target=\"_blank\" rel=\"noopener noreferrer\">http:\/\/www.vidaespiritual.org\/<\/a><\/p>\n<p>&nbsp;<\/p>\n<\/div><div class=\"fusion-clearfix\"><\/div><\/div><\/div><\/div><\/div><div class=\"fusion-bg-parallax\" data-bg-align=\"center center\" data-direction=\"left\" data-mute=\"false\" data-opacity=\"100\" data-velocity=\"-0.7\" data-mobile-enabled=\"true\" data-break_parents=\"0\" data-bg-image=\"http:\/\/csl.org\/wp-content\/uploads\/sites\/8\/2019\/05\/african-people-1024x606.jpg\" data-bg-repeat=\"false\" ><\/div><div class=\"fusion-fullwidth fullwidth-box fusion-builder-row-2 fusion-parallax-left gradient-container-2 nonhundred-percent-fullwidth non-hundred-percent-height-scrolling\" style=\"--awb-border-radius-top-left:0px;--awb-border-radius-top-right:0px;--awb-border-radius-bottom-right:0px;--awb-border-radius-bottom-left:0px;--awb-background-image:url(&quot;http:\/\/csl.org\/wp-content\/uploads\/sites\/8\/2019\/05\/african-people-1024x606.jpg&quot;);--awb-background-size:cover;--awb-flex-wrap:wrap;\" ><div class=\"fusion-builder-row fusion-row\"><div class=\"fusion-layout-column fusion_builder_column fusion-builder-column-1 fusion_builder_column_1_1 1_1 fusion-one-full fusion-column-first fusion-column-last\" style=\"--awb-padding-top:250px;--awb-padding-right:200px;--awb-padding-bottom:250px;--awb-padding-left:200px;--awb-bg-size:cover;\"><div class=\"fusion-column-wrapper fusion-column-has-shadow fusion-flex-column-wrapper-legacy\"><div class=\"fusion-clearfix\"><\/div><\/div><\/div><\/div><\/div><\/p>\n","protected":false},"excerpt":{"rendered":"","protected":false},"author":1,"featured_media":0,"parent":6142,"menu_order":281,"comment_status":"closed","ping_status":"closed","template":"100-width.php","meta":{"_exactmetrics_skip_tracking":false,"_exactmetrics_sitenote_active":false,"_exactmetrics_sitenote_note":"","_exactmetrics_sitenote_category":0,"footnotes":""},"categories":[112],"tags":[],"class_list":["post-6597","page","type-page","status-publish","hentry","category-112"],"yoast_head":"<!-- This site is optimized with the Yoast SEO plugin v23.1 - https:\/\/yoast.com\/wordpress\/plugins\/seo\/ -->\n<title>\u897f\u73ed\u7259\u8bed\u8d44\u6e90 - Global Services - Centers for Spiritual Living<\/title>\n<meta name=\"robots\" content=\"index, follow, max-snippet:-1, max-image-preview:large, max-video-preview:-1\" \/>\n<link rel=\"canonical\" href=\"https:\/\/csl.org\/global\/zh-hans\/\u8d44\u6e90\/\u897f\u73ed\u7259\u8bed\u8d44\u6e90\/\" \/>\n<meta property=\"og:locale\" content=\"en_US\" \/>\n<meta property=\"og:type\" content=\"article\" \/>\n<meta property=\"og:title\" content=\"\u897f\u73ed\u7259\u8bed\u8d44\u6e90 - Global Services - Centers for Spiritual Living\" \/>\n<meta property=\"og:url\" content=\"https:\/\/csl.org\/global\/zh-hans\/\u8d44\u6e90\/\u897f\u73ed\u7259\u8bed\u8d44\u6e90\/\" \/>\n<meta property=\"og:site_name\" content=\"Global Services - Centers for Spiritual Living\" \/>\n<meta property=\"og:image\" content=\"http:\/\/csl.org\/wp-content\/uploads\/sites\/8\/2019\/05\/spanish-language-optimized-400x267.jpg\" \/>\n<meta name=\"twitter:card\" content=\"summary_large_image\" \/>\n<meta name=\"twitter:label1\" content=\"Est. reading time\" \/>\n\t<meta name=\"twitter:data1\" content=\"3 minutes\" \/>\n<script type=\"application\/ld+json\" class=\"yoast-schema-graph\">{\"@context\":\"https:\/\/schema.org\",\"@graph\":[{\"@type\":\"WebPage\",\"@id\":\"https:\/\/csl.org\/global\/zh-hans\/%e8%b5%84%e6%ba%90\/%e8%a5%bf%e7%8f%ad%e7%89%99%e8%af%ad%e8%b5%84%e6%ba%90\/\",\"url\":\"https:\/\/csl.org\/global\/zh-hans\/%e8%b5%84%e6%ba%90\/%e8%a5%bf%e7%8f%ad%e7%89%99%e8%af%ad%e8%b5%84%e6%ba%90\/\",\"name\":\"\u897f\u73ed\u7259\u8bed\u8d44\u6e90 - Global Services - Centers for Spiritual Living\",\"isPartOf\":{\"@id\":\"https:\/\/csl.org\/global\/de\/#website\"},\"primaryImageOfPage\":{\"@id\":\"https:\/\/csl.org\/global\/zh-hans\/%e8%b5%84%e6%ba%90\/%e8%a5%bf%e7%8f%ad%e7%89%99%e8%af%ad%e8%b5%84%e6%ba%90\/#primaryimage\"},\"image\":{\"@id\":\"https:\/\/csl.org\/global\/zh-hans\/%e8%b5%84%e6%ba%90\/%e8%a5%bf%e7%8f%ad%e7%89%99%e8%af%ad%e8%b5%84%e6%ba%90\/#primaryimage\"},\"thumbnailUrl\":\"http:\/\/csl.org\/wp-content\/uploads\/sites\/8\/2019\/05\/spanish-language-optimized-400x267.jpg\",\"datePublished\":\"2020-05-12T12:39:43+00:00\",\"dateModified\":\"2020-05-12T12:39:43+00:00\",\"breadcrumb\":{\"@id\":\"https:\/\/csl.org\/global\/zh-hans\/%e8%b5%84%e6%ba%90\/%e8%a5%bf%e7%8f%ad%e7%89%99%e8%af%ad%e8%b5%84%e6%ba%90\/#breadcrumb\"},\"inLanguage\":\"en-US\",\"potentialAction\":[{\"@type\":\"ReadAction\",\"target\":[\"https:\/\/csl.org\/global\/zh-hans\/%e8%b5%84%e6%ba%90\/%e8%a5%bf%e7%8f%ad%e7%89%99%e8%af%ad%e8%b5%84%e6%ba%90\/\"]}]},{\"@type\":\"ImageObject\",\"inLanguage\":\"en-US\",\"@id\":\"https:\/\/csl.org\/global\/zh-hans\/%e8%b5%84%e6%ba%90\/%e8%a5%bf%e7%8f%ad%e7%89%99%e8%af%ad%e8%b5%84%e6%ba%90\/#primaryimage\",\"url\":\"http:\/\/csl.org\/wp-content\/uploads\/sites\/8\/2019\/05\/spanish-language-optimized-400x267.jpg\",\"contentUrl\":\"http:\/\/csl.org\/wp-content\/uploads\/sites\/8\/2019\/05\/spanish-language-optimized-400x267.jpg\"},{\"@type\":\"BreadcrumbList\",\"@id\":\"https:\/\/csl.org\/global\/zh-hans\/%e8%b5%84%e6%ba%90\/%e8%a5%bf%e7%8f%ad%e7%89%99%e8%af%ad%e8%b5%84%e6%ba%90\/#breadcrumb\",\"itemListElement\":[{\"@type\":\"ListItem\",\"position\":1,\"name\":\"\u8d44\u6e90\",\"item\":\"https:\/\/csl.org\/global\/zh-hans\/%e8%b5%84%e6%ba%90\/\"},{\"@type\":\"ListItem\",\"position\":2,\"name\":\"\u897f\u73ed\u7259\u8bed\u8d44\u6e90\"}]},{\"@type\":\"WebSite\",\"@id\":\"https:\/\/csl.org\/global\/de\/#website\",\"url\":\"https:\/\/csl.org\/global\/de\/\",\"name\":\"Global Services - Centers for Spiritual Living\",\"description\":\"\",\"potentialAction\":[{\"@type\":\"SearchAction\",\"target\":{\"@type\":\"EntryPoint\",\"urlTemplate\":\"https:\/\/csl.org\/global\/de\/?s={search_term_string}\"},\"query-input\":\"required name=search_term_string\"}],\"inLanguage\":\"en-US\"}]}<\/script>\n<!-- \/ Yoast SEO plugin. -->","yoast_head_json":{"title":"\u897f\u73ed\u7259\u8bed\u8d44\u6e90 - Global Services - Centers for Spiritual Living","robots":{"index":"index","follow":"follow","max-snippet":"max-snippet:-1","max-image-preview":"max-image-preview:large","max-video-preview":"max-video-preview:-1"},"canonical":"https:\/\/csl.org\/global\/zh-hans\/\u8d44\u6e90\/\u897f\u73ed\u7259\u8bed\u8d44\u6e90\/","og_locale":"en_US","og_type":"article","og_title":"\u897f\u73ed\u7259\u8bed\u8d44\u6e90 - Global Services - Centers for Spiritual Living","og_url":"https:\/\/csl.org\/global\/zh-hans\/\u8d44\u6e90\/\u897f\u73ed\u7259\u8bed\u8d44\u6e90\/","og_site_name":"Global Services - Centers for Spiritual Living","og_image":[{"url":"http:\/\/csl.org\/wp-content\/uploads\/sites\/8\/2019\/05\/spanish-language-optimized-400x267.jpg"}],"twitter_card":"summary_large_image","twitter_misc":{"Est. reading time":"3 minutes"},"schema":{"@context":"https:\/\/schema.org","@graph":[{"@type":"WebPage","@id":"https:\/\/csl.org\/global\/zh-hans\/%e8%b5%84%e6%ba%90\/%e8%a5%bf%e7%8f%ad%e7%89%99%e8%af%ad%e8%b5%84%e6%ba%90\/","url":"https:\/\/csl.org\/global\/zh-hans\/%e8%b5%84%e6%ba%90\/%e8%a5%bf%e7%8f%ad%e7%89%99%e8%af%ad%e8%b5%84%e6%ba%90\/","name":"\u897f\u73ed\u7259\u8bed\u8d44\u6e90 - Global Services - Centers for Spiritual Living","isPartOf":{"@id":"https:\/\/csl.org\/global\/de\/#website"},"primaryImageOfPage":{"@id":"https:\/\/csl.org\/global\/zh-hans\/%e8%b5%84%e6%ba%90\/%e8%a5%bf%e7%8f%ad%e7%89%99%e8%af%ad%e8%b5%84%e6%ba%90\/#primaryimage"},"image":{"@id":"https:\/\/csl.org\/global\/zh-hans\/%e8%b5%84%e6%ba%90\/%e8%a5%bf%e7%8f%ad%e7%89%99%e8%af%ad%e8%b5%84%e6%ba%90\/#primaryimage"},"thumbnailUrl":"http:\/\/csl.org\/wp-content\/uploads\/sites\/8\/2019\/05\/spanish-language-optimized-400x267.jpg","datePublished":"2020-05-12T12:39:43+00:00","dateModified":"2020-05-12T12:39:43+00:00","breadcrumb":{"@id":"https:\/\/csl.org\/global\/zh-hans\/%e8%b5%84%e6%ba%90\/%e8%a5%bf%e7%8f%ad%e7%89%99%e8%af%ad%e8%b5%84%e6%ba%90\/#breadcrumb"},"inLanguage":"en-US","potentialAction":[{"@type":"ReadAction","target":["https:\/\/csl.org\/global\/zh-hans\/%e8%b5%84%e6%ba%90\/%e8%a5%bf%e7%8f%ad%e7%89%99%e8%af%ad%e8%b5%84%e6%ba%90\/"]}]},{"@type":"ImageObject","inLanguage":"en-US","@id":"https:\/\/csl.org\/global\/zh-hans\/%e8%b5%84%e6%ba%90\/%e8%a5%bf%e7%8f%ad%e7%89%99%e8%af%ad%e8%b5%84%e6%ba%90\/#primaryimage","url":"http:\/\/csl.org\/wp-content\/uploads\/sites\/8\/2019\/05\/spanish-language-optimized-400x267.jpg","contentUrl":"http:\/\/csl.org\/wp-content\/uploads\/sites\/8\/2019\/05\/spanish-language-optimized-400x267.jpg"},{"@type":"BreadcrumbList","@id":"https:\/\/csl.org\/global\/zh-hans\/%e8%b5%84%e6%ba%90\/%e8%a5%bf%e7%8f%ad%e7%89%99%e8%af%ad%e8%b5%84%e6%ba%90\/#breadcrumb","itemListElement":[{"@type":"ListItem","position":1,"name":"\u8d44\u6e90","item":"https:\/\/csl.org\/global\/zh-hans\/%e8%b5%84%e6%ba%90\/"},{"@type":"ListItem","position":2,"name":"\u897f\u73ed\u7259\u8bed\u8d44\u6e90"}]},{"@type":"WebSite","@id":"https:\/\/csl.org\/global\/de\/#website","url":"https:\/\/csl.org\/global\/de\/","name":"Global Services - Centers for Spiritual Living","description":"","potentialAction":[{"@type":"SearchAction","target":{"@type":"EntryPoint","urlTemplate":"https:\/\/csl.org\/global\/de\/?s={search_term_string}"},"query-input":"required name=search_term_string"}],"inLanguage":"en-US"}]}},"_links":{"self":[{"href":"https:\/\/csl.org\/global\/wp-json\/wp\/v2\/pages\/6597"}],"collection":[{"href":"https:\/\/csl.org\/global\/wp-json\/wp\/v2\/pages"}],"about":[{"href":"https:\/\/csl.org\/global\/wp-json\/wp\/v2\/types\/page"}],"author":[{"embeddable":true,"href":"https:\/\/csl.org\/global\/wp-json\/wp\/v2\/users\/1"}],"replies":[{"embeddable":true,"href":"https:\/\/csl.org\/global\/wp-json\/wp\/v2\/comments?post=6597"}],"version-history":[{"count":1,"href":"https:\/\/csl.org\/global\/wp-json\/wp\/v2\/pages\/6597\/revisions"}],"predecessor-version":[{"id":6598,"href":"https:\/\/csl.org\/global\/wp-json\/wp\/v2\/pages\/6597\/revisions\/6598"}],"up":[{"embeddable":true,"href":"https:\/\/csl.org\/global\/wp-json\/wp\/v2\/pages\/6142"}],"wp:attachment":[{"href":"https:\/\/csl.org\/global\/wp-json\/wp\/v2\/media?parent=6597"}],"wp:term":[{"taxonomy":"category","embeddable":true,"href":"https:\/\/csl.org\/global\/wp-json\/wp\/v2\/categories?post=6597"},{"taxonomy":"post_tag","embeddable":true,"href":"https:\/\/csl.org\/global\/wp-json\/wp\/v2\/tags?post=6597"}],"curies":[{"name":"wp","href":"https:\/\/api.w.org\/{rel}","templated":true}]}}