{"id":7654,"date":"2019-05-13T11:20:02","date_gmt":"2019-05-13T11:20:02","guid":{"rendered":"https:\/\/csl.org\/global\/recursos\/creating-a-science-of-mind-group\/"},"modified":"2020-09-04T14:46:04","modified_gmt":"2020-09-04T14:46:04","slug":"criacao-de-um-grupo-ciencia-da-mente","status":"publish","type":"page","link":"https:\/\/csl.org\/global\/recursos\/criacao-de-um-grupo-ciencia-da-mente\/","title":{"rendered":"Cria\u00e7\u00e3o de um Grupo Ci\u00eancia da Mente"},"content":{"rendered":"<p><div class=\"fusion-fullwidth fullwidth-box fusion-builder-row-1 gradient-container-1 nonhundred-percent-fullwidth non-hundred-percent-height-scrolling\" style=\"--awb-border-radius-top-left:0px;--awb-border-radius-top-right:0px;--awb-border-radius-bottom-right:0px;--awb-border-radius-bottom-left:0px;--awb-background-color:#ffffff;--awb-flex-wrap:wrap;\" ><div class=\"fusion-builder-row fusion-row\"><div class=\"fusion-layout-column fusion_builder_column fusion-builder-column-0 fusion_builder_column_1_1 1_1 fusion-one-full fusion-column-first fusion-column-last fusion-animated\" style=\"--awb-padding-top:50px;--awb-padding-right:3%;--awb-padding-bottom:50px;--awb-padding-left:3%;--awb-bg-color:#ffffff;--awb-bg-color-hover:#ffffff;--awb-bg-size:cover;\" data-animationType=\"fadeInLeft\" data-animationDuration=\"0.3\" data-animationOffset=\"top-into-view\"><div class=\"fusion-column-wrapper fusion-column-has-shadow fusion-flex-column-wrapper-legacy\"><div class=\"fusion-text fusion-text-1\"><h1>Inicie um Grupo Ci\u00eancia da Mente<\/h1>\n<p><img fetchpriority=\"high\" decoding=\"async\" class=\"size-400 wp-image-2362 alignleft\" src=\"http:\/\/csl.org\/wp-content\/uploads\/sites\/8\/2019\/05\/achievement-3-400x286.jpg\" alt=\"\" width=\"400\" height=\"286\" srcset=\"https:\/\/csl.org\/global\/wp-content\/uploads\/sites\/8\/2019\/05\/achievement-3-200x143.jpg 200w, https:\/\/csl.org\/global\/wp-content\/uploads\/sites\/8\/2019\/05\/achievement-3-300x214.jpg 300w, https:\/\/csl.org\/global\/wp-content\/uploads\/sites\/8\/2019\/05\/achievement-3-400x286.jpg 400w, https:\/\/csl.org\/global\/wp-content\/uploads\/sites\/8\/2019\/05\/achievement-3-600x428.jpg 600w, https:\/\/csl.org\/global\/wp-content\/uploads\/sites\/8\/2019\/05\/achievement-3-768x548.jpg 768w, https:\/\/csl.org\/global\/wp-content\/uploads\/sites\/8\/2019\/05\/achievement-3-800x571.jpg 800w, https:\/\/csl.org\/global\/wp-content\/uploads\/sites\/8\/2019\/05\/achievement-3-1024x731.jpg 1024w, https:\/\/csl.org\/global\/wp-content\/uploads\/sites\/8\/2019\/05\/achievement-3-1200x857.jpg 1200w, https:\/\/csl.org\/global\/wp-content\/uploads\/sites\/8\/2019\/05\/achievement-3.jpg 1920w\" sizes=\"(max-width: 400px) 100vw, 400px\" \/>Obrigado pelo seu interesse em iniciar um Grupo Ci\u00eancia da Mente! Gostar\u00edamos de o ajudar a come\u00e7ar e de saber o que est\u00e1 a fazer para que possamos ligar as pessoas interessadas a si. A informa\u00e7\u00e3o nesta p\u00e1gina \u00e9 para o ajudar a preparar-se e a fazer a sua lista connosco. No entanto, tamb\u00e9m temos recursos dispon\u00edveis neste website para o ajudar na cria\u00e7\u00e3o de <a href=\"https:\/\/csl.org\/global\/pt-pt\/recursos\/criacao-de-um-grupo-ciencia-da-mente\/aulas-e-material-de-discussao\/\" rel=\"noopener noreferrer\">discuss\u00f5es de grupo e aulas<\/a>, <a href=\"https:\/\/csl.org\/global\/pt-pt\/recursos\/criacao-de-um-grupo-ciencia-da-mente\/ideias-para-o-crescimento-do-seu-grupo\/\" rel=\"noopener noreferrer\">fazer crescer o seu grupo<\/a> e <a href=\"https:\/\/csl.org\/global\/pt-pt\/recursos\/criacao-de-um-grupo-ciencia-da-mente\/conecte-se-com-outros-lideres-de-grupo\/\" rel=\"noopener noreferrer\">liga\u00e7\u00e3o com outros l\u00edderes do grupo<\/a>. H\u00e1 tamb\u00e9m bons recursos dispon\u00edveis para o ajudar na sua compreens\u00e3o da <a href=\"https:\/\/csl.org\/global\/pt-pt\/recursos\/recursos-de-ciencia-da-mente\/\">Ci\u00eancia da Mente<\/a>.<\/p>\n<p>H\u00e1 diferentes tipos de grupos ou comunidades que s\u00e3o aqui descritos:<\/p>\n<h2>\u00a0<\/h2>\n<h2>C\u00edrculos de Vida Espiritual<\/h2>\n<p>Qualquer pessoa pode iniciar um C\u00edrculo de Vida Espiritual! Este programa \u00e9 constru\u00eddo em torno da revista <a href=\"https:\/\/scienceofmind.com\/\" target=\"_blank\" rel=\"noopener noreferrer\">Science of Mind<\/a>\u00a0que est\u00e1 dispon\u00edvel tanto em edi\u00e7\u00f5es impressas como online. Os l\u00edderes que registam o seu C\u00edrculo de Vida Espiritual recebem semanalmente guias de discuss\u00e3o constru\u00eddos em torno de um artigo da edi\u00e7\u00e3o desse m\u00eas. Al\u00e9m disso, s\u00e3o disponibilizados outros recursos para o apoiar a si e ao seu grupo e tem a op\u00e7\u00e3o de ter o seu C\u00edrculo de Vida Espiritual listado no nosso website.<\/p>\n<p>Actualmente, a revista e os guias de estudo est\u00e3o dispon\u00edveis apenas em ingl\u00eas.<\/p>\n<p>Note que para as sub-sec\u00e7\u00f5es da revista fora dos Estados Unidos, a edi\u00e7\u00e3o online \u00e9 simultaneamente oportuna e acess\u00edvel!<\/p>\n<p>Para saber mais detalhes sobre o programa C\u00edrculos de Vida Espiritual e para se inscrever, <a href=\"http:\/\/csl.org\/programs\/spiritual-living-circles.html\" target=\"_blank\" rel=\"noopener noreferrer\">clique aqui<\/a>.<\/p>\n<h2>Grupos de estudo<\/h2>\n<p>Grupos de estudo re\u00fanem-se com o objectivo de estudar os princ\u00edpios da Ci\u00eancia da Mente. Frequentemente, tamb\u00e9m realizam pequenas aulas n\u00e3o acreditadas, workshops, fazem medita\u00e7\u00e3o em grupo e afins. Muitos grupos de estudo tamb\u00e9m se inscrevem para o material dos C\u00edrculos de Vida Espiritual e utilizam-no para a discuss\u00e3o em grupo. Os grupos de estudo est\u00e3o listados no nosso website.<\/p>\n<p>Os l\u00edderes dos grupos de estudo s\u00e3o obrigados a ter conclu\u00eddo pelo menos uma aula fundacional da Ciencia da Mente (que pode ter sido online ou pessoalmente numa das nossas comunidades), ter um patrocinador ministerial para apoio e preencher uma candidatura.<\/p>\n<p>NOTA: Centros para Ministros e Praticantes da Vida Espiritual tamb\u00e9m podem dar aulas creditadas (&#8220;certificadas&#8221;) em grupos de estudo fora dos Estados Unidos e Canad\u00e1.<\/p>\n<p>Se estiver interessado em iniciar um grupo de estudo, por favor descarregue estes 2 documentos:<\/p>\n<p>&nbsp;<\/p>\n<p><a href=\"http:\/\/csl.org\/wp-content\/uploads\/sites\/8\/2019\/10\/Study-Group-Information-Sheet-October-2019.doc\" rel=\"noopener noreferrer\">Carta a explicar como candidatar-se a um grupo de estudo (ingl\u00eas)<\/a>\u00a0 |\u00a0 <a href=\"http:\/\/csl.org\/wp-content\/uploads\/sites\/8\/2019\/10\/Hoja-de-informaci\u00f3n-grupo-de-estudio-octubre-de-2019.docx\" rel=\"noopener noreferrer\">Espanhol<\/a><\/p>\n<p><a href=\"http:\/\/csl.org\/wp-content\/uploads\/sites\/8\/2019\/05\/2017StudyGroupApp.docx\" rel=\"noopener noreferrer\">Candidatura para um grupo de estudo (ingl\u00eas)<\/a><\/p>\n<p>Se tiver alguma d\u00favida, envie um e-mail para <a href=\"&#109;&#x61;i&#108;&#x74;o&#58;&#x6d;q&#117;&#x69;n&#116;&#x61;n&#97;&#x40;c&#115;&#x6c;&#46;&#111;&#x72;g\">&#x6d;&#x71;&#117;&#105;nt&#x61;&#x6e;&#x61;&#64;cs&#x6c;&#x2e;&#x6f;&#114;&#103;<\/a>.<\/p>\n<h2>Cap\u00edtulos de Ensino, Centros e Minist\u00e9rios de Enfoque<\/h2>\n<p>Estes tr\u00eas tipos de minist\u00e9rios s\u00e3o comunidades membros afiliados com Centros para a Vida Espiritual e passam por um processo de candidatura mais extenso.<\/p>\n<p>Um Cap\u00edtulo de Ensino \u00e9 um grupo que \u00e9 dirigido ou por um Centro para Vida Espiritual ou por um Praticante. Os Cap\u00edtulos de Ensino podem dar aulas creditadas, bem como realizar uma gama completa de outras actividades espirituais.<\/p>\n<p>Um Centro \u00e9 um minist\u00e9rio que \u00e9 liderado por um Ministro de um Centro para Vida Espiritual. Os Centros realizam servi\u00e7os, ensinam aulas creditadas e conduzem uma gama completa de outras actividades espirituais.<\/p>\n<p>Um Minist\u00e9rio Focalizado \u00e9 liderado por um Centro de Vida Espiritual e executa actividades espirituais que est\u00e3o tipicamente para al\u00e9m das normalmente conduzidas pelos Cap\u00edtulos e Centros de Ensino.<\/p>\n<p>Para mais informa\u00e7\u00f5es sobre estes tipos de minist\u00e9rios, por favor envie um email para <a href=\"mailto:mquin&#116;&#97;&#110;&#97;&#64;&#99;&#115;&#108;&#46;&#111;&#114;&#103;\">&#x6d;&#x71;&#x75;&#105;&#110;&#116;an&#x61;&#x40;&#x63;&#x73;&#108;&#46;or&#x67;<\/a>.<\/p>\n<\/div><div class=\"fusion-clearfix\"><\/div><\/div><\/div><\/div><\/div><div class=\"fusion-bg-parallax\" data-bg-align=\"center center\" data-direction=\"left\" data-mute=\"false\" data-opacity=\"100\" data-velocity=\"-0.7\" data-mobile-enabled=\"true\" data-break_parents=\"0\" data-bg-image=\"http:\/\/csl.org\/wp-content\/uploads\/sites\/8\/2019\/05\/snails-1024x678.jpg\" data-bg-repeat=\"false\" ><\/div><div class=\"fusion-fullwidth fullwidth-box fusion-builder-row-2 fusion-parallax-left gradient-container-2 nonhundred-percent-fullwidth non-hundred-percent-height-scrolling\" style=\"--awb-border-radius-top-left:0px;--awb-border-radius-top-right:0px;--awb-border-radius-bottom-right:0px;--awb-border-radius-bottom-left:0px;--awb-background-image:url(&quot;http:\/\/csl.org\/wp-content\/uploads\/sites\/8\/2019\/05\/snails-1024x678.jpg&quot;);--awb-background-size:cover;--awb-flex-wrap:wrap;\" ><div class=\"fusion-builder-row fusion-row\"><div class=\"fusion-layout-column fusion_builder_column fusion-builder-column-1 fusion_builder_column_1_1 1_1 fusion-one-full fusion-column-first fusion-column-last\" style=\"--awb-padding-top:250px;--awb-padding-right:200px;--awb-padding-bottom:250px;--awb-padding-left:200px;--awb-bg-size:cover;\"><div class=\"fusion-column-wrapper fusion-column-has-shadow fusion-flex-column-wrapper-legacy\"><div class=\"fusion-clearfix\"><\/div><\/div><\/div><\/div><\/div><\/p>\n","protected":false},"excerpt":{"rendered":"","protected":false},"author":1,"featured_media":0,"parent":7506,"menu_order":68,"comment_status":"closed","ping_status":"closed","template":"100-width.php","meta":{"_exactmetrics_skip_tracking":false,"_exactmetrics_sitenote_active":false,"_exactmetrics_sitenote_note":"","_exactmetrics_sitenote_category":0,"footnotes":""},"categories":[123],"tags":[],"class_list":["post-7654","page","type-page","status-publish","hentry","category-recursos-pt-pt"],"yoast_head":"<!-- This site is optimized with the Yoast SEO plugin v23.1 - https:\/\/yoast.com\/wordpress\/plugins\/seo\/ -->\n<title>Cria\u00e7\u00e3o de um Grupo Ci\u00eancia da Mente - Global Services - Centers for Spiritual Living<\/title>\n<meta name=\"robots\" content=\"index, follow, max-snippet:-1, max-image-preview:large, max-video-preview:-1\" \/>\n<link rel=\"canonical\" href=\"https:\/\/csl.org\/global\/pt-pt\/recursos\/criacao-de-um-grupo-ciencia-da-mente\/\" \/>\n<meta property=\"og:locale\" content=\"en_US\" \/>\n<meta property=\"og:type\" content=\"article\" \/>\n<meta property=\"og:title\" content=\"Cria\u00e7\u00e3o de um Grupo Ci\u00eancia da Mente - Global Services - Centers for Spiritual Living\" \/>\n<meta property=\"og:url\" content=\"https:\/\/csl.org\/global\/pt-pt\/recursos\/criacao-de-um-grupo-ciencia-da-mente\/\" \/>\n<meta property=\"og:site_name\" content=\"Global Services - Centers for Spiritual Living\" \/>\n<meta property=\"article:modified_time\" content=\"2020-09-04T14:46:04+00:00\" \/>\n<meta property=\"og:image\" content=\"http:\/\/csl.org\/wp-content\/uploads\/sites\/8\/2019\/05\/achievement-3-400x286.jpg\" \/>\n<meta name=\"twitter:card\" content=\"summary_large_image\" \/>\n<meta name=\"twitter:label1\" content=\"Est. reading time\" \/>\n\t<meta name=\"twitter:data1\" content=\"6 minutes\" \/>\n<script type=\"application\/ld+json\" class=\"yoast-schema-graph\">{\"@context\":\"https:\/\/schema.org\",\"@graph\":[{\"@type\":\"WebPage\",\"@id\":\"https:\/\/csl.org\/global\/pt-pt\/recursos\/criacao-de-um-grupo-ciencia-da-mente\/\",\"url\":\"https:\/\/csl.org\/global\/pt-pt\/recursos\/criacao-de-um-grupo-ciencia-da-mente\/\",\"name\":\"Cria\u00e7\u00e3o de um Grupo Ci\u00eancia da Mente - Global Services - Centers for Spiritual Living\",\"isPartOf\":{\"@id\":\"https:\/\/csl.org\/global\/de\/#website\"},\"primaryImageOfPage\":{\"@id\":\"https:\/\/csl.org\/global\/pt-pt\/recursos\/criacao-de-um-grupo-ciencia-da-mente\/#primaryimage\"},\"image\":{\"@id\":\"https:\/\/csl.org\/global\/pt-pt\/recursos\/criacao-de-um-grupo-ciencia-da-mente\/#primaryimage\"},\"thumbnailUrl\":\"http:\/\/csl.org\/wp-content\/uploads\/sites\/8\/2019\/05\/achievement-3-400x286.jpg\",\"datePublished\":\"2019-05-13T11:20:02+00:00\",\"dateModified\":\"2020-09-04T14:46:04+00:00\",\"breadcrumb\":{\"@id\":\"https:\/\/csl.org\/global\/pt-pt\/recursos\/criacao-de-um-grupo-ciencia-da-mente\/#breadcrumb\"},\"inLanguage\":\"en-US\",\"potentialAction\":[{\"@type\":\"ReadAction\",\"target\":[\"https:\/\/csl.org\/global\/pt-pt\/recursos\/criacao-de-um-grupo-ciencia-da-mente\/\"]}]},{\"@type\":\"ImageObject\",\"inLanguage\":\"en-US\",\"@id\":\"https:\/\/csl.org\/global\/pt-pt\/recursos\/criacao-de-um-grupo-ciencia-da-mente\/#primaryimage\",\"url\":\"http:\/\/csl.org\/wp-content\/uploads\/sites\/8\/2019\/05\/achievement-3-400x286.jpg\",\"contentUrl\":\"http:\/\/csl.org\/wp-content\/uploads\/sites\/8\/2019\/05\/achievement-3-400x286.jpg\"},{\"@type\":\"BreadcrumbList\",\"@id\":\"https:\/\/csl.org\/global\/pt-pt\/recursos\/criacao-de-um-grupo-ciencia-da-mente\/#breadcrumb\",\"itemListElement\":[{\"@type\":\"ListItem\",\"position\":1,\"name\":\"RECURSOS\",\"item\":\"https:\/\/csl.org\/global\/pt-pt\/recursos\/\"},{\"@type\":\"ListItem\",\"position\":2,\"name\":\"Cria\u00e7\u00e3o de um Grupo Ci\u00eancia da Mente\"}]},{\"@type\":\"WebSite\",\"@id\":\"https:\/\/csl.org\/global\/de\/#website\",\"url\":\"https:\/\/csl.org\/global\/de\/\",\"name\":\"Global Services - Centers for Spiritual Living\",\"description\":\"\",\"potentialAction\":[{\"@type\":\"SearchAction\",\"target\":{\"@type\":\"EntryPoint\",\"urlTemplate\":\"https:\/\/csl.org\/global\/de\/?s={search_term_string}\"},\"query-input\":\"required name=search_term_string\"}],\"inLanguage\":\"en-US\"}]}<\/script>\n<!-- \/ Yoast SEO plugin. -->","yoast_head_json":{"title":"Cria\u00e7\u00e3o de um Grupo Ci\u00eancia da Mente - Global Services - Centers for Spiritual Living","robots":{"index":"index","follow":"follow","max-snippet":"max-snippet:-1","max-image-preview":"max-image-preview:large","max-video-preview":"max-video-preview:-1"},"canonical":"https:\/\/csl.org\/global\/pt-pt\/recursos\/criacao-de-um-grupo-ciencia-da-mente\/","og_locale":"en_US","og_type":"article","og_title":"Cria\u00e7\u00e3o de um Grupo Ci\u00eancia da Mente - Global Services - Centers for Spiritual Living","og_url":"https:\/\/csl.org\/global\/pt-pt\/recursos\/criacao-de-um-grupo-ciencia-da-mente\/","og_site_name":"Global Services - Centers for Spiritual Living","article_modified_time":"2020-09-04T14:46:04+00:00","og_image":[{"url":"http:\/\/csl.org\/wp-content\/uploads\/sites\/8\/2019\/05\/achievement-3-400x286.jpg"}],"twitter_card":"summary_large_image","twitter_misc":{"Est. reading time":"6 minutes"},"schema":{"@context":"https:\/\/schema.org","@graph":[{"@type":"WebPage","@id":"https:\/\/csl.org\/global\/pt-pt\/recursos\/criacao-de-um-grupo-ciencia-da-mente\/","url":"https:\/\/csl.org\/global\/pt-pt\/recursos\/criacao-de-um-grupo-ciencia-da-mente\/","name":"Cria\u00e7\u00e3o de um Grupo Ci\u00eancia da Mente - Global Services - Centers for Spiritual Living","isPartOf":{"@id":"https:\/\/csl.org\/global\/de\/#website"},"primaryImageOfPage":{"@id":"https:\/\/csl.org\/global\/pt-pt\/recursos\/criacao-de-um-grupo-ciencia-da-mente\/#primaryimage"},"image":{"@id":"https:\/\/csl.org\/global\/pt-pt\/recursos\/criacao-de-um-grupo-ciencia-da-mente\/#primaryimage"},"thumbnailUrl":"http:\/\/csl.org\/wp-content\/uploads\/sites\/8\/2019\/05\/achievement-3-400x286.jpg","datePublished":"2019-05-13T11:20:02+00:00","dateModified":"2020-09-04T14:46:04+00:00","breadcrumb":{"@id":"https:\/\/csl.org\/global\/pt-pt\/recursos\/criacao-de-um-grupo-ciencia-da-mente\/#breadcrumb"},"inLanguage":"en-US","potentialAction":[{"@type":"ReadAction","target":["https:\/\/csl.org\/global\/pt-pt\/recursos\/criacao-de-um-grupo-ciencia-da-mente\/"]}]},{"@type":"ImageObject","inLanguage":"en-US","@id":"https:\/\/csl.org\/global\/pt-pt\/recursos\/criacao-de-um-grupo-ciencia-da-mente\/#primaryimage","url":"http:\/\/csl.org\/wp-content\/uploads\/sites\/8\/2019\/05\/achievement-3-400x286.jpg","contentUrl":"http:\/\/csl.org\/wp-content\/uploads\/sites\/8\/2019\/05\/achievement-3-400x286.jpg"},{"@type":"BreadcrumbList","@id":"https:\/\/csl.org\/global\/pt-pt\/recursos\/criacao-de-um-grupo-ciencia-da-mente\/#breadcrumb","itemListElement":[{"@type":"ListItem","position":1,"name":"RECURSOS","item":"https:\/\/csl.org\/global\/pt-pt\/recursos\/"},{"@type":"ListItem","position":2,"name":"Cria\u00e7\u00e3o de um Grupo Ci\u00eancia da Mente"}]},{"@type":"WebSite","@id":"https:\/\/csl.org\/global\/de\/#website","url":"https:\/\/csl.org\/global\/de\/","name":"Global Services - Centers for Spiritual Living","description":"","potentialAction":[{"@type":"SearchAction","target":{"@type":"EntryPoint","urlTemplate":"https:\/\/csl.org\/global\/de\/?s={search_term_string}"},"query-input":"required name=search_term_string"}],"inLanguage":"en-US"}]}},"_links":{"self":[{"href":"https:\/\/csl.org\/global\/wp-json\/wp\/v2\/pages\/7654"}],"collection":[{"href":"https:\/\/csl.org\/global\/wp-json\/wp\/v2\/pages"}],"about":[{"href":"https:\/\/csl.org\/global\/wp-json\/wp\/v2\/types\/page"}],"author":[{"embeddable":true,"href":"https:\/\/csl.org\/global\/wp-json\/wp\/v2\/users\/1"}],"replies":[{"embeddable":true,"href":"https:\/\/csl.org\/global\/wp-json\/wp\/v2\/comments?post=7654"}],"version-history":[{"count":9,"href":"https:\/\/csl.org\/global\/wp-json\/wp\/v2\/pages\/7654\/revisions"}],"predecessor-version":[{"id":8925,"href":"https:\/\/csl.org\/global\/wp-json\/wp\/v2\/pages\/7654\/revisions\/8925"}],"up":[{"embeddable":true,"href":"https:\/\/csl.org\/global\/wp-json\/wp\/v2\/pages\/7506"}],"wp:attachment":[{"href":"https:\/\/csl.org\/global\/wp-json\/wp\/v2\/media?parent=7654"}],"wp:term":[{"taxonomy":"category","embeddable":true,"href":"https:\/\/csl.org\/global\/wp-json\/wp\/v2\/categories?post=7654"},{"taxonomy":"post_tag","embeddable":true,"href":"https:\/\/csl.org\/global\/wp-json\/wp\/v2\/tags?post=7654"}],"curies":[{"name":"wp","href":"https:\/\/api.w.org\/{rel}","templated":true}]}}