{"id":8288,"date":"2020-08-20T09:29:51","date_gmt":"2020-08-20T09:29:51","guid":{"rendered":"https:\/\/csl.org\/global\/comunidade\/reunioes-e-aulas-globais\/"},"modified":"2020-08-21T13:11:00","modified_gmt":"2020-08-21T13:11:00","slug":"reunioes-e-aulas-globais","status":"publish","type":"page","link":"https:\/\/csl.org\/global\/comunidade\/reunioes-e-aulas-globais\/","title":{"rendered":"Reuni\u00f5es e Aulas Globais"},"content":{"rendered":"<p><div class=\"fusion-fullwidth fullwidth-box fusion-builder-row-1 gradient-container-1 nonhundred-percent-fullwidth non-hundred-percent-height-scrolling\" style=\"--awb-border-radius-top-left:0px;--awb-border-radius-top-right:0px;--awb-border-radius-bottom-right:0px;--awb-border-radius-bottom-left:0px;--awb-background-color:#ffffff;--awb-flex-wrap:wrap;\" ><div class=\"fusion-builder-row fusion-row\"><div class=\"fusion-layout-column fusion_builder_column fusion-builder-column-0 fusion_builder_column_1_1 1_1 fusion-one-full fusion-column-first fusion-column-last fusion-animated\" style=\"--awb-padding-top:50px;--awb-padding-right:3%;--awb-padding-bottom:50px;--awb-padding-left:3%;--awb-bg-color:#ffffff;--awb-bg-color-hover:#ffffff;--awb-bg-size:cover;--awb-margin-bottom:5px;\" data-animationType=\"zoomIn\" data-animationDuration=\"0.7\" data-animationOffset=\"top-into-view\"><div class=\"fusion-column-wrapper fusion-column-has-shadow fusion-flex-column-wrapper-legacy\"><div class=\"fusion-text fusion-text-1\"><h1 style=\"text-align: left;\">Reuni\u00f5es e Aulas Globais<\/h1>\n<p style=\"text-align: left;\"><img fetchpriority=\"high\" decoding=\"async\" class=\" wp-image-1950 aligncenter\" src=\"http:\/\/csl.org\/wp-content\/uploads\/sites\/8\/2019\/05\/feet-1-600x450.jpg\" alt=\"\" width=\"418\" height=\"313\" srcset=\"https:\/\/csl.org\/global\/wp-content\/uploads\/sites\/8\/2019\/05\/feet-1-200x150.jpg 200w, https:\/\/csl.org\/global\/wp-content\/uploads\/sites\/8\/2019\/05\/feet-1-300x225.jpg 300w, https:\/\/csl.org\/global\/wp-content\/uploads\/sites\/8\/2019\/05\/feet-1-400x300.jpg 400w, https:\/\/csl.org\/global\/wp-content\/uploads\/sites\/8\/2019\/05\/feet-1-600x450.jpg 600w, https:\/\/csl.org\/global\/wp-content\/uploads\/sites\/8\/2019\/05\/feet-1-768x576.jpg 768w, https:\/\/csl.org\/global\/wp-content\/uploads\/sites\/8\/2019\/05\/feet-1-800x600.jpg 800w, https:\/\/csl.org\/global\/wp-content\/uploads\/sites\/8\/2019\/05\/feet-1-1024x768.jpg 1024w, https:\/\/csl.org\/global\/wp-content\/uploads\/sites\/8\/2019\/05\/feet-1-1200x900.jpg 1200w, https:\/\/csl.org\/global\/wp-content\/uploads\/sites\/8\/2019\/05\/feet-1.jpg 1920w\" sizes=\"(max-width: 418px) 100vw, 418px\" \/><\/p>\n<p style=\"text-align: left;\">Aqui encontrar\u00e1 uma lista de reuni\u00f5es e aulas de Ci\u00eancia da Mente dispon\u00edveis em todo o mundo (fora da Am\u00e9rica do Norte). Estas incluem as que est\u00e3o dispon\u00edveis em todo o mundo online e locais (por \u00e1reas do mundo). S\u00e3o fornecidas liga\u00e7\u00f5es para mais informa\u00e7\u00f5es.<\/p>\n<\/div><div class=\"fusion-clearfix\"><\/div><\/div><\/div><div class=\"fusion-layout-column fusion_builder_column fusion-builder-column-1 fusion_builder_column_1_3 1_3 fusion-one-third fusion-column-first fusion-animated\" style=\"--awb-bg-size:cover;width:33.333333333333%;width:calc(33.333333333333% - ( ( 4% + 4% ) * 0.33333333333333 ) );margin-right: 4%;\" data-animationType=\"zoomIn\" data-animationDuration=\"0.7\" data-animationOffset=\"top-into-view\"><div class=\"fusion-column-wrapper fusion-column-has-shadow fusion-flex-column-wrapper-legacy\"><div class=\"fusion-clearfix\"><\/div><\/div><\/div><div class=\"fusion-layout-column fusion_builder_column fusion-builder-column-2 fusion_builder_column_1_3 1_3 fusion-one-third fusion-animated\" style=\"--awb-bg-size:cover;--awb-margin-top:-20px;--awb-margin-bottom:20px;width:33.333333333333%;width:calc(33.333333333333% - ( ( 4% + 4% ) * 0.33333333333333 ) );margin-right: 4%;\" data-animationType=\"zoomIn\" data-animationDuration=\"0.7\" data-animationOffset=\"top-into-view\"><div class=\"fusion-column-wrapper fusion-column-has-shadow fusion-flex-column-wrapper-legacy\"><div class=\"fusion-aligncenter\"><a class=\"fusion-button button-flat button-large button-default fusion-button-default button-1 fusion-button-default-span fusion-button-default-type fusion-animated\" data-animationType=\"zoomIn\" data-animationDuration=\"0.3\" data-animationOffset=\"top-into-view\" target=\"_self\" href=\"http:\/\/csl.org\/global\/pt-pt\/comunidade\/reunioes-e-aulas-globais\/liste-as-suas-aulas-e-reunioes\/\"><span class=\"fusion-button-text\">Listar uma Reuni\u00e3o ou Aula<\/span><\/a><\/div><div class=\"fusion-clearfix\"><\/div><\/div><\/div><div class=\"fusion-layout-column fusion_builder_column fusion-builder-column-3 fusion_builder_column_1_3 1_3 fusion-one-third fusion-column-last fusion-animated\" style=\"--awb-bg-size:cover;width:33.333333333333%;width:calc(33.333333333333% - ( ( 4% + 4% ) * 0.33333333333333 ) );\" data-animationType=\"zoomIn\" data-animationDuration=\"0.7\" data-animationOffset=\"top-into-view\"><div class=\"fusion-column-wrapper fusion-column-has-shadow fusion-flex-column-wrapper-legacy\"><div class=\"fusion-clearfix\"><\/div><\/div><\/div><div class=\"fusion-layout-column fusion_builder_column fusion-builder-column-4 fusion_builder_column_1_1 1_1 fusion-one-full fusion-column-first fusion-column-last fusion-animated\" style=\"--awb-bg-size:cover;\" data-animationType=\"zoomIn\" data-animationDuration=\"0.7\" data-animationOffset=\"top-into-view\"><div class=\"fusion-column-wrapper fusion-column-has-shadow fusion-flex-column-wrapper-legacy\"><div class=\"fusion-text fusion-text-2\"><h3 style=\"text-align: center;\">ONLINE (EM TODO O MUNDO)<\/h3>\n<p style=\"text-align: center;\">*****<\/p>\n<h4 style=\"text-align: center;\">Grupos de Medita\u00e7\u00e3o Cora\u00e7\u00e3o de Paz<\/h4>\n<p style=\"text-align: center;\"><a href=\"https:\/\/ourcsl.org\/csl-peace-initiatives\/find-meditation-group\" target=\"_blank\" rel=\"noopener noreferrer\">Clique aqui para ver a lista dos grupos actuais<\/a><\/p>\n<hr \/>\n<h4 style=\"text-align: center;\">\u00a0<\/h4>\n<h4 style=\"text-align: center;\">Ci\u00eancia da Mente\/Estudo do pensamento afirmativo\/Grupo de discuss\u00e3o na Austr\u00e1lia<\/h4>\n<p style=\"text-align: center;\">Na quinta-feira 14 de Novembro, e depois de duas em duas semanas. <br \/>\n28 de Novembro<br \/>\n12 de Dezembro<br \/>\n2 de Janeiro de 2020 <br \/>\nReunir-nos-emos em Zoom; <a href=\"https:\/\/zoom.us\/j\/8303607071\" target=\"_blank\" rel=\"noopener noreferrer\">https:\/\/zoom.us\/j\/8303607071<\/a><br \/>\nHora de in\u00edcio das 19:00 \u00e0s 20:30 AEST (Australia East Coast Time) Todas as regi\u00f5es da Austral\u00e1sia s\u00e3o muito bem-vindas a participar.<br \/>\nEstou ansioso por participar na discuss\u00e3o, se tiver alguma pergunta adicional, por favor sinta-se \u00e0 vontade para enviar um email @ <a href=\"&#109;&#x61;&#x69;l&#116;&#x6f;:&#103;&#x65;&#x6f;f&#102;&#x72;e&#121;&#x73;&#x6d;i&#116;&#x68;7&#64;&#x6d;&#x61;&#99;&#46;&#x63;o&#109;\" target=\"_blank\" rel=\"noopener noreferrer\">&#103;&#x65;o&#102;&#x66;&#114;&#x65;y&#115;&#x6d;i&#x74;&#x68;&#55;&#x40;m&#97;&#x63;&#46;&#x63;&#x6f;&#109;<\/a> &#8211; <em>O meu n\u00famero de contacto +61( 0) 478037307 deixa o 0 de fora se ligar internacionalmente<br \/>\nCom inten\u00e7\u00e3o amorosa<br \/>\nGeoffrey Smith RScP<\/em><\/p>\n<hr \/>\n<h4>\u00a0<\/h4>\n<h4 style=\"text-align: center;\">Medita\u00e7\u00e3o Global de Cura do Amor<\/h4>\n<p style=\"text-align: center;\">Guiado por Laura Topper<br \/>\nLivre para aderir<br \/>\nTodas as quartas-feiras 30 minutos no Zoom Link 228-978-7124<br \/>\n20H &#8211; GMT &#8211; 12H PAC\u00cdFICO USA + 15H FLORIDA USA<\/p>\n<hr \/>\n<h4>\u00a0<\/h4>\n<h4 style=\"text-align: center;\">Programa Online de R\u00e1dio do Novo Pensamento do Reino Unido<\/h4>\n<p style=\"text-align: center;\"><em>Anfitrionado por Laura Topper<\/em><br \/>\nNo Ar ao vivo todas as segundas-feiras \u00e0s 19-9 horas (Hora do Reino Unido) da R\u00e1dio Comunit\u00e1ria Burgess Hill em Sussex UK.<\/p>\n<p style=\"text-align: center;\">Aqui est\u00e1 o link <a href=\"https:\/\/www.burgesshillradio.co.uk\" target=\"_blank\" rel=\"noopener noreferrer\">https:\/\/www.burgesshillradio.co.uk<\/a> para o s\u00edtio web onde pode ouvir de onde quer que esteja!<\/p>\n<p style=\"text-align: center;\"><a href=\"\/global?p=3372\">Ler mais&#8230;<\/a><\/p>\n<hr \/>\n<h4 style=\"text-align: center;\">\u00a0<\/h4>\n<h4 style=\"text-align: center;\">\u00c1MATE Y SANA TUS FINANZAS<\/h4>\n<p><img decoding=\"async\" class=\"size-full wp-image-3364 aligncenter\" src=\"http:\/\/csl.org\/wp-content\/uploads\/sites\/8\/2019\/09\/CSL-Argentina.jpg\" alt=\"\" width=\"312\" height=\"121\" srcset=\"https:\/\/csl.org\/global\/wp-content\/uploads\/sites\/8\/2019\/09\/CSL-Argentina-200x78.jpg 200w, https:\/\/csl.org\/global\/wp-content\/uploads\/sites\/8\/2019\/09\/CSL-Argentina-300x116.jpg 300w, https:\/\/csl.org\/global\/wp-content\/uploads\/sites\/8\/2019\/09\/CSL-Argentina.jpg 312w\" sizes=\"(max-width: 312px) 100vw, 312px\" \/><\/p>\n<p style=\"text-align: center;\">DIPLOMADO DE 8 SEMANAS BASADO EN EL TRABAJO DE L. HAY Y ENRIQUECIDO CON LOS PRINCIPIOS DE LA CIENCIA DE LA MENTE<br \/>\nCLASES ONLINE S\u00c1BADOS DE OCTUBRE\/NOVIEMBRE<br \/>\nREGISTRACI\u00d3N E INFORMES <a href=\"mai&#108;&#116;&#111;&#x3a;&#x69;&#x6e;&#x66;&#x6f;&#x40;cie&#110;&#99;&#105;&#97;&#x64;&#x65;&#x6c;&#x61;&#x6d;&#x65;nte&#46;&#99;&#111;&#x6d;&#x2e;&#x61;&#x72;\">&#105;&#x6e;&#102;&#x6f;&#64;&#x63;&#105;&#x65;n&#x63;i&#x61;d&#x65;l&#97;&#x6d;&#101;&#x6e;&#116;&#x65;&#46;&#x63;&#111;&#x6d;&#46;&#x61;r<\/a><\/p>\n<p style=\"text-align: center;\"><a href=\"http:\/\/csl.org\/wp-content\/uploads\/sites\/8\/2019\/09\/AMATE-Y-SANA-TUS-FINANZAS.jpg\" target=\"_blank\" rel=\"noopener noreferrer\">VER<\/a><\/p>\n<hr \/>\n<\/div><div class=\"fusion-clearfix\"><\/div><\/div><\/div><\/div><div class=\"fusion-builder-row fusion-row\"><\/div><\/div><div class=\"fusion-fullwidth fullwidth-box fusion-builder-row-2 gradient-container-2 nonhundred-percent-fullwidth non-hundred-percent-height-scrolling\" style=\"--awb-border-radius-top-left:0px;--awb-border-radius-top-right:0px;--awb-border-radius-bottom-right:0px;--awb-border-radius-bottom-left:0px;--awb-flex-wrap:wrap;\" ><div class=\"fusion-builder-row fusion-row\"><div class=\"fusion-layout-column fusion_builder_column fusion-builder-column-5 fusion_builder_column_1_1 1_1 fusion-one-full fusion-column-first fusion-column-last\" style=\"--awb-bg-size:cover;--awb-margin-top:0px;--awb-margin-bottom:0px;\"><div class=\"fusion-column-wrapper fusion-flex-column-wrapper-legacy\"><div class=\"fusion-text fusion-text-3\"><h3 style=\"text-align: center;\">\u00c1FRICA<\/h3>\n<p style=\"text-align: center;\">Em breve&#8230;<\/p>\n<p>&nbsp;<\/p>\n<\/div><div class=\"fusion-text fusion-text-4\"><h3 style=\"text-align: center;\">AUSTR\u00c1LIA<\/h3>\n<p style=\"text-align: center;\">Em breve&#8230;<\/p>\n<p>&nbsp;<\/p>\n<\/div><div class=\"fusion-text fusion-text-5\"><h3 style=\"text-align: center;\">\u00c1SIA<\/h3>\n<p style=\"text-align: center;\">Em breve&#8230;<\/p>\n<p>&nbsp;<\/p>\n<\/div><div class=\"fusion-text fusion-text-6\"><h3 style=\"text-align: center;\">CARA\u00cdBAS<\/h3>\n<p style=\"text-align: center;\">Em breve&#8230;<\/p>\n<p>&nbsp;<\/p>\n<\/div><div class=\"fusion-text fusion-text-7\"><h3 style=\"text-align: center;\">EUROPA<\/h3>\n<p style=\"text-align: center;\">*****<\/p>\n<h3 style=\"text-align: center;\">Reino Unido<\/h3>\n<h4 style=\"text-align: center;\">Discuss\u00f5es, Aulas e Workshops sobre a Ci\u00eancia da Mente Liderados por David &amp; Lin Serlin RScP.<\/h4>\n<p style=\"text-align: center;\">Kings Langley New Thought\/Spiritual Living Group Kings Langley, Inglaterra (cerca de meia hora do aeroporto Heathrow de Londres) Reuni\u00f5es de Domingo \u00e0 Noite.<\/p>\n<p style=\"text-align: center;\"><strong>Para mais informa\u00e7\u00f5es:<\/strong> <a href=\"https:\/\/www.newthoughtnewyou.co.uk\/\" target=\"_blank\" rel=\"noopener noreferrer\">www.newthoughtnewyou.co.uk<\/a><\/p>\n<hr \/>\n<\/div><div class=\"fusion-text fusion-text-8\"><h3 style=\"text-align: center; font-size: 29.402px; line-height: 33.323px;\" data-fontsize=\"30\" data-lineheight=\"34\">LATIN AMERICA<\/h3>\n<p style=\"text-align: center;\">Coming Soon&#8230;<\/p>\n<\/div><div class=\"fusion-clearfix\"><\/div><\/div><\/div><div class=\"fusion-layout-column fusion_builder_column fusion-builder-column-6 fusion_builder_column_1_3 1_3 fusion-one-third fusion-column-first fusion-animated\" style=\"--awb-bg-size:cover;width:33.333333333333%;width:calc(33.333333333333% - ( ( 4% + 4% ) * 0.33333333333333 ) );margin-right: 4%;\" data-animationType=\"zoomIn\" data-animationDuration=\"0.7\" data-animationOffset=\"top-into-view\"><div class=\"fusion-column-wrapper fusion-column-has-shadow fusion-flex-column-wrapper-legacy\"><div class=\"fusion-clearfix\"><\/div><\/div><\/div><div class=\"fusion-layout-column fusion_builder_column fusion-builder-column-7 fusion_builder_column_1_3 1_3 fusion-one-third fusion-animated\" style=\"--awb-bg-size:cover;width:33.333333333333%;width:calc(33.333333333333% - ( ( 4% + 4% ) * 0.33333333333333 ) );margin-right: 4%;\" data-animationType=\"zoomIn\" data-animationDuration=\"0.7\" data-animationOffset=\"top-into-view\"><div class=\"fusion-column-wrapper fusion-column-has-shadow fusion-flex-column-wrapper-legacy\"><div class=\"fusion-clearfix\"><\/div><\/div><\/div><div class=\"fusion-layout-column fusion_builder_column fusion-builder-column-8 fusion_builder_column_1_3 1_3 fusion-one-third fusion-column-last fusion-animated\" style=\"--awb-bg-size:cover;width:33.333333333333%;width:calc(33.333333333333% - ( ( 4% + 4% ) * 0.33333333333333 ) );\" data-animationType=\"zoomIn\" data-animationDuration=\"0.7\" data-animationOffset=\"top-into-view\"><div class=\"fusion-column-wrapper fusion-column-has-shadow fusion-flex-column-wrapper-legacy\"><div class=\"fusion-clearfix\"><\/div><\/div><\/div><div class=\"fusion-layout-column fusion_builder_column fusion-builder-column-9 fusion_builder_column_1_3 1_3 fusion-one-third fusion-column-first fusion-animated\" style=\"--awb-bg-size:cover;width:33.333333333333%;width:calc(33.333333333333% - ( ( 4% + 4% ) * 0.33333333333333 ) );margin-right: 4%;\" data-animationType=\"zoomIn\" data-animationDuration=\"0.7\" data-animationOffset=\"top-into-view\"><div class=\"fusion-column-wrapper fusion-column-has-shadow fusion-flex-column-wrapper-legacy\"><div class=\"fusion-clearfix\"><\/div><\/div><\/div><div class=\"fusion-layout-column fusion_builder_column fusion-builder-column-10 fusion_builder_column_1_3 1_3 fusion-one-third fusion-animated\" style=\"--awb-bg-size:cover;width:33.333333333333%;width:calc(33.333333333333% - ( ( 4% + 4% ) * 0.33333333333333 ) );margin-right: 4%;\" data-animationType=\"zoomIn\" data-animationDuration=\"0.7\" data-animationOffset=\"top-into-view\"><div class=\"fusion-column-wrapper fusion-column-has-shadow fusion-flex-column-wrapper-legacy\"><div class=\"fusion-clearfix\"><\/div><\/div><\/div><div class=\"fusion-layout-column fusion_builder_column fusion-builder-column-11 fusion_builder_column_1_3 1_3 fusion-one-third fusion-column-last fusion-animated\" style=\"--awb-bg-size:cover;width:33.333333333333%;width:calc(33.333333333333% - ( ( 4% + 4% ) * 0.33333333333333 ) );\" data-animationType=\"zoomIn\" data-animationDuration=\"0.7\" data-animationOffset=\"top-into-view\"><div class=\"fusion-column-wrapper fusion-column-has-shadow fusion-flex-column-wrapper-legacy\"><div class=\"fusion-clearfix\"><\/div><\/div><\/div><div class=\"fusion-layout-column fusion_builder_column fusion-builder-column-12 fusion_builder_column_1_3 1_3 fusion-one-third fusion-column-first fusion-animated\" style=\"--awb-bg-size:cover;width:33.333333333333%;width:calc(33.333333333333% - ( ( 4% + 4% ) * 0.33333333333333 ) );margin-right: 4%;\" data-animationType=\"zoomIn\" data-animationDuration=\"0.7\" data-animationOffset=\"top-into-view\"><div class=\"fusion-column-wrapper fusion-column-has-shadow fusion-flex-column-wrapper-legacy\"><div class=\"fusion-clearfix\"><\/div><\/div><\/div><div class=\"fusion-layout-column fusion_builder_column fusion-builder-column-13 fusion_builder_column_1_3 1_3 fusion-one-third fusion-animated\" style=\"--awb-bg-size:cover;width:33.333333333333%;width:calc(33.333333333333% - ( ( 4% + 4% ) * 0.33333333333333 ) );margin-right: 4%;\" data-animationType=\"zoomIn\" data-animationDuration=\"0.7\" data-animationOffset=\"top-into-view\"><div class=\"fusion-column-wrapper fusion-column-has-shadow fusion-flex-column-wrapper-legacy\"><div class=\"fusion-clearfix\"><\/div><\/div><\/div><div class=\"fusion-layout-column fusion_builder_column fusion-builder-column-14 fusion_builder_column_1_3 1_3 fusion-one-third fusion-column-last fusion-animated\" style=\"--awb-bg-size:cover;width:33.333333333333%;width:calc(33.333333333333% - ( ( 4% + 4% ) * 0.33333333333333 ) );\" data-animationType=\"zoomIn\" data-animationDuration=\"0.7\" data-animationOffset=\"top-into-view\"><div class=\"fusion-column-wrapper fusion-column-has-shadow fusion-flex-column-wrapper-legacy\"><div class=\"fusion-clearfix\"><\/div><\/div><\/div><\/div><\/div><div class=\"fusion-bg-parallax\" data-bg-align=\"center center\" data-direction=\"left\" data-mute=\"false\" data-opacity=\"100\" data-velocity=\"-0.8\" data-mobile-enabled=\"true\" data-break_parents=\"0\" data-bg-image=\"http:\/\/csl.org\/wp-content\/uploads\/sites\/8\/2019\/05\/people-reading.jpg\" data-bg-repeat=\"false\" ><\/div><div class=\"fusion-fullwidth fullwidth-box fusion-builder-row-3 fusion-parallax-left gradient-container-3 nonhundred-percent-fullwidth non-hundred-percent-height-scrolling\" style=\"--awb-border-radius-top-left:0px;--awb-border-radius-top-right:0px;--awb-border-radius-bottom-right:0px;--awb-border-radius-bottom-left:0px;--awb-background-image:url(&quot;http:\/\/csl.org\/wp-content\/uploads\/sites\/8\/2019\/05\/people-reading.jpg&quot;);--awb-background-size:cover;--awb-flex-wrap:wrap;\" ><div class=\"fusion-builder-row fusion-row\"><div class=\"fusion-layout-column fusion_builder_column fusion-builder-column-15 fusion_builder_column_1_1 1_1 fusion-one-full fusion-column-first fusion-column-last\" style=\"--awb-padding-top:250px;--awb-padding-right:200px;--awb-padding-bottom:250px;--awb-padding-left:200px;--awb-bg-size:cover;\"><div class=\"fusion-column-wrapper fusion-column-has-shadow fusion-flex-column-wrapper-legacy\"><div class=\"fusion-clearfix\"><\/div><\/div><\/div><\/div><\/div><\/p>\n","protected":false},"excerpt":{"rendered":"","protected":false},"author":1,"featured_media":0,"parent":8287,"menu_order":149,"comment_status":"closed","ping_status":"closed","template":"","meta":{"_exactmetrics_skip_tracking":false,"_exactmetrics_sitenote_active":false,"_exactmetrics_sitenote_note":"","_exactmetrics_sitenote_category":0,"footnotes":""},"categories":[127],"tags":[],"class_list":["post-8288","page","type-page","status-publish","hentry","category-comunidade"],"yoast_head":"<!-- This site is optimized with the Yoast SEO plugin v23.1 - https:\/\/yoast.com\/wordpress\/plugins\/seo\/ -->\n<title>Reuni\u00f5es e Aulas Globais - Global Services - Centers for Spiritual Living<\/title>\n<meta name=\"robots\" content=\"index, follow, max-snippet:-1, max-image-preview:large, max-video-preview:-1\" \/>\n<link rel=\"canonical\" href=\"https:\/\/csl.org\/global\/pt-pt\/comunidade\/reunioes-e-aulas-globais\/\" \/>\n<meta property=\"og:locale\" content=\"en_US\" \/>\n<meta property=\"og:type\" content=\"article\" \/>\n<meta property=\"og:title\" content=\"Reuni\u00f5es e Aulas Globais - Global Services - Centers for Spiritual Living\" \/>\n<meta property=\"og:url\" content=\"https:\/\/csl.org\/global\/pt-pt\/comunidade\/reunioes-e-aulas-globais\/\" \/>\n<meta property=\"og:site_name\" content=\"Global Services - Centers for Spiritual Living\" \/>\n<meta property=\"article:modified_time\" content=\"2020-08-21T13:11:00+00:00\" \/>\n<meta property=\"og:image\" content=\"http:\/\/csl.org\/wp-content\/uploads\/sites\/8\/2019\/05\/feet-1-600x450.jpg\" \/>\n<meta name=\"twitter:card\" content=\"summary_large_image\" \/>\n<meta name=\"twitter:label1\" content=\"Est. reading time\" \/>\n\t<meta name=\"twitter:data1\" content=\"16 minutes\" \/>\n<script type=\"application\/ld+json\" class=\"yoast-schema-graph\">{\"@context\":\"https:\/\/schema.org\",\"@graph\":[{\"@type\":\"WebPage\",\"@id\":\"https:\/\/csl.org\/global\/pt-pt\/comunidade\/reunioes-e-aulas-globais\/\",\"url\":\"https:\/\/csl.org\/global\/pt-pt\/comunidade\/reunioes-e-aulas-globais\/\",\"name\":\"Reuni\u00f5es e Aulas Globais - Global Services - Centers for Spiritual Living\",\"isPartOf\":{\"@id\":\"https:\/\/csl.org\/global\/de\/#website\"},\"primaryImageOfPage\":{\"@id\":\"https:\/\/csl.org\/global\/pt-pt\/comunidade\/reunioes-e-aulas-globais\/#primaryimage\"},\"image\":{\"@id\":\"https:\/\/csl.org\/global\/pt-pt\/comunidade\/reunioes-e-aulas-globais\/#primaryimage\"},\"thumbnailUrl\":\"http:\/\/csl.org\/wp-content\/uploads\/sites\/8\/2019\/05\/feet-1-600x450.jpg\",\"datePublished\":\"2020-08-20T09:29:51+00:00\",\"dateModified\":\"2020-08-21T13:11:00+00:00\",\"breadcrumb\":{\"@id\":\"https:\/\/csl.org\/global\/pt-pt\/comunidade\/reunioes-e-aulas-globais\/#breadcrumb\"},\"inLanguage\":\"en-US\",\"potentialAction\":[{\"@type\":\"ReadAction\",\"target\":[\"https:\/\/csl.org\/global\/pt-pt\/comunidade\/reunioes-e-aulas-globais\/\"]}]},{\"@type\":\"ImageObject\",\"inLanguage\":\"en-US\",\"@id\":\"https:\/\/csl.org\/global\/pt-pt\/comunidade\/reunioes-e-aulas-globais\/#primaryimage\",\"url\":\"http:\/\/csl.org\/wp-content\/uploads\/sites\/8\/2019\/05\/feet-1-600x450.jpg\",\"contentUrl\":\"http:\/\/csl.org\/wp-content\/uploads\/sites\/8\/2019\/05\/feet-1-600x450.jpg\"},{\"@type\":\"BreadcrumbList\",\"@id\":\"https:\/\/csl.org\/global\/pt-pt\/comunidade\/reunioes-e-aulas-globais\/#breadcrumb\",\"itemListElement\":[{\"@type\":\"ListItem\",\"position\":1,\"name\":\"COMUNIDADE\",\"item\":\"https:\/\/csl.org\/global\/pt-pt\/comunidade\/\"},{\"@type\":\"ListItem\",\"position\":2,\"name\":\"Reuni\u00f5es e Aulas Globais\"}]},{\"@type\":\"WebSite\",\"@id\":\"https:\/\/csl.org\/global\/de\/#website\",\"url\":\"https:\/\/csl.org\/global\/de\/\",\"name\":\"Global Services - Centers for Spiritual Living\",\"description\":\"\",\"potentialAction\":[{\"@type\":\"SearchAction\",\"target\":{\"@type\":\"EntryPoint\",\"urlTemplate\":\"https:\/\/csl.org\/global\/de\/?s={search_term_string}\"},\"query-input\":\"required name=search_term_string\"}],\"inLanguage\":\"en-US\"}]}<\/script>\n<!-- \/ Yoast SEO plugin. -->","yoast_head_json":{"title":"Reuni\u00f5es e Aulas Globais - Global Services - Centers for Spiritual Living","robots":{"index":"index","follow":"follow","max-snippet":"max-snippet:-1","max-image-preview":"max-image-preview:large","max-video-preview":"max-video-preview:-1"},"canonical":"https:\/\/csl.org\/global\/pt-pt\/comunidade\/reunioes-e-aulas-globais\/","og_locale":"en_US","og_type":"article","og_title":"Reuni\u00f5es e Aulas Globais - Global Services - Centers for Spiritual Living","og_url":"https:\/\/csl.org\/global\/pt-pt\/comunidade\/reunioes-e-aulas-globais\/","og_site_name":"Global Services - Centers for Spiritual Living","article_modified_time":"2020-08-21T13:11:00+00:00","og_image":[{"url":"http:\/\/csl.org\/wp-content\/uploads\/sites\/8\/2019\/05\/feet-1-600x450.jpg"}],"twitter_card":"summary_large_image","twitter_misc":{"Est. reading time":"16 minutes"},"schema":{"@context":"https:\/\/schema.org","@graph":[{"@type":"WebPage","@id":"https:\/\/csl.org\/global\/pt-pt\/comunidade\/reunioes-e-aulas-globais\/","url":"https:\/\/csl.org\/global\/pt-pt\/comunidade\/reunioes-e-aulas-globais\/","name":"Reuni\u00f5es e Aulas Globais - Global Services - Centers for Spiritual Living","isPartOf":{"@id":"https:\/\/csl.org\/global\/de\/#website"},"primaryImageOfPage":{"@id":"https:\/\/csl.org\/global\/pt-pt\/comunidade\/reunioes-e-aulas-globais\/#primaryimage"},"image":{"@id":"https:\/\/csl.org\/global\/pt-pt\/comunidade\/reunioes-e-aulas-globais\/#primaryimage"},"thumbnailUrl":"http:\/\/csl.org\/wp-content\/uploads\/sites\/8\/2019\/05\/feet-1-600x450.jpg","datePublished":"2020-08-20T09:29:51+00:00","dateModified":"2020-08-21T13:11:00+00:00","breadcrumb":{"@id":"https:\/\/csl.org\/global\/pt-pt\/comunidade\/reunioes-e-aulas-globais\/#breadcrumb"},"inLanguage":"en-US","potentialAction":[{"@type":"ReadAction","target":["https:\/\/csl.org\/global\/pt-pt\/comunidade\/reunioes-e-aulas-globais\/"]}]},{"@type":"ImageObject","inLanguage":"en-US","@id":"https:\/\/csl.org\/global\/pt-pt\/comunidade\/reunioes-e-aulas-globais\/#primaryimage","url":"http:\/\/csl.org\/wp-content\/uploads\/sites\/8\/2019\/05\/feet-1-600x450.jpg","contentUrl":"http:\/\/csl.org\/wp-content\/uploads\/sites\/8\/2019\/05\/feet-1-600x450.jpg"},{"@type":"BreadcrumbList","@id":"https:\/\/csl.org\/global\/pt-pt\/comunidade\/reunioes-e-aulas-globais\/#breadcrumb","itemListElement":[{"@type":"ListItem","position":1,"name":"COMUNIDADE","item":"https:\/\/csl.org\/global\/pt-pt\/comunidade\/"},{"@type":"ListItem","position":2,"name":"Reuni\u00f5es e Aulas Globais"}]},{"@type":"WebSite","@id":"https:\/\/csl.org\/global\/de\/#website","url":"https:\/\/csl.org\/global\/de\/","name":"Global Services - Centers for Spiritual Living","description":"","potentialAction":[{"@type":"SearchAction","target":{"@type":"EntryPoint","urlTemplate":"https:\/\/csl.org\/global\/de\/?s={search_term_string}"},"query-input":"required name=search_term_string"}],"inLanguage":"en-US"}]}},"_links":{"self":[{"href":"https:\/\/csl.org\/global\/wp-json\/wp\/v2\/pages\/8288"}],"collection":[{"href":"https:\/\/csl.org\/global\/wp-json\/wp\/v2\/pages"}],"about":[{"href":"https:\/\/csl.org\/global\/wp-json\/wp\/v2\/types\/page"}],"author":[{"embeddable":true,"href":"https:\/\/csl.org\/global\/wp-json\/wp\/v2\/users\/1"}],"replies":[{"embeddable":true,"href":"https:\/\/csl.org\/global\/wp-json\/wp\/v2\/comments?post=8288"}],"version-history":[{"count":12,"href":"https:\/\/csl.org\/global\/wp-json\/wp\/v2\/pages\/8288\/revisions"}],"predecessor-version":[{"id":8845,"href":"https:\/\/csl.org\/global\/wp-json\/wp\/v2\/pages\/8288\/revisions\/8845"}],"up":[{"embeddable":true,"href":"https:\/\/csl.org\/global\/wp-json\/wp\/v2\/pages\/8287"}],"wp:attachment":[{"href":"https:\/\/csl.org\/global\/wp-json\/wp\/v2\/media?parent=8288"}],"wp:term":[{"taxonomy":"category","embeddable":true,"href":"https:\/\/csl.org\/global\/wp-json\/wp\/v2\/categories?post=8288"},{"taxonomy":"post_tag","embeddable":true,"href":"https:\/\/csl.org\/global\/wp-json\/wp\/v2\/tags?post=8288"}],"curies":[{"name":"wp","href":"https:\/\/api.w.org\/{rel}","templated":true}]}}