{"id":8446,"date":"2020-08-20T10:51:44","date_gmt":"2020-08-20T10:51:44","guid":{"rendered":"https:\/\/csl.org\/global\/servico\/coracao-de-paz\/"},"modified":"2020-08-20T11:12:49","modified_gmt":"2020-08-20T11:12:49","slug":"coracao-de-paz","status":"publish","type":"page","link":"https:\/\/csl.org\/global\/servico\/coracao-de-paz\/","title":{"rendered":"Cora\u00e7\u00e3o de Paz"},"content":{"rendered":"<p><div class=\"fusion-fullwidth fullwidth-box fusion-builder-row-1 gradient-container-1 nonhundred-percent-fullwidth non-hundred-percent-height-scrolling\" style=\"--awb-border-radius-top-left:0px;--awb-border-radius-top-right:0px;--awb-border-radius-bottom-right:0px;--awb-border-radius-bottom-left:0px;--awb-background-color:#ffffff;--awb-flex-wrap:wrap;\" ><div class=\"fusion-builder-row fusion-row\"><div class=\"fusion-layout-column fusion_builder_column fusion-builder-column-0 fusion_builder_column_1_1 1_1 fusion-one-full fusion-column-first fusion-column-last fusion-animated\" style=\"--awb-padding-top:50px;--awb-padding-right:3%;--awb-padding-bottom:50px;--awb-padding-left:3%;--awb-bg-color:#ffffff;--awb-bg-color-hover:#ffffff;--awb-bg-size:cover;\" data-animationType=\"zoomIn\" data-animationDuration=\"0.3\" data-animationOffset=\"top-into-view\"><div class=\"fusion-column-wrapper fusion-column-has-shadow fusion-flex-column-wrapper-legacy\"><div class=\"fusion-text fusion-text-1\"><h1>INICIATIVAS DE PAZ DE CENTROS PARA VIDA ESPIRITUAL<\/h1>\n<p>Est\u00e1 \u00e0 procura de formas de trazer mais paz ao mundo? Os Centros de Vida Espiritual ensinam que a paz come\u00e7a dentro de n\u00f3s e encoraja-nos a todos a trazer mais paz \u00e0 nossa consci\u00eancia.<\/p>\n<p><em>&#8220;Temos de pensar em paz se quisermos expressar paz. A mente que est\u00e1 sempre confusa e perturbada n\u00e3o est\u00e1 em paz; a mente que est\u00e1 continuamente perturbada e agitada pelas pequenas e mesquinhas coisas da vida n\u00e3o est\u00e1 em paz; est\u00e1 em guerra consigo mesma. S\u00f3 quando a mente individual deixa de se combater a si pr\u00f3pria \u00e9 que vai deixar de combater os outros&#8221;. ~Ernest Holmes<\/em><\/p>\n<p>Para al\u00e9m de mudarmos a nossa consci\u00eancia, n\u00f3s no Centro para a Vida Espiritual tamb\u00e9m encorajamos todos a considerar o envolvimento em certas ac\u00e7\u00f5es de paz no mundo. Aqui est\u00e3o algumas das ac\u00e7\u00f5es que apoiamos:<\/p>\n<h2>Grupos de Medita\u00e7\u00e3o Colectiva Cora\u00e7\u00e3o de Paz<\/h2>\n<p><img fetchpriority=\"high\" decoding=\"async\" class=\"size-full wp-image-2440 aligncenter\" src=\"http:\/\/csl.org\/wp-content\/uploads\/sites\/8\/2019\/05\/Heart_of_Peace_logo.jpg\" alt=\"Heart of Peace\" width=\"250\" height=\"250\" srcset=\"https:\/\/csl.org\/global\/wp-content\/uploads\/sites\/8\/2019\/05\/Heart_of_Peace_logo-66x66.jpg 66w, https:\/\/csl.org\/global\/wp-content\/uploads\/sites\/8\/2019\/05\/Heart_of_Peace_logo-150x150.jpg 150w, https:\/\/csl.org\/global\/wp-content\/uploads\/sites\/8\/2019\/05\/Heart_of_Peace_logo-200x200.jpg 200w, https:\/\/csl.org\/global\/wp-content\/uploads\/sites\/8\/2019\/05\/Heart_of_Peace_logo.jpg 250w\" sizes=\"(max-width: 250px) 100vw, 250px\" \/> Gostaria de iniciar um grupo para a medita\u00e7\u00e3o da paz? Se sim, [<a href=\"https:\/\/ourcsl.org\/csl-peace-initiatives\/start-meditation-group\" target=\"_blank\" rel=\"noopener noreferrer\">clique aqui<\/a>].<\/p>\n<p>Gostaria de encontrar um grupo (em pessoa ou online\/telefone) que se reunisse para uma medita\u00e7\u00e3o em grupo pela paz? Se sim, [<a href=\"https:\/\/ourcsl.org\/csl-peace-initiatives\/find-meditation-group\" target=\"_blank\" rel=\"noopener noreferrer\">clique aqui<\/a>].<\/p>\n<h2>Associa\u00e7\u00e3o para as Esta\u00e7\u00f5es de Paz do Novo Pensamento Global<\/h2>\n<p><img decoding=\"async\" class=\"size-full wp-image-2441 aligncenter\" src=\"http:\/\/csl.org\/wp-content\/uploads\/sites\/8\/2019\/05\/peace_nonviolence_logo.jpg\" alt=\"\" width=\"250\" height=\"177\" srcset=\"https:\/\/csl.org\/global\/wp-content\/uploads\/sites\/8\/2019\/05\/peace_nonviolence_logo-200x142.jpg 200w, https:\/\/csl.org\/global\/wp-content\/uploads\/sites\/8\/2019\/05\/peace_nonviolence_logo.jpg 250w\" sizes=\"(max-width: 250px) 100vw, 250px\" \/> Atrav\u00e9s da sua parceria com a Associa\u00e7\u00e3o para o Novo Pensamento Global, os Centros para a Vida Espiritual encorajam todas as suas comunidades membros e amigos a participar durante todo o ano nas Esta\u00e7\u00f5es para a Paz e a N\u00e3o-Viol\u00eancia. Estas esta\u00e7\u00f5es e os seus calend\u00e1rios s\u00e3o aqui descritos:Atrav\u00e9s da sua parceria com a Associa\u00e7\u00e3o para o Novo Pensamento Global, os Centros para a Vida Espiritual encorajam todas as suas comunidades membros e amigos a participar durante todo o ano nas Esta\u00e7\u00f5es para a Paz e a N\u00e3o-Viol\u00eancia. Estas esta\u00e7\u00f5es e os seus calend\u00e1rios s\u00e3o aqui descritos: <a href=\"http:\/\/www.agnt.org\/seasons\" target=\"_blank\" rel=\"noopener noreferrer\">www.agnt.org\/seasons<\/a><\/p>\n<p>Este ano marca o 20\u00ba anivers\u00e1rio da Temporada do Gandhi pela N\u00e3o-Viol\u00eancia, que decorre de 30 de Janeiro a 4 de Abril de 2017. Eventos especiais em linha com convidados especiais ir\u00e3o reservar tanto o in\u00edcio como o final da \u00e9poca. Centros e indiv\u00edduos podem aceder a uma riqueza de informa\u00e7\u00e3o e recursos para ajudar nos seus pr\u00f3prios eventos de paz da \u00e9poca em <a href=\"http:\/\/www.agnt.org\/season-for-nonviolence\" target=\"_blank\" rel=\"noopener noreferrer\">www.agnt.org\/season-for-nonviolence<\/a><\/p>\n<h2>Dia Internacional da Paz das Na\u00e7\u00f5es Unidas<\/h2>\n<p>Todos os anos, a 21 de Setembro, as Na\u00e7\u00f5es Unidas dedicam um dia ao refor\u00e7o dos ideais de paz, tanto no seio de todas as na\u00e7\u00f5es e povos como entre eles. Para mais informa\u00e7\u00f5es sobre os programas [<a href=\"https:\/\/internationaldayofpeace.org\/\" target=\"_blank\" rel=\"noopener noreferrer\">clique aqui<\/a>].<\/p>\n<p>Em 2016, os Centros para a Vida Espiritual acolheram uma celebra\u00e7\u00e3o oficial do Dia da Paz na sua sede em Golden, CO. Um v\u00eddeo de destaque do evento est\u00e1 dispon\u00edvel online em <a href=\"https:\/\/youtu.be\/hCvf0631Dcs\" target=\"_blank\" rel=\"noopener noreferrer\">https:\/\/youtu.be\/hCvf0631Dcs<\/a><\/p>\n<p>Para mais informa\u00e7\u00f5es sobre o nosso Comit\u00e9 do Cora\u00e7\u00e3o de Paz e as suas ac\u00e7\u00f5es, [<a href=\"https:\/\/ourcsl.org\/csl-peace-initiatives\/peace-committee\" target=\"_blank\" rel=\"noopener noreferrer\">clique aqui<\/a>].<\/p>\n<p>&nbsp;<\/p>\n<\/div><div class=\"fusion-clearfix\"><\/div><\/div><\/div><\/div><\/div><div class=\"fusion-bg-parallax\" data-bg-align=\"center center\" data-direction=\"up\" data-mute=\"false\" data-opacity=\"100\" data-velocity=\"-0.7\" data-mobile-enabled=\"true\" data-break_parents=\"0\" data-bg-image=\"http:\/\/csl.org\/wp-content\/uploads\/sites\/8\/2019\/05\/dove-peace-1-800x523.jpg\" data-bg-repeat=\"false\" ><\/div><div class=\"fusion-fullwidth fullwidth-box fusion-builder-row-2 fusion-parallax-up gradient-container-2 nonhundred-percent-fullwidth non-hundred-percent-height-scrolling\" style=\"--awb-border-radius-top-left:0px;--awb-border-radius-top-right:0px;--awb-border-radius-bottom-right:0px;--awb-border-radius-bottom-left:0px;--awb-background-image:url(&quot;http:\/\/csl.org\/wp-content\/uploads\/sites\/8\/2019\/05\/dove-peace-1-800x523.jpg&quot;);--awb-background-size:cover;--awb-flex-wrap:wrap;\" ><div class=\"fusion-builder-row fusion-row\"><div class=\"fusion-layout-column fusion_builder_column fusion-builder-column-1 fusion_builder_column_1_1 1_1 fusion-one-full fusion-column-first fusion-column-last\" style=\"--awb-padding-top:250px;--awb-padding-right:200px;--awb-padding-bottom:250px;--awb-padding-left:200px;--awb-bg-size:cover;\"><div class=\"fusion-column-wrapper fusion-column-has-shadow fusion-flex-column-wrapper-legacy\"><div class=\"fusion-clearfix\"><\/div><\/div><\/div><\/div><\/div><\/p>\n","protected":false},"excerpt":{"rendered":"","protected":false},"author":1,"featured_media":0,"parent":8413,"menu_order":175,"comment_status":"closed","ping_status":"closed","template":"100-width.php","meta":{"_exactmetrics_skip_tracking":false,"_exactmetrics_sitenote_active":false,"_exactmetrics_sitenote_note":"","_exactmetrics_sitenote_category":0,"footnotes":""},"categories":[128],"tags":[],"class_list":["post-8446","page","type-page","status-publish","hentry","category-servico"],"yoast_head":"<!-- This site is optimized with the Yoast SEO plugin v23.1 - https:\/\/yoast.com\/wordpress\/plugins\/seo\/ -->\n<title>Cora\u00e7\u00e3o de Paz - Global Services - Centers for Spiritual Living<\/title>\n<meta name=\"robots\" content=\"index, follow, max-snippet:-1, max-image-preview:large, max-video-preview:-1\" \/>\n<link rel=\"canonical\" href=\"https:\/\/csl.org\/global\/pt-pt\/servico\/coracao-de-paz\/\" \/>\n<meta property=\"og:locale\" content=\"en_US\" \/>\n<meta property=\"og:type\" content=\"article\" \/>\n<meta property=\"og:title\" content=\"Cora\u00e7\u00e3o de Paz - Global Services - Centers for Spiritual Living\" \/>\n<meta property=\"og:url\" content=\"https:\/\/csl.org\/global\/pt-pt\/servico\/coracao-de-paz\/\" \/>\n<meta property=\"og:site_name\" content=\"Global Services - Centers for Spiritual Living\" \/>\n<meta property=\"article:modified_time\" content=\"2020-08-20T11:12:49+00:00\" \/>\n<meta property=\"og:image\" content=\"http:\/\/csl.org\/wp-content\/uploads\/sites\/8\/2019\/05\/Heart_of_Peace_logo.jpg\" \/>\n<meta name=\"twitter:card\" content=\"summary_large_image\" \/>\n<meta name=\"twitter:label1\" content=\"Est. reading time\" \/>\n\t<meta name=\"twitter:data1\" content=\"5 minutes\" \/>\n<script type=\"application\/ld+json\" class=\"yoast-schema-graph\">{\"@context\":\"https:\/\/schema.org\",\"@graph\":[{\"@type\":\"WebPage\",\"@id\":\"https:\/\/csl.org\/global\/pt-pt\/servico\/coracao-de-paz\/\",\"url\":\"https:\/\/csl.org\/global\/pt-pt\/servico\/coracao-de-paz\/\",\"name\":\"Cora\u00e7\u00e3o de Paz - Global Services - Centers for Spiritual Living\",\"isPartOf\":{\"@id\":\"https:\/\/csl.org\/global\/de\/#website\"},\"primaryImageOfPage\":{\"@id\":\"https:\/\/csl.org\/global\/pt-pt\/servico\/coracao-de-paz\/#primaryimage\"},\"image\":{\"@id\":\"https:\/\/csl.org\/global\/pt-pt\/servico\/coracao-de-paz\/#primaryimage\"},\"thumbnailUrl\":\"http:\/\/csl.org\/wp-content\/uploads\/sites\/8\/2019\/05\/Heart_of_Peace_logo.jpg\",\"datePublished\":\"2020-08-20T10:51:44+00:00\",\"dateModified\":\"2020-08-20T11:12:49+00:00\",\"breadcrumb\":{\"@id\":\"https:\/\/csl.org\/global\/pt-pt\/servico\/coracao-de-paz\/#breadcrumb\"},\"inLanguage\":\"en-US\",\"potentialAction\":[{\"@type\":\"ReadAction\",\"target\":[\"https:\/\/csl.org\/global\/pt-pt\/servico\/coracao-de-paz\/\"]}]},{\"@type\":\"ImageObject\",\"inLanguage\":\"en-US\",\"@id\":\"https:\/\/csl.org\/global\/pt-pt\/servico\/coracao-de-paz\/#primaryimage\",\"url\":\"http:\/\/csl.org\/wp-content\/uploads\/sites\/8\/2019\/05\/Heart_of_Peace_logo.jpg\",\"contentUrl\":\"http:\/\/csl.org\/wp-content\/uploads\/sites\/8\/2019\/05\/Heart_of_Peace_logo.jpg\"},{\"@type\":\"BreadcrumbList\",\"@id\":\"https:\/\/csl.org\/global\/pt-pt\/servico\/coracao-de-paz\/#breadcrumb\",\"itemListElement\":[{\"@type\":\"ListItem\",\"position\":1,\"name\":\"SERVI\u00c7O\",\"item\":\"https:\/\/csl.org\/global\/pt-pt\/servico\/\"},{\"@type\":\"ListItem\",\"position\":2,\"name\":\"Cora\u00e7\u00e3o de Paz\"}]},{\"@type\":\"WebSite\",\"@id\":\"https:\/\/csl.org\/global\/de\/#website\",\"url\":\"https:\/\/csl.org\/global\/de\/\",\"name\":\"Global Services - Centers for Spiritual Living\",\"description\":\"\",\"potentialAction\":[{\"@type\":\"SearchAction\",\"target\":{\"@type\":\"EntryPoint\",\"urlTemplate\":\"https:\/\/csl.org\/global\/de\/?s={search_term_string}\"},\"query-input\":\"required name=search_term_string\"}],\"inLanguage\":\"en-US\"}]}<\/script>\n<!-- \/ Yoast SEO plugin. -->","yoast_head_json":{"title":"Cora\u00e7\u00e3o de Paz - Global Services - Centers for Spiritual Living","robots":{"index":"index","follow":"follow","max-snippet":"max-snippet:-1","max-image-preview":"max-image-preview:large","max-video-preview":"max-video-preview:-1"},"canonical":"https:\/\/csl.org\/global\/pt-pt\/servico\/coracao-de-paz\/","og_locale":"en_US","og_type":"article","og_title":"Cora\u00e7\u00e3o de Paz - Global Services - Centers for Spiritual Living","og_url":"https:\/\/csl.org\/global\/pt-pt\/servico\/coracao-de-paz\/","og_site_name":"Global Services - Centers for Spiritual Living","article_modified_time":"2020-08-20T11:12:49+00:00","og_image":[{"url":"http:\/\/csl.org\/wp-content\/uploads\/sites\/8\/2019\/05\/Heart_of_Peace_logo.jpg"}],"twitter_card":"summary_large_image","twitter_misc":{"Est. reading time":"5 minutes"},"schema":{"@context":"https:\/\/schema.org","@graph":[{"@type":"WebPage","@id":"https:\/\/csl.org\/global\/pt-pt\/servico\/coracao-de-paz\/","url":"https:\/\/csl.org\/global\/pt-pt\/servico\/coracao-de-paz\/","name":"Cora\u00e7\u00e3o de Paz - Global Services - Centers for Spiritual Living","isPartOf":{"@id":"https:\/\/csl.org\/global\/de\/#website"},"primaryImageOfPage":{"@id":"https:\/\/csl.org\/global\/pt-pt\/servico\/coracao-de-paz\/#primaryimage"},"image":{"@id":"https:\/\/csl.org\/global\/pt-pt\/servico\/coracao-de-paz\/#primaryimage"},"thumbnailUrl":"http:\/\/csl.org\/wp-content\/uploads\/sites\/8\/2019\/05\/Heart_of_Peace_logo.jpg","datePublished":"2020-08-20T10:51:44+00:00","dateModified":"2020-08-20T11:12:49+00:00","breadcrumb":{"@id":"https:\/\/csl.org\/global\/pt-pt\/servico\/coracao-de-paz\/#breadcrumb"},"inLanguage":"en-US","potentialAction":[{"@type":"ReadAction","target":["https:\/\/csl.org\/global\/pt-pt\/servico\/coracao-de-paz\/"]}]},{"@type":"ImageObject","inLanguage":"en-US","@id":"https:\/\/csl.org\/global\/pt-pt\/servico\/coracao-de-paz\/#primaryimage","url":"http:\/\/csl.org\/wp-content\/uploads\/sites\/8\/2019\/05\/Heart_of_Peace_logo.jpg","contentUrl":"http:\/\/csl.org\/wp-content\/uploads\/sites\/8\/2019\/05\/Heart_of_Peace_logo.jpg"},{"@type":"BreadcrumbList","@id":"https:\/\/csl.org\/global\/pt-pt\/servico\/coracao-de-paz\/#breadcrumb","itemListElement":[{"@type":"ListItem","position":1,"name":"SERVI\u00c7O","item":"https:\/\/csl.org\/global\/pt-pt\/servico\/"},{"@type":"ListItem","position":2,"name":"Cora\u00e7\u00e3o de Paz"}]},{"@type":"WebSite","@id":"https:\/\/csl.org\/global\/de\/#website","url":"https:\/\/csl.org\/global\/de\/","name":"Global Services - Centers for Spiritual Living","description":"","potentialAction":[{"@type":"SearchAction","target":{"@type":"EntryPoint","urlTemplate":"https:\/\/csl.org\/global\/de\/?s={search_term_string}"},"query-input":"required name=search_term_string"}],"inLanguage":"en-US"}]}},"_links":{"self":[{"href":"https:\/\/csl.org\/global\/wp-json\/wp\/v2\/pages\/8446"}],"collection":[{"href":"https:\/\/csl.org\/global\/wp-json\/wp\/v2\/pages"}],"about":[{"href":"https:\/\/csl.org\/global\/wp-json\/wp\/v2\/types\/page"}],"author":[{"embeddable":true,"href":"https:\/\/csl.org\/global\/wp-json\/wp\/v2\/users\/1"}],"replies":[{"embeddable":true,"href":"https:\/\/csl.org\/global\/wp-json\/wp\/v2\/comments?post=8446"}],"version-history":[{"count":7,"href":"https:\/\/csl.org\/global\/wp-json\/wp\/v2\/pages\/8446\/revisions"}],"predecessor-version":[{"id":8474,"href":"https:\/\/csl.org\/global\/wp-json\/wp\/v2\/pages\/8446\/revisions\/8474"}],"up":[{"embeddable":true,"href":"https:\/\/csl.org\/global\/wp-json\/wp\/v2\/pages\/8413"}],"wp:attachment":[{"href":"https:\/\/csl.org\/global\/wp-json\/wp\/v2\/media?parent=8446"}],"wp:term":[{"taxonomy":"category","embeddable":true,"href":"https:\/\/csl.org\/global\/wp-json\/wp\/v2\/categories?post=8446"},{"taxonomy":"post_tag","embeddable":true,"href":"https:\/\/csl.org\/global\/wp-json\/wp\/v2\/tags?post=8446"}],"curies":[{"name":"wp","href":"https:\/\/api.w.org\/{rel}","templated":true}]}}