{"id":8645,"date":"2020-08-20T12:02:07","date_gmt":"2020-08-20T12:02:07","guid":{"rendered":"https:\/\/csl.org\/global\/servico\/apoio-as-comunidades-globais\/programa-de-parcerias\/"},"modified":"2020-08-21T13:33:20","modified_gmt":"2020-08-21T13:33:20","slug":"programa-de-parcerias","status":"publish","type":"page","link":"https:\/\/csl.org\/global\/servico\/apoio-as-comunidades-globais\/programa-de-parcerias\/","title":{"rendered":"Programa de parcerias"},"content":{"rendered":"<p><div class=\"fusion-fullwidth fullwidth-box fusion-builder-row-1 gradient-container-1 nonhundred-percent-fullwidth non-hundred-percent-height-scrolling\" style=\"--awb-border-radius-top-left:0px;--awb-border-radius-top-right:0px;--awb-border-radius-bottom-right:0px;--awb-border-radius-bottom-left:0px;--awb-background-color:#ffffff;--awb-flex-wrap:wrap;\" ><div class=\"fusion-builder-row fusion-row\"><div class=\"fusion-layout-column fusion_builder_column fusion-builder-column-0 fusion_builder_column_1_1 1_1 fusion-one-full fusion-column-first fusion-column-last fusion-animated\" style=\"--awb-padding-top:50px;--awb-padding-right:3%;--awb-padding-bottom:50px;--awb-padding-left:3%;--awb-bg-color:#ffffff;--awb-bg-color-hover:#ffffff;--awb-bg-size:cover;\" data-animationType=\"zoomInLeft\" data-animationDuration=\"0.3\" data-animationOffset=\"top-into-view\"><div class=\"fusion-column-wrapper fusion-column-has-shadow fusion-flex-column-wrapper-legacy\"><div class=\"fusion-text fusion-text-1\"><h1>Programa de Parceria de Servi\u00e7os Globais<\/h1>\n<p><iframe src=\"https:\/\/www.youtube-nocookie.com\/embed\/MOfbgwYCLyk\" width=\"460\" height=\"215\" frameborder=\"0\" allowfullscreen=\"allowfullscreen\"><\/iframe><br \/>\nOu\u00e7a alguns dos nossos l\u00edderes de grupo de todo o mundo descreverem como este programa os poder\u00e1 apoiar!<\/p>\n<h2>A Miss\u00e3o<\/h2>\n<p>Servi\u00e7os Globais impulsiona e apoia o alcance global dos Centros para Vida Espiritual.<\/p>\n<p>Fornecemos ferramentas espirituais para a transforma\u00e7\u00e3o pessoal e global a comunidades em todo o mundo.<\/p>\n<p>O ensino da SOM tem feito a diferen\u00e7a na sua vida?<\/p>\n<p>Gostaria de fazer parceria com uma comunidade global para dar este dom?<\/p>\n<p>&nbsp;<\/p>\n<h2>\u00c9 f\u00e1cil fazer parcerias!<\/h2>\n<p>Tornar-se um parceiro \u00e9 f\u00e1cil.<\/p>\n<p>VOC\u00ca pode desempenhar um papel importante na cria\u00e7\u00e3o de um mundo que funcione para todos.<\/p>\n<div id=\"attachment_2690\" style=\"width: 410px\" class=\"wp-caption alignnone\"><img fetchpriority=\"high\" decoding=\"async\" aria-describedby=\"caption-attachment-2690\" class=\"wp-image-2690 size-full\" src=\"http:\/\/csl.org\/wp-content\/uploads\/sites\/8\/2019\/05\/CSL_Group_1.jpg\" alt=\"\" width=\"400\" height=\"296\" srcset=\"https:\/\/csl.org\/global\/wp-content\/uploads\/sites\/8\/2019\/05\/CSL_Group_1-200x148.jpg 200w, https:\/\/csl.org\/global\/wp-content\/uploads\/sites\/8\/2019\/05\/CSL_Group_1-300x222.jpg 300w, https:\/\/csl.org\/global\/wp-content\/uploads\/sites\/8\/2019\/05\/CSL_Group_1.jpg 400w\" sizes=\"(max-width: 400px) 100vw, 400px\" \/><p id=\"caption-attachment-2690\" class=\"wp-caption-text\">CSL Las Vegas &amp; TEMENOS Adultos Jovens, da Ucr\u00e2nia<\/p><\/div>\n<h2>Eis o porqu\u00ea<\/h2>\n<ul>\n<li>Aprendemos, crescemos, evolu\u00edmos e expandimos quando estabelecemos parcerias e colaboramos com v\u00e1rias culturas, origens e povos.<\/li>\n<li>Aumentamos a nossa capacidade e compreens\u00e3o pela diversidade, servi\u00e7o e abund\u00e2ncia, tanto nas nossas comunidades como no resto do mundo.<\/li>\n<li>Ligamo-nos a outras pessoas com os mesmos interesses nas nossas comunidades globais, apoiando o crescimento deste poderoso ensino da Ci\u00eancia da Mente no mundo.<\/li>\n<\/ul>\n<div id=\"attachment_2691\" style=\"width: 410px\" class=\"wp-caption alignnone\"><img decoding=\"async\" aria-describedby=\"caption-attachment-2691\" class=\"wp-image-2691 size-full\" src=\"http:\/\/csl.org\/wp-content\/uploads\/sites\/8\/2019\/05\/CSL_Group_2.jpg\" alt=\"\" width=\"400\" height=\"256\" srcset=\"https:\/\/csl.org\/global\/wp-content\/uploads\/sites\/8\/2019\/05\/CSL_Group_2-200x128.jpg 200w, https:\/\/csl.org\/global\/wp-content\/uploads\/sites\/8\/2019\/05\/CSL_Group_2-300x192.jpg 300w, https:\/\/csl.org\/global\/wp-content\/uploads\/sites\/8\/2019\/05\/CSL_Group_2.jpg 400w\" sizes=\"(max-width: 400px) 100vw, 400px\" \/><p id=\"caption-attachment-2691\" class=\"wp-caption-text\">Temenos Ucr\u00e2nia com a Rev. Barbara Leger e o Dr. Kenn Gordon<\/p><\/div>\n<h2>Exemplos de actividades de parceria<\/h2>\n<ul>\n<li>Organize um Domingo Global &#8211; uma actividade de constru\u00e7\u00e3o de comunidade para o seu centro que sensibilize para a sua parceria<\/li>\n<li>Organize um evento cultural no seu centro: (Almo\u00e7o Borscht, servi\u00e7o tem\u00e1tico potluck ou inter-religioso, artes culturais e movimento).<\/li>\n<li>Partilhe informa\u00e7\u00f5es sobre as suas comunidades e a Ci\u00eancia da Mente online (forma\u00e7\u00e3o, apoio \u00e0 ora\u00e7\u00e3o, m\u00fasica, e mais).<\/li>\n<li>Ligue o seu programa juvenil \u00e0 juventude do seu parceiro (considere partilhar o Concurso de Ensaios das Leis da Vida da Ucr\u00e2nia).<\/li>\n<li>Apoio financeiro directo a um centro no estrangeiro.<\/li>\n<li>Apoie confer\u00eancias internacionais atrav\u00e9s da participa\u00e7\u00e3o da sua comunidade e dos pa\u00edses participantes no Programa de Parceria.<\/li>\n<\/ul>\n<h2>Pa\u00edses no Programa de Parceria<\/h2>\n<p>Peru, Ucr\u00e2nia, M\u00e9xico, Inglaterra, Su\u00ed\u00e7a, Qu\u00e9nia, \u00c1frica do Sul, R\u00fassia, Jamaica, Austr\u00e1lia e Costa Rica e muitos mais por vir!<\/p>\n<div id=\"attachment_2692\" style=\"width: 410px\" class=\"wp-caption alignnone\"><img decoding=\"async\" aria-describedby=\"caption-attachment-2692\" class=\"wp-image-2692 size-full\" src=\"http:\/\/csl.org\/wp-content\/uploads\/sites\/8\/2019\/05\/CSL_group_3.jpg\" alt=\"\" width=\"400\" height=\"265\" srcset=\"https:\/\/csl.org\/global\/wp-content\/uploads\/sites\/8\/2019\/05\/CSL_group_3-200x133.jpg 200w, https:\/\/csl.org\/global\/wp-content\/uploads\/sites\/8\/2019\/05\/CSL_group_3-300x199.jpg 300w, https:\/\/csl.org\/global\/wp-content\/uploads\/sites\/8\/2019\/05\/CSL_group_3.jpg 400w\" sizes=\"(max-width: 400px) 100vw, 400px\" \/><p id=\"caption-attachment-2692\" class=\"wp-caption-text\">CSL Shanghai, China, com o Rev. Bob Applegate<\/p><\/div>\n<h2>N\u00edveis de parceria<\/h2>\n<p>H\u00e1 muitos n\u00edveis de parceria. Contacte qualquer um dos membros da Equipa Servi\u00e7os Globais e descubra como VOC\u00ca pode tornar-se um parceiro!<\/p>\n<h2>Contacte-nos<\/h2>\n<p><strong>Para participar, por favor <a href=\"http:\/\/csl.org\/global\/pt-pt\/contacte-nos\/\">contacte-nos<\/a><br \/>\n<\/strong><\/p>\n<p>&nbsp;<\/p>\n<p><div id=\"attachment_8669\" style=\"width: 415px\" class=\"wp-caption alignnone\"><img loading=\"lazy\" decoding=\"async\" aria-describedby=\"caption-attachment-8669\" class=\"wp-image-2693 size-full\" src=\"http:\/\/csl.org\/wp-content\/uploads\/sites\/8\/2019\/05\/CSL_Group_4.jpg\" alt=\"\" width=\"405\" height=\"242\" srcset=\"https:\/\/csl.org\/global\/wp-content\/uploads\/sites\/8\/2019\/05\/CSL_Group_4-200x120.jpg 200w, https:\/\/csl.org\/global\/wp-content\/uploads\/sites\/8\/2019\/05\/CSL_Group_4-300x179.jpg 300w, https:\/\/csl.org\/global\/wp-content\/uploads\/sites\/8\/2019\/05\/CSL_Group_4-400x239.jpg 400w, https:\/\/csl.org\/global\/wp-content\/uploads\/sites\/8\/2019\/05\/CSL_Group_4.jpg 405w\" sizes=\"(max-width: 405px) 100vw, 405px\" \/><p id=\"caption-attachment-8669\" class=\"wp-caption-text\">Rev. Connie Phelps, Nairobi, Kenya<\/p><\/div> <div id=\"attachment_5695\" style=\"width: 415px\" class=\"wp-caption alignnone\"><img loading=\"lazy\" decoding=\"async\" aria-describedby=\"caption-attachment-5695\" class=\"wp-image-5695\" src=\"http:\/\/csl.org\/wp-content\/uploads\/sites\/8\/2020\/04\/CSL_Group-5.jpg\" alt=\"\" width=\"405\" height=\"258\" srcset=\"https:\/\/csl.org\/global\/wp-content\/uploads\/sites\/8\/2020\/04\/CSL_Group-5-200x127.jpg 200w, https:\/\/csl.org\/global\/wp-content\/uploads\/sites\/8\/2020\/04\/CSL_Group-5-300x191.jpg 300w, https:\/\/csl.org\/global\/wp-content\/uploads\/sites\/8\/2020\/04\/CSL_Group-5.jpg 380w\" sizes=\"(max-width: 405px) 100vw, 405px\" \/><p id=\"caption-attachment-5695\" class=\"wp-caption-text\">Entheos no Peru, Dr. Rebeka Pi\u00f1a<\/p><\/div><\/p>\n<p>&nbsp;<\/p>\n<\/div><div class=\"fusion-clearfix\"><\/div><\/div><\/div><\/div><\/div><div class=\"fusion-bg-parallax\" data-bg-align=\"center center\" data-direction=\"up\" data-mute=\"false\" data-opacity=\"100\" data-velocity=\"-0.7\" data-mobile-enabled=\"true\" data-break_parents=\"0\" data-bg-image=\"http:\/\/csl.org\/wp-content\/uploads\/sites\/8\/2019\/05\/people-sand-heart-1024x657.jpg\" data-bg-repeat=\"false\" ><\/div><div class=\"fusion-fullwidth fullwidth-box fusion-builder-row-2 fusion-parallax-up gradient-container-2 nonhundred-percent-fullwidth non-hundred-percent-height-scrolling\" style=\"--awb-border-radius-top-left:0px;--awb-border-radius-top-right:0px;--awb-border-radius-bottom-right:0px;--awb-border-radius-bottom-left:0px;--awb-background-image:url(&quot;http:\/\/csl.org\/wp-content\/uploads\/sites\/8\/2019\/05\/people-sand-heart-1024x657.jpg&quot;);--awb-background-size:cover;--awb-flex-wrap:wrap;\" ><div class=\"fusion-builder-row fusion-row\"><div class=\"fusion-layout-column fusion_builder_column fusion-builder-column-1 fusion_builder_column_1_1 1_1 fusion-one-full fusion-column-first fusion-column-last\" style=\"--awb-padding-top:250px;--awb-padding-right:200px;--awb-padding-bottom:250px;--awb-padding-left:200px;--awb-bg-size:cover;\"><div class=\"fusion-column-wrapper fusion-column-has-shadow fusion-flex-column-wrapper-legacy\"><div class=\"fusion-clearfix\"><\/div><\/div><\/div><\/div><\/div><\/p>\n","protected":false},"excerpt":{"rendered":"","protected":false},"author":1,"featured_media":0,"parent":8630,"menu_order":233,"comment_status":"closed","ping_status":"closed","template":"100-width.php","meta":{"_exactmetrics_skip_tracking":false,"_exactmetrics_sitenote_active":false,"_exactmetrics_sitenote_note":"","_exactmetrics_sitenote_category":0,"footnotes":""},"categories":[128],"tags":[],"class_list":["post-8645","page","type-page","status-publish","hentry","category-servico"],"yoast_head":"<!-- This site is optimized with the Yoast SEO plugin v23.1 - https:\/\/yoast.com\/wordpress\/plugins\/seo\/ -->\n<title>Programa de parcerias - Global Services - Centers for Spiritual Living<\/title>\n<meta name=\"robots\" content=\"index, follow, max-snippet:-1, max-image-preview:large, max-video-preview:-1\" \/>\n<link rel=\"canonical\" href=\"https:\/\/csl.org\/global\/pt-pt\/servico\/apoio-as-comunidades-globais\/programa-de-parcerias\/\" \/>\n<meta property=\"og:locale\" content=\"en_US\" \/>\n<meta property=\"og:type\" content=\"article\" \/>\n<meta property=\"og:title\" content=\"Programa de parcerias - Global Services - Centers for Spiritual Living\" \/>\n<meta property=\"og:url\" content=\"https:\/\/csl.org\/global\/pt-pt\/servico\/apoio-as-comunidades-globais\/programa-de-parcerias\/\" \/>\n<meta property=\"og:site_name\" content=\"Global Services - Centers for Spiritual Living\" \/>\n<meta property=\"article:modified_time\" content=\"2020-08-21T13:33:20+00:00\" \/>\n<meta property=\"og:image\" content=\"http:\/\/csl.org\/wp-content\/uploads\/sites\/8\/2019\/05\/CSL_Group_1.jpg\" \/>\n<meta name=\"twitter:card\" content=\"summary_large_image\" \/>\n<meta name=\"twitter:label1\" content=\"Est. reading time\" \/>\n\t<meta name=\"twitter:data1\" content=\"5 minutes\" \/>\n<script type=\"application\/ld+json\" class=\"yoast-schema-graph\">{\"@context\":\"https:\/\/schema.org\",\"@graph\":[{\"@type\":\"WebPage\",\"@id\":\"https:\/\/csl.org\/global\/pt-pt\/servico\/apoio-as-comunidades-globais\/programa-de-parcerias\/\",\"url\":\"https:\/\/csl.org\/global\/pt-pt\/servico\/apoio-as-comunidades-globais\/programa-de-parcerias\/\",\"name\":\"Programa de parcerias - Global Services - Centers for Spiritual Living\",\"isPartOf\":{\"@id\":\"https:\/\/csl.org\/global\/de\/#website\"},\"primaryImageOfPage\":{\"@id\":\"https:\/\/csl.org\/global\/pt-pt\/servico\/apoio-as-comunidades-globais\/programa-de-parcerias\/#primaryimage\"},\"image\":{\"@id\":\"https:\/\/csl.org\/global\/pt-pt\/servico\/apoio-as-comunidades-globais\/programa-de-parcerias\/#primaryimage\"},\"thumbnailUrl\":\"http:\/\/csl.org\/wp-content\/uploads\/sites\/8\/2019\/05\/CSL_Group_1.jpg\",\"datePublished\":\"2020-08-20T12:02:07+00:00\",\"dateModified\":\"2020-08-21T13:33:20+00:00\",\"breadcrumb\":{\"@id\":\"https:\/\/csl.org\/global\/pt-pt\/servico\/apoio-as-comunidades-globais\/programa-de-parcerias\/#breadcrumb\"},\"inLanguage\":\"en-US\",\"potentialAction\":[{\"@type\":\"ReadAction\",\"target\":[\"https:\/\/csl.org\/global\/pt-pt\/servico\/apoio-as-comunidades-globais\/programa-de-parcerias\/\"]}]},{\"@type\":\"ImageObject\",\"inLanguage\":\"en-US\",\"@id\":\"https:\/\/csl.org\/global\/pt-pt\/servico\/apoio-as-comunidades-globais\/programa-de-parcerias\/#primaryimage\",\"url\":\"http:\/\/csl.org\/wp-content\/uploads\/sites\/8\/2019\/05\/CSL_Group_1.jpg\",\"contentUrl\":\"http:\/\/csl.org\/wp-content\/uploads\/sites\/8\/2019\/05\/CSL_Group_1.jpg\"},{\"@type\":\"BreadcrumbList\",\"@id\":\"https:\/\/csl.org\/global\/pt-pt\/servico\/apoio-as-comunidades-globais\/programa-de-parcerias\/#breadcrumb\",\"itemListElement\":[{\"@type\":\"ListItem\",\"position\":1,\"name\":\"SERVI\u00c7O\",\"item\":\"https:\/\/csl.org\/global\/pt-pt\/servico\/\"},{\"@type\":\"ListItem\",\"position\":2,\"name\":\"Apoio \u00e0s comunidades globais\",\"item\":\"https:\/\/csl.org\/global\/pt-pt\/servico\/apoio-as-comunidades-globais\/\"},{\"@type\":\"ListItem\",\"position\":3,\"name\":\"Programa de parcerias\"}]},{\"@type\":\"WebSite\",\"@id\":\"https:\/\/csl.org\/global\/de\/#website\",\"url\":\"https:\/\/csl.org\/global\/de\/\",\"name\":\"Global Services - Centers for Spiritual Living\",\"description\":\"\",\"potentialAction\":[{\"@type\":\"SearchAction\",\"target\":{\"@type\":\"EntryPoint\",\"urlTemplate\":\"https:\/\/csl.org\/global\/de\/?s={search_term_string}\"},\"query-input\":\"required name=search_term_string\"}],\"inLanguage\":\"en-US\"}]}<\/script>\n<!-- \/ Yoast SEO plugin. -->","yoast_head_json":{"title":"Programa de parcerias - Global Services - Centers for Spiritual Living","robots":{"index":"index","follow":"follow","max-snippet":"max-snippet:-1","max-image-preview":"max-image-preview:large","max-video-preview":"max-video-preview:-1"},"canonical":"https:\/\/csl.org\/global\/pt-pt\/servico\/apoio-as-comunidades-globais\/programa-de-parcerias\/","og_locale":"en_US","og_type":"article","og_title":"Programa de parcerias - Global Services - Centers for Spiritual Living","og_url":"https:\/\/csl.org\/global\/pt-pt\/servico\/apoio-as-comunidades-globais\/programa-de-parcerias\/","og_site_name":"Global Services - Centers for Spiritual Living","article_modified_time":"2020-08-21T13:33:20+00:00","og_image":[{"url":"http:\/\/csl.org\/wp-content\/uploads\/sites\/8\/2019\/05\/CSL_Group_1.jpg"}],"twitter_card":"summary_large_image","twitter_misc":{"Est. reading time":"5 minutes"},"schema":{"@context":"https:\/\/schema.org","@graph":[{"@type":"WebPage","@id":"https:\/\/csl.org\/global\/pt-pt\/servico\/apoio-as-comunidades-globais\/programa-de-parcerias\/","url":"https:\/\/csl.org\/global\/pt-pt\/servico\/apoio-as-comunidades-globais\/programa-de-parcerias\/","name":"Programa de parcerias - Global Services - Centers for Spiritual Living","isPartOf":{"@id":"https:\/\/csl.org\/global\/de\/#website"},"primaryImageOfPage":{"@id":"https:\/\/csl.org\/global\/pt-pt\/servico\/apoio-as-comunidades-globais\/programa-de-parcerias\/#primaryimage"},"image":{"@id":"https:\/\/csl.org\/global\/pt-pt\/servico\/apoio-as-comunidades-globais\/programa-de-parcerias\/#primaryimage"},"thumbnailUrl":"http:\/\/csl.org\/wp-content\/uploads\/sites\/8\/2019\/05\/CSL_Group_1.jpg","datePublished":"2020-08-20T12:02:07+00:00","dateModified":"2020-08-21T13:33:20+00:00","breadcrumb":{"@id":"https:\/\/csl.org\/global\/pt-pt\/servico\/apoio-as-comunidades-globais\/programa-de-parcerias\/#breadcrumb"},"inLanguage":"en-US","potentialAction":[{"@type":"ReadAction","target":["https:\/\/csl.org\/global\/pt-pt\/servico\/apoio-as-comunidades-globais\/programa-de-parcerias\/"]}]},{"@type":"ImageObject","inLanguage":"en-US","@id":"https:\/\/csl.org\/global\/pt-pt\/servico\/apoio-as-comunidades-globais\/programa-de-parcerias\/#primaryimage","url":"http:\/\/csl.org\/wp-content\/uploads\/sites\/8\/2019\/05\/CSL_Group_1.jpg","contentUrl":"http:\/\/csl.org\/wp-content\/uploads\/sites\/8\/2019\/05\/CSL_Group_1.jpg"},{"@type":"BreadcrumbList","@id":"https:\/\/csl.org\/global\/pt-pt\/servico\/apoio-as-comunidades-globais\/programa-de-parcerias\/#breadcrumb","itemListElement":[{"@type":"ListItem","position":1,"name":"SERVI\u00c7O","item":"https:\/\/csl.org\/global\/pt-pt\/servico\/"},{"@type":"ListItem","position":2,"name":"Apoio \u00e0s comunidades globais","item":"https:\/\/csl.org\/global\/pt-pt\/servico\/apoio-as-comunidades-globais\/"},{"@type":"ListItem","position":3,"name":"Programa de parcerias"}]},{"@type":"WebSite","@id":"https:\/\/csl.org\/global\/de\/#website","url":"https:\/\/csl.org\/global\/de\/","name":"Global Services - Centers for Spiritual Living","description":"","potentialAction":[{"@type":"SearchAction","target":{"@type":"EntryPoint","urlTemplate":"https:\/\/csl.org\/global\/de\/?s={search_term_string}"},"query-input":"required name=search_term_string"}],"inLanguage":"en-US"}]}},"_links":{"self":[{"href":"https:\/\/csl.org\/global\/wp-json\/wp\/v2\/pages\/8645"}],"collection":[{"href":"https:\/\/csl.org\/global\/wp-json\/wp\/v2\/pages"}],"about":[{"href":"https:\/\/csl.org\/global\/wp-json\/wp\/v2\/types\/page"}],"author":[{"embeddable":true,"href":"https:\/\/csl.org\/global\/wp-json\/wp\/v2\/users\/1"}],"replies":[{"embeddable":true,"href":"https:\/\/csl.org\/global\/wp-json\/wp\/v2\/comments?post=8645"}],"version-history":[{"count":8,"href":"https:\/\/csl.org\/global\/wp-json\/wp\/v2\/pages\/8645\/revisions"}],"predecessor-version":[{"id":8850,"href":"https:\/\/csl.org\/global\/wp-json\/wp\/v2\/pages\/8645\/revisions\/8850"}],"up":[{"embeddable":true,"href":"https:\/\/csl.org\/global\/wp-json\/wp\/v2\/pages\/8630"}],"wp:attachment":[{"href":"https:\/\/csl.org\/global\/wp-json\/wp\/v2\/media?parent=8645"}],"wp:term":[{"taxonomy":"category","embeddable":true,"href":"https:\/\/csl.org\/global\/wp-json\/wp\/v2\/categories?post=8645"},{"taxonomy":"post_tag","embeddable":true,"href":"https:\/\/csl.org\/global\/wp-json\/wp\/v2\/tags?post=8645"}],"curies":[{"name":"wp","href":"https:\/\/api.w.org\/{rel}","templated":true}]}}