{"id":7641,"date":"2021-03-09T05:36:52","date_gmt":"2021-03-09T05:36:52","guid":{"rendered":"https:\/\/multisite.csl.org\/spiritual-development\/?page_id=7641"},"modified":"2021-11-13T04:40:51","modified_gmt":"2021-11-13T04:40:51","slug":"convertirse-en-un-practicante","status":"publish","type":"page","link":"https:\/\/csl.org\/spiritual-development\/educacion-en-espanol\/convertirse-en-un-practicante\/","title":{"rendered":"Convertirse en un Practicante"},"content":{"rendered":"<div class=\"fusion-fullwidth fullwidth-box fusion-builder-row-1 fusion-flex-container gradient-container-1 hundred-percent-fullwidth non-hundred-percent-height-scrolling\" style=\"--awb-border-radius-top-left:0px;--awb-border-radius-top-right:0px;--awb-border-radius-bottom-right:0px;--awb-border-radius-bottom-left:0px;--awb-margin-top:100px;--awb-margin-bottom:100px;--awb-flex-wrap:wrap;\" ><div class=\"fusion-builder-row fusion-row fusion-flex-align-items-flex-start fusion-flex-content-wrap\" style=\"width:104% !important;max-width:104% !important;margin-left: calc(-4% \/ 2 );margin-right: calc(-4% \/ 2 );\"><div class=\"fusion-layout-column fusion_builder_column fusion-builder-column-0 fusion-flex-column\" style=\"--awb-bg-size:cover;--awb-width-large:auto;--awb-margin-top-large:0px;--awb-spacing-right-large:2%;--awb-margin-bottom-large:0px;--awb-spacing-left-large:2%;--awb-width-medium:100%;--awb-order-medium:0;--awb-spacing-right-medium:1.92%;--awb-spacing-left-medium:1.92%;--awb-width-small:100%;--awb-order-small:0;--awb-spacing-right-small:1.92%;--awb-spacing-left-small:1.92%;\"><div class=\"fusion-column-wrapper fusion-column-has-shadow fusion-flex-justify-content-flex-start fusion-content-layout-column\"><div class=\"fusion-text fusion-text-1\" style=\"--awb-font-size:25px;--awb-text-font-family:&quot;Source Sans Pro&quot;;--awb-text-font-style:normal;--awb-text-font-weight:400;\"><p><img decoding=\"async\" class=\"lazyload size-full wp-image-7643 aligncenter\" src=\"data:image\/svg+xml,%3Csvg%20xmlns%3D%27http%3A%2F%2Fwww.w3.org%2F2000%2Fsvg%27%20width%3D%27165%27%20height%3D%27235%27%20viewBox%3D%270%200%20165%20235%27%3E%3Crect%20width%3D%27165%27%20height%3D%27235%27%20fill-opacity%3D%220%22%2F%3E%3C%2Fsvg%3E\" data-orig-src=\"https:\/\/csl.org\/spiritual-development\/wp-content\/uploads\/sites\/4\/2021\/03\/practicante.png\" alt=\"\" width=\"165\" height=\"235\" \/>Un practicante espiritual licenciado de los Centros para la Vida Espiritual es una persona de alta conciencia espiritual y profunda comprensi\u00f3n de la naturaleza espiritual de la Vida; una profunda y personal relaci\u00f3n con lo Divino es prominente. El Practicante Espiritual Licenciado est\u00e1 entrenado en el estudio de la Ciencia de la Mente, y en el arte, ciencia y habilidad del Tratamiento de la Mente Espiritual, tambi\u00e9n conocido como Oraci\u00f3n Afirmativa. Los Practicantes Espirituales Licenciados se dedican a la causa de ayudar a los dem\u00e1s y al servicio sagrado, con licencia para ejercer profesionalmente, y est\u00e1n sujetos a un alto c\u00f3digo de \u00e9tica mientras proporcionan un espacio seguro y confidencial para los clientes.<\/p>\n<p>Para convertirse en un Practicante Espiritual Licenciado de la CSL una persona debe completar un riguroso curso de estudio requerido de varios a\u00f1os, pasar un exhaustivo chequeo de antecedentes y un examen escrito, y ser aprobado por un panel oral que consiste en ministros y practicantes. Sus licencias se renuevan cada dos a\u00f1os despu\u00e9s de la aprobaci\u00f3n de los cr\u00e9ditos de educaci\u00f3n continua requeridos y las horas de servicio dentro de una comunidad afiliada a CSL.<\/p>\n<p>\u00a1Los practicantes espirituales con licencia son un centro de curaci\u00f3n! Cuando alguien necesita apoyo o un hombro en el que apoyarse, un Profesional est\u00e1 ah\u00ed &#8211; entrenado, compasivo, y lo m\u00e1s importante, claro sobre la divinidad innata de cada uno. Un Practicante Espiritual Licenciado tiene una fuerte convicci\u00f3n en el poder del Tratamiento de la Mente Espiritual y ha obtenido resultados con su uso. Los Practicantes Espirituales Licenciados est\u00e1n entrenados para experimentar la unicidad de la Vida y expandirse en la conciencia de unidad. Los practicantes apoyan a los clientes con el Tratamiento de la Mente Espiritual en la eliminaci\u00f3n de las condiciones que no est\u00e1n trabajando para el bien mayor y en la exploraci\u00f3n de los principios espirituales y el uso de las leyes espirituales para crear la vida que desean.<\/p>\n<p>\u00bfInteresado en convertirse en un Practicante a trav\u00e9s del Programa en L\u00ednea?<\/p>\n<p>Revisa los requisitos educativos <a href=\"https:\/\/csl.org\/spiritual-development\/educacion-en-espanol\/educacion-certificada\/camino-al-practicante\/\"><u>aqu\u00ed<\/u><\/a>.<\/p>\n<\/div><\/div><\/div><\/div><\/div>\n","protected":false},"excerpt":{"rendered":"","protected":false},"author":16,"featured_media":0,"parent":7105,"menu_order":68,"comment_status":"closed","ping_status":"closed","template":"100-width.php","meta":{"_EventAllDay":false,"_EventTimezone":"","_EventStartDate":"","_EventEndDate":"","_EventStartDateUTC":"","_EventEndDateUTC":"","_EventShowMap":false,"_EventShowMapLink":false,"_EventURL":"","_EventCost":"","_EventCostDescription":"","_EventCurrencySymbol":"","_EventCurrencyCode":"","_EventCurrencyPosition":"","_EventDateTimeSeparator":"","_EventTimeRangeSeparator":"","_EventOrganizerID":[],"_EventVenueID":[],"_OrganizerEmail":"","_OrganizerPhone":"","_OrganizerWebsite":"","_VenueAddress":"","_VenueCity":"","_VenueCountry":"","_VenueProvince":"","_VenueState":"","_VenueZip":"","_VenuePhone":"","_VenueURL":"","_VenueStateProvince":"","_VenueLat":"","_VenueLng":"","_VenueShowMap":false,"_VenueShowMapLink":false,"footnotes":""},"class_list":["post-7641","page","type-page","status-publish","hentry"],"yoast_head":"<!-- This site is optimized with the Yoast SEO plugin v23.1 - https:\/\/yoast.com\/wordpress\/plugins\/seo\/ -->\n<title>Convertirse en un Practicante - Spiritual Development<\/title>\n<meta name=\"robots\" content=\"index, follow, max-snippet:-1, max-image-preview:large, max-video-preview:-1\" \/>\n<link rel=\"canonical\" href=\"https:\/\/csl.org\/spiritual-development\/educacion-en-espanol\/convertirse-en-un-practicante\/\" \/>\n<meta property=\"og:locale\" content=\"en_US\" \/>\n<meta property=\"og:type\" content=\"article\" \/>\n<meta property=\"og:title\" content=\"Convertirse en un Practicante - Spiritual Development\" \/>\n<meta property=\"og:url\" content=\"https:\/\/csl.org\/spiritual-development\/educacion-en-espanol\/convertirse-en-un-practicante\/\" \/>\n<meta property=\"og:site_name\" content=\"Spiritual Development\" \/>\n<meta property=\"article:modified_time\" content=\"2021-11-13T04:40:51+00:00\" \/>\n<meta property=\"og:image\" content=\"https:\/\/csl.org\/spiritual-development\/wp-content\/uploads\/sites\/4\/2021\/03\/practicante.png\" \/>\n<meta name=\"twitter:card\" content=\"summary_large_image\" \/>\n<meta name=\"twitter:label1\" content=\"Est. reading time\" \/>\n\t<meta name=\"twitter:data1\" content=\"3 minutes\" \/>\n<script type=\"application\/ld+json\" class=\"yoast-schema-graph\">{\"@context\":\"https:\/\/schema.org\",\"@graph\":[{\"@type\":\"WebPage\",\"@id\":\"https:\/\/csl.org\/spiritual-development\/educacion-en-espanol\/convertirse-en-un-practicante\/\",\"url\":\"https:\/\/csl.org\/spiritual-development\/educacion-en-espanol\/convertirse-en-un-practicante\/\",\"name\":\"Convertirse en un Practicante - Spiritual Development\",\"isPartOf\":{\"@id\":\"https:\/\/csl.org\/spiritual-development\/#website\"},\"primaryImageOfPage\":{\"@id\":\"https:\/\/csl.org\/spiritual-development\/educacion-en-espanol\/convertirse-en-un-practicante\/#primaryimage\"},\"image\":{\"@id\":\"https:\/\/csl.org\/spiritual-development\/educacion-en-espanol\/convertirse-en-un-practicante\/#primaryimage\"},\"thumbnailUrl\":\"https:\/\/csl.org\/spiritual-development\/wp-content\/uploads\/sites\/4\/2021\/03\/practicante.png\",\"datePublished\":\"2021-03-09T05:36:52+00:00\",\"dateModified\":\"2021-11-13T04:40:51+00:00\",\"breadcrumb\":{\"@id\":\"https:\/\/csl.org\/spiritual-development\/educacion-en-espanol\/convertirse-en-un-practicante\/#breadcrumb\"},\"inLanguage\":\"en-US\",\"potentialAction\":[{\"@type\":\"ReadAction\",\"target\":[\"https:\/\/csl.org\/spiritual-development\/educacion-en-espanol\/convertirse-en-un-practicante\/\"]}]},{\"@type\":\"ImageObject\",\"inLanguage\":\"en-US\",\"@id\":\"https:\/\/csl.org\/spiritual-development\/educacion-en-espanol\/convertirse-en-un-practicante\/#primaryimage\",\"url\":\"https:\/\/csl.org\/spiritual-development\/wp-content\/uploads\/sites\/4\/2021\/03\/practicante.png\",\"contentUrl\":\"https:\/\/csl.org\/spiritual-development\/wp-content\/uploads\/sites\/4\/2021\/03\/practicante.png\"},{\"@type\":\"BreadcrumbList\",\"@id\":\"https:\/\/csl.org\/spiritual-development\/educacion-en-espanol\/convertirse-en-un-practicante\/#breadcrumb\",\"itemListElement\":[{\"@type\":\"ListItem\",\"position\":1,\"name\":\"Home\",\"item\":\"https:\/\/csl.org\/spiritual-development\/\"},{\"@type\":\"ListItem\",\"position\":2,\"name\":\"Educaci\u00f3n en Espa\u00f1ol\",\"item\":\"https:\/\/csl.org\/spiritual-development\/educacion-en-espanol\/\"},{\"@type\":\"ListItem\",\"position\":3,\"name\":\"Convertirse en un Practicante\"}]},{\"@type\":\"WebSite\",\"@id\":\"https:\/\/csl.org\/spiritual-development\/#website\",\"url\":\"https:\/\/csl.org\/spiritual-development\/\",\"name\":\"Spiritual Development\",\"description\":\"Multisite\",\"potentialAction\":[{\"@type\":\"SearchAction\",\"target\":{\"@type\":\"EntryPoint\",\"urlTemplate\":\"https:\/\/csl.org\/spiritual-development\/?s={search_term_string}\"},\"query-input\":\"required name=search_term_string\"}],\"inLanguage\":\"en-US\"}]}<\/script>\n<!-- \/ Yoast SEO plugin. -->","yoast_head_json":{"title":"Convertirse en un Practicante - Spiritual Development","robots":{"index":"index","follow":"follow","max-snippet":"max-snippet:-1","max-image-preview":"max-image-preview:large","max-video-preview":"max-video-preview:-1"},"canonical":"https:\/\/csl.org\/spiritual-development\/educacion-en-espanol\/convertirse-en-un-practicante\/","og_locale":"en_US","og_type":"article","og_title":"Convertirse en un Practicante - Spiritual Development","og_url":"https:\/\/csl.org\/spiritual-development\/educacion-en-espanol\/convertirse-en-un-practicante\/","og_site_name":"Spiritual Development","article_modified_time":"2021-11-13T04:40:51+00:00","og_image":[{"url":"https:\/\/csl.org\/spiritual-development\/wp-content\/uploads\/sites\/4\/2021\/03\/practicante.png"}],"twitter_card":"summary_large_image","twitter_misc":{"Est. reading time":"3 minutes"},"schema":{"@context":"https:\/\/schema.org","@graph":[{"@type":"WebPage","@id":"https:\/\/csl.org\/spiritual-development\/educacion-en-espanol\/convertirse-en-un-practicante\/","url":"https:\/\/csl.org\/spiritual-development\/educacion-en-espanol\/convertirse-en-un-practicante\/","name":"Convertirse en un Practicante - Spiritual Development","isPartOf":{"@id":"https:\/\/csl.org\/spiritual-development\/#website"},"primaryImageOfPage":{"@id":"https:\/\/csl.org\/spiritual-development\/educacion-en-espanol\/convertirse-en-un-practicante\/#primaryimage"},"image":{"@id":"https:\/\/csl.org\/spiritual-development\/educacion-en-espanol\/convertirse-en-un-practicante\/#primaryimage"},"thumbnailUrl":"https:\/\/csl.org\/spiritual-development\/wp-content\/uploads\/sites\/4\/2021\/03\/practicante.png","datePublished":"2021-03-09T05:36:52+00:00","dateModified":"2021-11-13T04:40:51+00:00","breadcrumb":{"@id":"https:\/\/csl.org\/spiritual-development\/educacion-en-espanol\/convertirse-en-un-practicante\/#breadcrumb"},"inLanguage":"en-US","potentialAction":[{"@type":"ReadAction","target":["https:\/\/csl.org\/spiritual-development\/educacion-en-espanol\/convertirse-en-un-practicante\/"]}]},{"@type":"ImageObject","inLanguage":"en-US","@id":"https:\/\/csl.org\/spiritual-development\/educacion-en-espanol\/convertirse-en-un-practicante\/#primaryimage","url":"https:\/\/csl.org\/spiritual-development\/wp-content\/uploads\/sites\/4\/2021\/03\/practicante.png","contentUrl":"https:\/\/csl.org\/spiritual-development\/wp-content\/uploads\/sites\/4\/2021\/03\/practicante.png"},{"@type":"BreadcrumbList","@id":"https:\/\/csl.org\/spiritual-development\/educacion-en-espanol\/convertirse-en-un-practicante\/#breadcrumb","itemListElement":[{"@type":"ListItem","position":1,"name":"Home","item":"https:\/\/csl.org\/spiritual-development\/"},{"@type":"ListItem","position":2,"name":"Educaci\u00f3n en Espa\u00f1ol","item":"https:\/\/csl.org\/spiritual-development\/educacion-en-espanol\/"},{"@type":"ListItem","position":3,"name":"Convertirse en un Practicante"}]},{"@type":"WebSite","@id":"https:\/\/csl.org\/spiritual-development\/#website","url":"https:\/\/csl.org\/spiritual-development\/","name":"Spiritual Development","description":"Multisite","potentialAction":[{"@type":"SearchAction","target":{"@type":"EntryPoint","urlTemplate":"https:\/\/csl.org\/spiritual-development\/?s={search_term_string}"},"query-input":"required name=search_term_string"}],"inLanguage":"en-US"}]}},"_links":{"self":[{"href":"https:\/\/csl.org\/spiritual-development\/wp-json\/wp\/v2\/pages\/7641"}],"collection":[{"href":"https:\/\/csl.org\/spiritual-development\/wp-json\/wp\/v2\/pages"}],"about":[{"href":"https:\/\/csl.org\/spiritual-development\/wp-json\/wp\/v2\/types\/page"}],"author":[{"embeddable":true,"href":"https:\/\/csl.org\/spiritual-development\/wp-json\/wp\/v2\/users\/16"}],"replies":[{"embeddable":true,"href":"https:\/\/csl.org\/spiritual-development\/wp-json\/wp\/v2\/comments?post=7641"}],"version-history":[{"count":9,"href":"https:\/\/csl.org\/spiritual-development\/wp-json\/wp\/v2\/pages\/7641\/revisions"}],"predecessor-version":[{"id":8501,"href":"https:\/\/csl.org\/spiritual-development\/wp-json\/wp\/v2\/pages\/7641\/revisions\/8501"}],"up":[{"embeddable":true,"href":"https:\/\/csl.org\/spiritual-development\/wp-json\/wp\/v2\/pages\/7105"}],"wp:attachment":[{"href":"https:\/\/csl.org\/spiritual-development\/wp-json\/wp\/v2\/media?parent=7641"}],"curies":[{"name":"wp","href":"https:\/\/api.w.org\/{rel}","templated":true}]}}